{"id":9784,"date":"2017-03-12T16:54:55","date_gmt":"2017-03-12T16:54:55","guid":{"rendered":"https:\/\/www.wikiesfera.org\/?post_type=portfolio&#038;p=9784"},"modified":"2025-12-23T20:59:25","modified_gmt":"2025-12-23T20:59:25","slug":"editatona-sobre-mujeres-en-getafe-11m","status":"publish","type":"portfolio","link":"https:\/\/www.wikiesfera.org\/es\/portfolio-item\/editatona-sobre-mujeres-en-getafe-11m\/","title":{"rendered":"Editatona sobre mujeres en Getafe #11M"},"content":{"rendered":"\n<h1 id=\"gt-tematica\" class=\"wp-block-heading\"><strong>&gt; Tem\u00e1tica<\/strong><\/h1>\n\n\n\n<div class=\"wp-block-columns is-layout-flex wp-container-core-columns-is-layout-9d6595d7 wp-block-columns-is-layout-flex\">\n<div class=\"wp-block-column is-layout-flow wp-block-column-is-layout-flow\" style=\"flex-basis:100%\">\n<p>El pasado 11 de marzo, desde Wikiesfera y en coordinaci\u00f3n con la&nbsp;<a href=\"http:\/\/getafe.es\/areas-de-gobierno\/area-social\/mujer\/\" target=\"_blank\" rel=\"noreferrer noopener\"><strong>Concejal\u00eda de Mujer e Igualdad<\/strong><\/a>&nbsp;del&nbsp;<strong>Ayuntamiento de Getafe<\/strong>&nbsp;(<a href=\"https:\/\/twitter.com\/aytogetafe\" target=\"_blank\" rel=\"noreferrer noopener\">@aytogetafe<\/a>) y del&nbsp;<strong><a href=\"http:\/\/portal.uc3m.es\/portal\/page\/portal\/inst_estudios_genero\" target=\"_blank\" rel=\"noreferrer noopener\">Instituto de Estudios de G\u00e9nero<\/a><\/strong>&nbsp;(<a href=\"https:\/\/twitter.com\/iegUC3M\" target=\"_blank\" rel=\"noreferrer noopener\">@iegUC3M<\/a>) de la&nbsp;<strong>Universidad Carlos III<\/strong>&nbsp;de Madrid, dedicamos una jornada a visibilizar en Wikipedia a&nbsp;<strong>mujeres creadoras de Historia<\/strong>&nbsp;mediante&nbsp;<strong>la publicaci\u00f3n de varias biograf\u00edas<\/strong>.<\/p>\n\n\n\n<p>Esta actividad se enmarca dentro de las acciones del mes de marzo alrededor del&nbsp;<strong><a href=\"https:\/\/es.wikipedia.org\/wiki\/D%C3%ADa_Internacional_de_la_Mujer\">D\u00eda Internacional de la Mujer<\/a><\/strong>, y con motivo del <strong>25\u00aa Aniversario de la&nbsp;Concejal\u00eda de Mujer e Igualdad<\/strong> del&nbsp;Ayuntamiento de Getafe (<a href=\"https:\/\/www.facebook.com\/GetafeMujer25\/videos\/1295893367166304\/\">v\u00eddeo resumen<\/a>), con el objetivo de <strong>sensibilizar a las participantes sobre la brecha de g\u00e9nero en Wikipedia<\/strong>. Adem\u00e1s de introducirles en el mundo de la edici\u00f3n, se realiz\u00f3 una charla sobre la propia filosof\u00eda de Wikipedia.<\/p>\n<\/div>\n\n\n\n<div class=\"wp-block-column is-layout-flow wp-block-column-is-layout-flow\" style=\"flex-basis:30%\">\n<figure class=\"wp-block-image size-full\"><img fetchpriority=\"high\" decoding=\"async\" width=\"700\" height=\"432\" src=\"https:\/\/www.wikiesfera.org\/wp-content\/uploads\/2017\/03\/cabecera-11M-Getafe-700x432-1.jpg\" alt=\"\" class=\"wp-image-9786\" srcset=\"https:\/\/www.wikiesfera.org\/wp-content\/uploads\/2017\/03\/cabecera-11M-Getafe-700x432-1.jpg 700w, https:\/\/www.wikiesfera.org\/wp-content\/uploads\/2017\/03\/cabecera-11M-Getafe-700x432-1-300x185.jpg 300w, https:\/\/www.wikiesfera.org\/wp-content\/uploads\/2017\/03\/cabecera-11M-Getafe-700x432-1-18x12.jpg 18w, https:\/\/www.wikiesfera.org\/wp-content\/uploads\/2017\/03\/cabecera-11M-Getafe-700x432-1-150x93.jpg 150w, https:\/\/www.wikiesfera.org\/wp-content\/uploads\/2017\/03\/cabecera-11M-Getafe-700x432-1-400x247.jpg 400w\" sizes=\"(max-width: 700px) 100vw, 700px\" \/><\/figure>\n<\/div>\n<\/div>\n\n\n\n<p class=\"wp-block-heading\"><\/p>\n\n\n\n<hr class=\"wp-block-separator has-alpha-channel-opacity\"\/>\n\n\n\n<h1 id=\"gt-resultados\" class=\"wp-block-heading\"><strong>&gt; Resultados<\/strong><\/h1>\n\n\n\n<ul class=\"wp-block-list\">\n<li>N\u00famero de <strong><span style=\"text-decoration: underline;\">PARTICIPANTES<\/span>: 10<\/strong><\/li>\n\n\n\n<li>N\u00famero de <span style=\"text-decoration: underline;\"><strong>ART\u00cdCULOS PU<\/strong><\/span><strong><span style=\"text-decoration: underline;\">BLICADOS<\/span>: 3<\/strong><\/li>\n<\/ul>\n\n\n\n<ol class=\"wp-block-list\">\n<li><a href=\"https:\/\/es.wikipedia.org\/wiki\/Carmen_Ferrero_Torres\">Carmen Ferrero Torres<\/a> (1944)<\/li>\n\n\n\n<li><a href=\"https:\/\/es.wikipedia.org\/wiki\/Dolores_Sancho\">Dolores Sancho Silvestre<\/a> (1945)<\/li>\n\n\n\n<li><a href=\"https:\/\/es.wikipedia.org\/wiki\/Mariv%C3%AD_Ibarrola\">Mariv\u00ed Ibarrola<\/a> (1956)<\/li>\n<\/ol>\n\n\n\n<hr class=\"wp-block-separator has-alpha-channel-opacity\"\/>\n\n\n\n<h1 id=\"gt-colaboran\" class=\"wp-block-heading\"><strong>&gt; Colaboran<\/strong><\/h1>\n\n\n\n<div class=\"wp-block-columns are-vertically-aligned-center is-layout-flex wp-container-core-columns-is-layout-9d6595d7 wp-block-columns-is-layout-flex\">\n<div class=\"wp-block-column is-vertically-aligned-center is-layout-flow wp-block-column-is-layout-flow\"><div class=\"wp-block-image\">\n<figure class=\"alignleft size-full\"><img decoding=\"async\" width=\"300\" height=\"149\" src=\"https:\/\/www.wikiesfera.org\/wp-content\/uploads\/2017\/03\/ayuntamiento-de-getafe.webp\" alt=\"\" class=\"wp-image-9787\" srcset=\"https:\/\/www.wikiesfera.org\/wp-content\/uploads\/2017\/03\/ayuntamiento-de-getafe.webp 300w, https:\/\/www.wikiesfera.org\/wp-content\/uploads\/2017\/03\/ayuntamiento-de-getafe-18x9.webp 18w, https:\/\/www.wikiesfera.org\/wp-content\/uploads\/2017\/03\/ayuntamiento-de-getafe-150x75.webp 150w\" sizes=\"(max-width: 300px) 100vw, 300px\" \/><\/figure><\/div><\/div>\n\n\n\n<div class=\"wp-block-column is-vertically-aligned-center is-layout-flow wp-block-column-is-layout-flow\"><div class=\"wp-block-image\">\n<figure class=\"alignleft size-large\"><img decoding=\"async\" width=\"1024\" height=\"348\" src=\"https:\/\/www.wikiesfera.org\/wp-content\/uploads\/2025\/03\/uc3m-logo-1024x348.png\" alt=\"\" class=\"wp-image-8528\" srcset=\"https:\/\/www.wikiesfera.org\/wp-content\/uploads\/2025\/03\/uc3m-logo-1024x348.png 1024w, https:\/\/www.wikiesfera.org\/wp-content\/uploads\/2025\/03\/uc3m-logo-300x102.png 300w, https:\/\/www.wikiesfera.org\/wp-content\/uploads\/2025\/03\/uc3m-logo-768x261.png 768w, https:\/\/www.wikiesfera.org\/wp-content\/uploads\/2025\/03\/uc3m-logo-1536x521.png 1536w, https:\/\/www.wikiesfera.org\/wp-content\/uploads\/2025\/03\/uc3m-logo-18x6.png 18w, https:\/\/www.wikiesfera.org\/wp-content\/uploads\/2025\/03\/uc3m-logo-150x51.png 150w, https:\/\/www.wikiesfera.org\/wp-content\/uploads\/2025\/03\/uc3m-logo-400x136.png 400w, https:\/\/www.wikiesfera.org\/wp-content\/uploads\/2025\/03\/uc3m-logo.png 2000w\" sizes=\"(max-width: 1024px) 100vw, 1024px\" \/><\/figure><\/div><\/div>\n\n\n\n<div class=\"wp-block-column is-vertically-aligned-center is-layout-flow wp-block-column-is-layout-flow\"><\/div>\n\n\n\n<div class=\"wp-block-column is-vertically-aligned-center is-layout-flow wp-block-column-is-layout-flow\"><\/div>\n<\/div>\n\n\n\n<p><\/p>\n","protected":false},"excerpt":{"rendered":"<p>&gt; Tem\u00e1tica El pasado 11 de marzo, desde Wikiesfera y en coordinaci\u00f3n con la&nbsp;Concejal\u00eda de Mujer e Igualdad&nbsp;del&nbsp;Ayuntamiento de Getafe&nbsp;(@aytogetafe) y del&nbsp;Instituto de Estudios de G\u00e9nero&nbsp;(@iegUC3M) de la&nbsp;Universidad Carlos III&nbsp;de Madrid, dedicamos una jornada a visibilizar en Wikipedia a&nbsp;mujeres creadoras de Historia&nbsp;mediante&nbsp;la publicaci\u00f3n de varias biograf\u00edas. Esta actividad se enmarca dentro de las acciones del [&hellip;]<\/p>\n","protected":false},"author":1,"featured_media":9790,"comment_status":"closed","ping_status":"closed","template":"","format":"gallery","meta":{"_coblocks_attr":"","_coblocks_dimensions":"","_coblocks_responsive_height":"","_coblocks_accordion_ie_support":"","footnotes":""},"class_list":["post-9784","portfolio","type-portfolio","status-publish","format-gallery","has-post-thumbnail","hentry","portfolio_category-155","portfolio_category-editatonas","portfolio_category-genero","portfolio-entry","span_1_of_4 col clr"],"_links":{"self":[{"href":"https:\/\/www.wikiesfera.org\/es\/wp-json\/wp\/v2\/portfolio\/9784","targetHints":{"allow":["GET"]}}],"collection":[{"href":"https:\/\/www.wikiesfera.org\/es\/wp-json\/wp\/v2\/portfolio"}],"about":[{"href":"https:\/\/www.wikiesfera.org\/es\/wp-json\/wp\/v2\/types\/portfolio"}],"author":[{"embeddable":true,"href":"https:\/\/www.wikiesfera.org\/es\/wp-json\/wp\/v2\/users\/1"}],"replies":[{"embeddable":true,"href":"https:\/\/www.wikiesfera.org\/es\/wp-json\/wp\/v2\/comments?post=9784"}],"version-history":[{"count":7,"href":"https:\/\/www.wikiesfera.org\/es\/wp-json\/wp\/v2\/portfolio\/9784\/revisions"}],"predecessor-version":[{"id":10608,"href":"https:\/\/www.wikiesfera.org\/es\/wp-json\/wp\/v2\/portfolio\/9784\/revisions\/10608"}],"wp:featuredmedia":[{"embeddable":true,"href":"https:\/\/www.wikiesfera.org\/es\/wp-json\/wp\/v2\/media\/9790"}],"wp:attachment":[{"href":"https:\/\/www.wikiesfera.org\/es\/wp-json\/wp\/v2\/media?parent=9784"}],"curies":[{"name":"wp","href":"https:\/\/api.w.org\/{rel}","templated":true}]}}

<h1 id="gt-tematica" class="wp-block-heading"><strong>&gt; Temática</strong></h1>



<div class="wp-block-columns is-layout-flex wp-container-core-columns-is-layout-9d6595d7 wp-block-columns-is-layout-flex">
<div class="wp-block-column is-layout-flow wp-block-column-is-layout-flow" style="flex-basis:100%">
<p>El pasado 11 de marzo, desde Wikiesfera y en coordinación con la&nbsp;<a href="http://getafe.es/areas-de-gobierno/area-social/mujer/" target="_blank" rel="noreferrer noopener"><strong>Concejalía de Mujer e Igualdad</strong></a>&nbsp;del&nbsp;<strong>Ayuntamiento de Getafe</strong>&nbsp;(<a href="https://twitter.com/aytogetafe" target="_blank" rel="noreferrer noopener">@aytogetafe</a>) y del&nbsp;<strong><a href="http://portal.uc3m.es/portal/page/portal/inst_estudios_genero" target="_blank" rel="noreferrer noopener">Instituto de Estudios de Género</a></strong>&nbsp;(<a href="https://twitter.com/iegUC3M" target="_blank" rel="noreferrer noopener">@iegUC3M</a>) de la&nbsp;<strong>Universidad Carlos III</strong>&nbsp;de Madrid, dedicamos una jornada a visibilizar en Wikipedia a&nbsp;<strong>mujeres creadoras de Historia</strong>&nbsp;mediante&nbsp;<strong>la publicación de varias biografías</strong>.</p>



<p>Esta actividad se enmarca dentro de las acciones del mes de marzo alrededor del&nbsp;<strong><a href="https://es.wikipedia.org/wiki/D%C3%ADa_Internacional_de_la_Mujer">Día Internacional de la Mujer</a></strong>, y con motivo del <strong>25ª Aniversario de la&nbsp;Concejalía de Mujer e Igualdad</strong> del&nbsp;Ayuntamiento de Getafe (<a href="https://www.facebook.com/GetafeMujer25/videos/1295893367166304/">vídeo resumen</a>), con el objetivo de <strong>sensibilizar a las participantes sobre la brecha de género en Wikipedia</strong>. Además de introducirles en el mundo de la edición, se realizó una charla sobre la propia filosofía de Wikipedia.</p>
</div>



<div class="wp-block-column is-layout-flow wp-block-column-is-layout-flow" style="flex-basis:30%">
<figure class="wp-block-image size-full"><img fetchpriority="high" decoding="async" width="700" height="432" src="https://www.wikiesfera.org/wp-content/uploads/2017/03/cabecera-11M-Getafe-700x432-1.jpg" alt="" class="wp-image-9786" srcset="https://www.wikiesfera.org/wp-content/uploads/2017/03/cabecera-11M-Getafe-700x432-1.jpg 700w, https://www.wikiesfera.org/wp-content/uploads/2017/03/cabecera-11M-Getafe-700x432-1-300x185.jpg 300w, https://www.wikiesfera.org/wp-content/uploads/2017/03/cabecera-11M-Getafe-700x432-1-18x12.jpg 18w, https://www.wikiesfera.org/wp-content/uploads/2017/03/cabecera-11M-Getafe-700x432-1-150x93.jpg 150w, https://www.wikiesfera.org/wp-content/uploads/2017/03/cabecera-11M-Getafe-700x432-1-400x247.jpg 400w" sizes="(max-width: 700px) 100vw, 700px" /></figure>
</div>
</div>



<p class="wp-block-heading"></p>



<hr class="wp-block-separator has-alpha-channel-opacity"/>



<h1 id="gt-resultados" class="wp-block-heading"><strong>&gt; Resultados</strong></h1>



<ul class="wp-block-list">
<li>Número de <strong><span style="text-decoration: underline;">PARTICIPANTES</span>: 10</strong></li>



<li>Número de <span style="text-decoration: underline;"><strong>ARTÍCULOS PU</strong></span><strong><span style="text-decoration: underline;">BLICADOS</span>: 3</strong></li>
</ul>



<ol class="wp-block-list">
<li><a href="https://es.wikipedia.org/wiki/Carmen_Ferrero_Torres">Carmen Ferrero Torres</a> (1944)</li>



<li><a href="https://es.wikipedia.org/wiki/Dolores_Sancho">Dolores Sancho Silvestre</a> (1945)</li>



<li><a href="https://es.wikipedia.org/wiki/Mariv%C3%AD_Ibarrola">Mariví Ibarrola</a> (1956)</li>
</ol>



<hr class="wp-block-separator has-alpha-channel-opacity"/>



<h1 id="gt-colaboran" class="wp-block-heading"><strong>&gt; Colaboran</strong></h1>



<div class="wp-block-columns are-vertically-aligned-center is-layout-flex wp-container-core-columns-is-layout-9d6595d7 wp-block-columns-is-layout-flex">
<div class="wp-block-column is-vertically-aligned-center is-layout-flow wp-block-column-is-layout-flow"><div class="wp-block-image">
<figure class="alignleft size-full"><img decoding="async" width="300" height="149" src="https://www.wikiesfera.org/wp-content/uploads/2017/03/ayuntamiento-de-getafe.webp" alt="" class="wp-image-9787" srcset="https://www.wikiesfera.org/wp-content/uploads/2017/03/ayuntamiento-de-getafe.webp 300w, https://www.wikiesfera.org/wp-content/uploads/2017/03/ayuntamiento-de-getafe-18x9.webp 18w, https://www.wikiesfera.org/wp-content/uploads/2017/03/ayuntamiento-de-getafe-150x75.webp 150w" sizes="(max-width: 300px) 100vw, 300px" /></figure></div></div>



<div class="wp-block-column is-vertically-aligned-center is-layout-flow wp-block-column-is-layout-flow"><div class="wp-block-image">
<figure class="alignleft size-large"><img decoding="async" width="1024" height="348" src="https://www.wikiesfera.org/wp-content/uploads/2025/03/uc3m-logo-1024x348.png" alt="" class="wp-image-8528" srcset="https://www.wikiesfera.org/wp-content/uploads/2025/03/uc3m-logo-1024x348.png 1024w, https://www.wikiesfera.org/wp-content/uploads/2025/03/uc3m-logo-300x102.png 300w, https://www.wikiesfera.org/wp-content/uploads/2025/03/uc3m-logo-768x261.png 768w, https://www.wikiesfera.org/wp-content/uploads/2025/03/uc3m-logo-1536x521.png 1536w, https://www.wikiesfera.org/wp-content/uploads/2025/03/uc3m-logo-18x6.png 18w, https://www.wikiesfera.org/wp-content/uploads/2025/03/uc3m-logo-150x51.png 150w, https://www.wikiesfera.org/wp-content/uploads/2025/03/uc3m-logo-400x136.png 400w, https://www.wikiesfera.org/wp-content/uploads/2025/03/uc3m-logo.png 2000w" sizes="(max-width: 1024px) 100vw, 1024px" /></figure></div></div>



<div class="wp-block-column is-vertically-aligned-center is-layout-flow wp-block-column-is-layout-flow"></div>



<div class="wp-block-column is-vertically-aligned-center is-layout-flow wp-block-column-is-layout-flow"></div>
</div>



<p></p>

<p>&gt; Temática El pasado 11 de marzo, desde Wikiesfera y en coordinación con la&nbsp;Concejalía de Mujer e Igualdad&nbsp;del&nbsp;Ayuntamiento de Getafe&nbsp;(@aytogetafe) y del&nbsp;Instituto de Estudios de Género&nbsp;(@iegUC3M) de la&nbsp;Universidad Carlos III&nbsp;de Madrid, dedicamos una jornada a visibilizar en Wikipedia a&nbsp;mujeres creadoras de Historia&nbsp;mediante&nbsp;la publicación de varias biografías. Esta actividad se enmarca dentro de las acciones del [&hellip;]</p>
