{"id":951,"date":"2017-11-01T17:34:27","date_gmt":"2017-11-01T17:34:27","guid":{"rendered":"\/?post_type=portfolio&#038;p=951"},"modified":"2025-12-23T20:53:29","modified_gmt":"2025-12-23T20:53:29","slug":"editatona-nocturna-wikibrujas-31o","status":"publish","type":"portfolio","link":"https:\/\/www.wikiesfera.org\/es\/portfolio-item\/editatona-nocturna-wikibrujas-31o\/","title":{"rendered":"Editatona nocturna Wikibrujas #31O"},"content":{"rendered":"\n<h1 id=\"gt-tematica\" class=\"wp-block-heading\"><strong>&gt; Tem\u00e1tica<\/strong><\/h1>\n\n\n\n<p>El pasado martes 31 de octubre, con motivo de <strong>La Noche de Muertos<\/strong>, en el centro de cultura digital <strong>Medialab Prado<\/strong> de Madrid se decidi\u00f3 hacer una <a href=\"https:\/\/www.medialab-prado.es\/actividades\/editatona-nocturna-wikibrujas-31o\" target=\"_blank\" rel=\"noopener\">editatona nocturna<\/a> que nos permitiera visibilizar en Wikipedia a las mujeres acusadas de ser brujas a lo largo de la historia.<\/p>\n\n\n\n<h1 id=\"gt-experta\" class=\"wp-block-heading\"><strong>&gt; Experta<\/strong><\/h1>\n\n\n\n<p>Como en cada editatona, invitamos a una experta en la tem\u00e1tica que vamos a tratar. En esta ocasi\u00f3n, contamos con la cuentacuentos <strong>Ma\u00edsa Marb\u00e1n<\/strong> (<a href=\"https:\/\/twitter.com\/MaisaMarban\" target=\"_blank\" rel=\"noopener\">@MaisaMarban<\/a>) que nos introdujo en el universo de la brujer\u00eda a trav\u00e9s de un relato maravilloso. Despu\u00e9s de este momento m\u00e1gico le\u00edmos todas juntas un texto sobre la visibilizaci\u00f3n de las mujeres para cerrar el c\u00edrculo en una noche especial:<\/p>\n\n\n\n<h2 id=\"conjuro-de-la-editatona\" class=\"wp-block-heading has-text-align-center\"><strong>CONJURO DE LA EDITATONA<\/strong><\/h2>\n\n\n\n<p class=\"has-text-align-center\">Compositoras, viajeras, actrices y escritoras,<br>fot\u00f3grafas, poetas y pioneras de la m\u00fasica electr\u00f3nica,<br>artistas, directoras de cine y arquitectas,<br>programadoras, cient\u00edficas y creadoras de ideas.<\/p>\n\n\n\n<p class=\"has-text-align-center\">Con esta editatona escribiremos sobre vosotras,<br>contaremos vuestros procesos, aportaciones y trayectorias,<br>y la enciclopedia libre se llenar\u00e1 de vuestras vidas,<br>que han estado ocultas a lo largo de la Historia.<\/p>\n\n\n\n<p class=\"has-text-align-center\">\u00a1O\u00edd, o\u00edd! Son las voces de las que no han sido escuchadas,<br>de aquellas cuyas aportaciones han sido invisibilizadas.<br>Pero cuando sus biograf\u00edas sean en Wikipedia publicadas,<br>quedar\u00e9is libres del olvido y vuestras vidas ser\u00e1n valoradas.<\/p>\n\n\n\n<p class=\"has-text-align-center\">\u00a1Fuerzas de la academia, la prensa, la instituci\u00f3n,<br>a vosotras hacemos esta llamada!<\/p>\n\n\n\n<p class=\"has-text-align-center\">Si es verdad que ten\u00e9is m\u00e1s poder que la mayor\u00eda de nosotras,<br>aqu\u00ed y ahora, reconoced la aportaci\u00f3n de las mujeres a la Historia,<br>\u00a1y participad con nosotras en esta EDITATONA!<\/p>\n\n\n\n<hr class=\"wp-block-separator has-alpha-channel-opacity\"\/>\n\n\n\n<h1 id=\"gt-resultados\" class=\"wp-block-heading\"><strong>&gt; Resultados<\/strong><\/h1>\n\n\n\n<ul class=\"wp-block-list\">\n<li>N\u00famero de <strong><span style=\"text-decoration: underline;\">PARTICIPANTES<\/span>: 40<\/strong><\/li>\n\n\n\n<li>N\u00famero de <strong><span style=\"text-decoration: underline;\">ART\u00cdCULOS PUBLICADOS<\/span>: 15<\/strong><\/li>\n<\/ul>\n\n\n\n<h3 class=\"wp-block-heading\" id=\"gtgt-articulos-creados-3\"><strong>&gt;&gt; Art\u00edculos <span style=\"text-decoration: underline;\">creados<\/span>: 8<\/strong><\/h3>\n\n\n\n<ol class=\"wp-block-list\">\n<li><a href=\"https:\/\/es.wikipedia.org\/wiki\/Guirandana_de_Lay\">Guirandana de Lay<\/a> (\u00bf?\u20131461)<\/li>\n\n\n\n<li><a href=\"https:\/\/es.wikipedia.org\/wiki\/Narbona_Dacal\">Narbona Dacal<\/a> (\u00bf?\u20131498)<\/li>\n\n\n\n<li><a href=\"https:\/\/es.wikipedia.org\/wiki\/Mar%C3%ADa_Manzanares\">Mar\u00eda Manzanares<\/a> (1584\u2013\u00bf?)<\/li>\n\n\n\n<li><a href=\"https:\/\/es.wikipedia.org\/wiki\/Mar%C3%ADa_de_Ximildegui\">Mar\u00eda de Ximildegui<\/a> (1588\u2013\u00bf?)<\/li>\n\n\n\n<li><a href=\"https:\/\/es.wikipedia.org\/wiki\/%C3%81ngela_de_Carranza\">\u00c1ngela de Carranza<\/a> (1641\u20131694)<\/li>\n\n\n\n<li><a href=\"https:\/\/es.wikipedia.org\/wiki\/Mar%C3%ADa_Dolores_G%C3%B3mez_Castro\">Mar\u00eda Dolores G\u00f3mez Castro<\/a> (1983)<\/li>\n\n\n\n<li><em><a href=\"https:\/\/es.wikipedia.org\/wiki\/Retrato_de_una_bruja\">Retrato de una bruja<\/a><\/em><\/li>\n\n\n\n<li><a href=\"https:\/\/es.wikipedia.org\/wiki\/Brujas_de_Laspa%C3%BAles\">Brujas de Laspa\u00fales<\/a><\/li>\n<\/ol>\n\n\n\n<h3 id=\"gtgt-articulosnbsptraducidos-a-espanolnbsp7\" class=\"wp-block-heading\"><strong>&gt;&gt; Art\u00edculos <span style=\"text-decoration: underline;\">traducidos<\/span> a espa\u00f1ol: 7<\/strong><\/h3>\n\n\n\n<ol class=\"wp-block-list\">\n<li><a href=\"https:\/\/es.wikipedia.org\/wiki\/Madonna_Oriente\">Madonna Oriente<\/a><\/li>\n\n\n\n<li><a href=\"https:\/\/es.wikipedia.org\/wiki\/El_poder_de_tres_(Charmed)\">El poder de tres (\u00bbEmbrujadas\u00bb)<\/a><\/li>\n\n\n\n<li><a href=\"https:\/\/es.wikipedia.org\/wiki\/Constance_M._Burge\">Constance M. Burge<\/a><\/li>\n\n\n\n<li><a href=\"https:\/\/es.wikipedia.org\/wiki\/Bruja_(novela)\">Bruja (novela)<\/a><\/li>\n\n\n\n<li><a href=\"https:\/\/es.wikipedia.org\/wiki\/La_Bruja_(pel%C3%ADcula_de_1954)\">La Bruja (pel\u00edcula de 1954)<\/a><\/li>\n\n\n\n<li><a href=\"https:\/\/es.wikipedia.org\/wiki\/Brujo\">Brujo<\/a><\/li>\n\n\n\n<li><a href=\"https:\/\/es.wikipedia.org\/wiki\/Anne_Chambers\">Anne Chambers<\/a><\/li>\n<\/ol>\n\n\n\n<h3 id=\"gtgt-articulosnbspmejoradosnbsp8\" class=\"wp-block-heading\"><strong>&gt;&gt; Art\u00edculos <span style=\"text-decoration: underline;\">mejorados<\/span>: 8<\/strong><\/h3>\n\n\n\n<ol class=\"wp-block-list\">\n<li><a href=\"https:\/\/es.wikipedia.org\/wiki\/Conspiraci%C3%B3n_Terrorista_Internacional_de_las_Mujeres_del_Infierno\">Conspiraci\u00f3n Terrorista Internacional de las Mujeres del Infierno<\/a><\/li>\n\n\n\n<li><a href=\"https:\/\/es.wikipedia.org\/wiki\/Brujas_F%C3%BAtbol_Club\">Brujas F\u00fatbol Club<\/a><\/li>\n\n\n\n<li><a href=\"https:\/\/es.wikipedia.org\/wiki\/La_Bruja_Aver%C3%ADa\">La Bruja Aver\u00eda en la Bola de Cristal<\/a><\/li>\n\n\n\n<li><a href=\"https:\/\/es.wikipedia.org\/wiki\/Las_brujas_de_Zugarramurdi\">Las Brujas de Zugarramurdi<\/a><\/li>\n\n\n\n<li><a href=\"https:\/\/es.wikipedia.org\/wiki\/Brujer%C3%ADas\">Brujer\u00edas<\/a><\/li>\n\n\n\n<li><a href=\"https:\/\/es.wikipedia.org\/wiki\/Lilia_del_Valle\">Lilia del Valle<\/a><\/li>\n\n\n\n<li><a href=\"https:\/\/es.wikipedia.org\/wiki\/Cuevas_de_Zugarramurdi\">Cuevas de Zugarramurdi<\/a><\/li>\n\n\n\n<li><a href=\"https:\/\/es.wikipedia.org\/wiki\/Baba_Yaga\">Baba Yaga<\/a><\/li>\n<\/ol>\n","protected":false},"excerpt":{"rendered":"<p>&gt; Tem\u00e1tica El pasado martes 31 de octubre, con motivo de La Noche de Muertos, en el centro de cultura digital Medialab Prado de Madrid se decidi\u00f3 hacer una editatona nocturna que nos permitiera visibilizar en Wikipedia a las mujeres acusadas de ser brujas a lo largo de la historia. &gt; Experta Como en cada [&hellip;]<\/p>\n","protected":false},"author":1,"featured_media":4182,"comment_status":"closed","ping_status":"closed","template":"","format":"gallery","meta":{"_coblocks_attr":"","_coblocks_dimensions":"","_coblocks_responsive_height":"","_coblocks_accordion_ie_support":"","footnotes":""},"class_list":["post-951","portfolio","type-portfolio","status-publish","format-gallery","has-post-thumbnail","hentry","portfolio_category-155","portfolio_category-editatonas","portfolio_category-medialab","portfolio_category-memoria","portfolio-entry","span_1_of_4 col clr"],"_links":{"self":[{"href":"https:\/\/www.wikiesfera.org\/es\/wp-json\/wp\/v2\/portfolio\/951","targetHints":{"allow":["GET"]}}],"collection":[{"href":"https:\/\/www.wikiesfera.org\/es\/wp-json\/wp\/v2\/portfolio"}],"about":[{"href":"https:\/\/www.wikiesfera.org\/es\/wp-json\/wp\/v2\/types\/portfolio"}],"author":[{"embeddable":true,"href":"https:\/\/www.wikiesfera.org\/es\/wp-json\/wp\/v2\/users\/1"}],"replies":[{"embeddable":true,"href":"https:\/\/www.wikiesfera.org\/es\/wp-json\/wp\/v2\/comments?post=951"}],"version-history":[{"count":9,"href":"https:\/\/www.wikiesfera.org\/es\/wp-json\/wp\/v2\/portfolio\/951\/revisions"}],"predecessor-version":[{"id":10605,"href":"https:\/\/www.wikiesfera.org\/es\/wp-json\/wp\/v2\/portfolio\/951\/revisions\/10605"}],"wp:featuredmedia":[{"embeddable":true,"href":"https:\/\/www.wikiesfera.org\/es\/wp-json\/wp\/v2\/media\/4182"}],"wp:attachment":[{"href":"https:\/\/www.wikiesfera.org\/es\/wp-json\/wp\/v2\/media?parent=951"}],"curies":[{"name":"wp","href":"https:\/\/api.w.org\/{rel}","templated":true}]}}

<h1 id="gt-tematica" class="wp-block-heading"><strong>&gt; Temática</strong></h1>



<p>El pasado martes 31 de octubre, con motivo de <strong>La Noche de Muertos</strong>, en el centro de cultura digital <strong>Medialab Prado</strong> de Madrid se decidió hacer una <a href="https://www.medialab-prado.es/actividades/editatona-nocturna-wikibrujas-31o" target="_blank" rel="noopener">editatona nocturna</a> que nos permitiera visibilizar en Wikipedia a las mujeres acusadas de ser brujas a lo largo de la historia.</p>



<h1 id="gt-experta" class="wp-block-heading"><strong>&gt; Experta</strong></h1>



<p>Como en cada editatona, invitamos a una experta en la temática que vamos a tratar. En esta ocasión, contamos con la cuentacuentos <strong>Maísa Marbán</strong> (<a href="https://twitter.com/MaisaMarban" target="_blank" rel="noopener">@MaisaMarban</a>) que nos introdujo en el universo de la brujería a través de un relato maravilloso. Después de este momento mágico leímos todas juntas un texto sobre la visibilización de las mujeres para cerrar el círculo en una noche especial:</p>



<h2 id="conjuro-de-la-editatona" class="wp-block-heading has-text-align-center"><strong>CONJURO DE LA EDITATONA</strong></h2>



<p class="has-text-align-center">Compositoras, viajeras, actrices y escritoras,<br>fotógrafas, poetas y pioneras de la música electrónica,<br>artistas, directoras de cine y arquitectas,<br>programadoras, científicas y creadoras de ideas.</p>



<p class="has-text-align-center">Con esta editatona escribiremos sobre vosotras,<br>contaremos vuestros procesos, aportaciones y trayectorias,<br>y la enciclopedia libre se llenará de vuestras vidas,<br>que han estado ocultas a lo largo de la Historia.</p>



<p class="has-text-align-center">¡Oíd, oíd! Son las voces de las que no han sido escuchadas,<br>de aquellas cuyas aportaciones han sido invisibilizadas.<br>Pero cuando sus biografías sean en Wikipedia publicadas,<br>quedaréis libres del olvido y vuestras vidas serán valoradas.</p>



<p class="has-text-align-center">¡Fuerzas de la academia, la prensa, la institución,<br>a vosotras hacemos esta llamada!</p>



<p class="has-text-align-center">Si es verdad que tenéis más poder que la mayoría de nosotras,<br>aquí y ahora, reconoced la aportación de las mujeres a la Historia,<br>¡y participad con nosotras en esta EDITATONA!</p>



<hr class="wp-block-separator has-alpha-channel-opacity"/>



<h1 id="gt-resultados" class="wp-block-heading"><strong>&gt; Resultados</strong></h1>



<ul class="wp-block-list">
<li>Número de <strong><span style="text-decoration: underline;">PARTICIPANTES</span>: 40</strong></li>



<li>Número de <strong><span style="text-decoration: underline;">ARTÍCULOS PUBLICADOS</span>: 15</strong></li>
</ul>



<h3 class="wp-block-heading" id="gtgt-articulos-creados-3"><strong>&gt;&gt; Artículos <span style="text-decoration: underline;">creados</span>: 8</strong></h3>



<ol class="wp-block-list">
<li><a href="https://es.wikipedia.org/wiki/Guirandana_de_Lay">Guirandana de Lay</a> (¿?–1461)</li>



<li><a href="https://es.wikipedia.org/wiki/Narbona_Dacal">Narbona Dacal</a> (¿?–1498)</li>



<li><a href="https://es.wikipedia.org/wiki/Mar%C3%ADa_Manzanares">María Manzanares</a> (1584–¿?)</li>



<li><a href="https://es.wikipedia.org/wiki/Mar%C3%ADa_de_Ximildegui">María de Ximildegui</a> (1588–¿?)</li>



<li><a href="https://es.wikipedia.org/wiki/%C3%81ngela_de_Carranza">Ángela de Carranza</a> (1641–1694)</li>



<li><a href="https://es.wikipedia.org/wiki/Mar%C3%ADa_Dolores_G%C3%B3mez_Castro">María Dolores Gómez Castro</a> (1983)</li>



<li><em><a href="https://es.wikipedia.org/wiki/Retrato_de_una_bruja">Retrato de una bruja</a></em></li>



<li><a href="https://es.wikipedia.org/wiki/Brujas_de_Laspa%C3%BAles">Brujas de Laspaúles</a></li>
</ol>



<h3 id="gtgt-articulosnbsptraducidos-a-espanolnbsp7" class="wp-block-heading"><strong>&gt;&gt; Artículos <span style="text-decoration: underline;">traducidos</span> a español: 7</strong></h3>



<ol class="wp-block-list">
<li><a href="https://es.wikipedia.org/wiki/Madonna_Oriente">Madonna Oriente</a></li>



<li><a href="https://es.wikipedia.org/wiki/El_poder_de_tres_(Charmed)">El poder de tres (»Embrujadas»)</a></li>



<li><a href="https://es.wikipedia.org/wiki/Constance_M._Burge">Constance M. Burge</a></li>



<li><a href="https://es.wikipedia.org/wiki/Bruja_(novela)">Bruja (novela)</a></li>



<li><a href="https://es.wikipedia.org/wiki/La_Bruja_(pel%C3%ADcula_de_1954)">La Bruja (película de 1954)</a></li>



<li><a href="https://es.wikipedia.org/wiki/Brujo">Brujo</a></li>



<li><a href="https://es.wikipedia.org/wiki/Anne_Chambers">Anne Chambers</a></li>
</ol>



<h3 id="gtgt-articulosnbspmejoradosnbsp8" class="wp-block-heading"><strong>&gt;&gt; Artículos <span style="text-decoration: underline;">mejorados</span>: 8</strong></h3>



<ol class="wp-block-list">
<li><a href="https://es.wikipedia.org/wiki/Conspiraci%C3%B3n_Terrorista_Internacional_de_las_Mujeres_del_Infierno">Conspiración Terrorista Internacional de las Mujeres del Infierno</a></li>



<li><a href="https://es.wikipedia.org/wiki/Brujas_F%C3%BAtbol_Club">Brujas Fútbol Club</a></li>



<li><a href="https://es.wikipedia.org/wiki/La_Bruja_Aver%C3%ADa">La Bruja Avería en la Bola de Cristal</a></li>



<li><a href="https://es.wikipedia.org/wiki/Las_brujas_de_Zugarramurdi">Las Brujas de Zugarramurdi</a></li>



<li><a href="https://es.wikipedia.org/wiki/Brujer%C3%ADas">Brujerías</a></li>



<li><a href="https://es.wikipedia.org/wiki/Lilia_del_Valle">Lilia del Valle</a></li>



<li><a href="https://es.wikipedia.org/wiki/Cuevas_de_Zugarramurdi">Cuevas de Zugarramurdi</a></li>



<li><a href="https://es.wikipedia.org/wiki/Baba_Yaga">Baba Yaga</a></li>
</ol>

<p>&gt; Temática El pasado martes 31 de octubre, con motivo de La Noche de Muertos, en el centro de cultura digital Medialab Prado de Madrid se decidió hacer una editatona nocturna que nos permitiera visibilizar en Wikipedia a las mujeres acusadas de ser brujas a lo largo de la historia. &gt; Experta Como en cada [&hellip;]</p>
