{"id":5056,"date":"2024-03-15T11:48:44","date_gmt":"2024-03-15T11:48:44","guid":{"rendered":"http:\/\/www.wikiesfera.org\/?post_type=portfolio&#038;p=5056"},"modified":"2025-12-22T15:07:03","modified_gmt":"2025-12-22T15:07:03","slug":"editatona-de-mujeres-stem-amit-14m","status":"publish","type":"portfolio","link":"https:\/\/www.wikiesfera.org\/es\/portfolio-item\/editatona-de-mujeres-stem-amit-14m\/","title":{"rendered":"Editatona de mujeres STEM-AMIT #14M"},"content":{"rendered":"\n<h1 id=\"gt-tematica\" class=\"wp-block-heading\"><strong>&gt; Tem\u00e1tica<\/strong><\/h1>\n\n\n\n<div class=\"wp-block-columns is-layout-flex wp-container-core-columns-is-layout-9d6595d7 wp-block-columns-is-layout-flex\">\n<div class=\"wp-block-column is-layout-flow wp-block-column-is-layout-flow\" style=\"flex-basis:100%\">\n<p>El pasado jueves d\u00eda 14 de marzo, con la <strong><a href=\"https:\/\/amit-es.org\/\" target=\"_blank\" rel=\"noopener\">Asociaci\u00f3n de Mujeres Investigadoras y Tecn\u00f3logas<\/a><\/strong> (AMIT) de Andaluc\u00eda (<a href=\"https:\/\/twitter.com\/AmitAndaluza\" target=\"_blank\" rel=\"noopener\">@AmitAndaluza<\/a>) dedicamos una jornada presencial para visibilizar a <strong>mujeres STEM <\/strong>para<strong>&nbsp;visibilizar en Wikipedia<\/strong>, mediante la creaci\u00f3n de art\u00edculos, las <strong>biograf\u00edas de mujeres ingenieras<\/strong>.<\/p>\n\n\n\n<p>Esta actividad, que tuvo lugar en la Facultad de Biolog\u00eda de la <strong>Universidad de Sevilla<\/strong> (<a href=\"https:\/\/twitter.com\/unisevilla\" target=\"_blank\" rel=\"noopener\">@unisevilla<\/a>), se enmarc\u00f3 dentro de la asamblea anual del nodo de Andaluc\u00eda de la Asociaci\u00f3n de Mujeres Investigadoras y Tecn\u00f3logas (AMIT) que este a\u00f1o llevaba por t\u00edtulo <strong><em>\u00abMujeres en la tecnolog\u00eda y la ciencia: presente y pasado, sembrando futuro\u00bb<\/em><\/strong>.<\/p>\n\n\n\n<p>Aparte de la actividad del jueves, durante la ma\u00f1ana del viernes en la <strong>Casa de la Ciencia de Sevilla<\/strong>, Patricia Horrillo, fundadora de Wikiesfera, particip\u00f3 en la <strong>mesa sobre divulgaci\u00f3n cient\u00edfica<\/strong> donde comparti\u00f3 la necesidad de que Wikipedia forme parte del mundo acad\u00e9mico de manera m\u00e1s activa.<\/p>\n<\/div>\n\n\n\n<div class=\"wp-block-column is-layout-flow wp-block-column-is-layout-flow\" style=\"flex-basis:30%\"><div class=\"wp-block-image\">\n<figure class=\"aligncenter size-large\"><img fetchpriority=\"high\" decoding=\"async\" width=\"602\" height=\"1024\" src=\"https:\/\/www.wikiesfera.org\/wp-content\/uploads\/2024\/03\/Captura-de-pantalla-2024-03-20-a-las-12.53.37-602x1024.png\" alt=\"\" class=\"wp-image-5069\" srcset=\"https:\/\/www.wikiesfera.org\/wp-content\/uploads\/2024\/03\/Captura-de-pantalla-2024-03-20-a-las-12.53.37-602x1024.png 602w, https:\/\/www.wikiesfera.org\/wp-content\/uploads\/2024\/03\/Captura-de-pantalla-2024-03-20-a-las-12.53.37-176x300.png 176w, https:\/\/www.wikiesfera.org\/wp-content\/uploads\/2024\/03\/Captura-de-pantalla-2024-03-20-a-las-12.53.37-768x1307.png 768w, https:\/\/www.wikiesfera.org\/wp-content\/uploads\/2024\/03\/Captura-de-pantalla-2024-03-20-a-las-12.53.37-902x1536.png 902w, https:\/\/www.wikiesfera.org\/wp-content\/uploads\/2024\/03\/Captura-de-pantalla-2024-03-20-a-las-12.53.37-88x150.png 88w, https:\/\/www.wikiesfera.org\/wp-content\/uploads\/2024\/03\/Captura-de-pantalla-2024-03-20-a-las-12.53.37-400x681.png 400w, https:\/\/www.wikiesfera.org\/wp-content\/uploads\/2024\/03\/Captura-de-pantalla-2024-03-20-a-las-12.53.37.png 914w\" sizes=\"(max-width: 602px) 100vw, 602px\" \/><\/figure><\/div><\/div>\n<\/div>\n\n\n\n<hr class=\"wp-block-separator has-alpha-channel-opacity\"\/>\n\n\n\n<h1 id=\"gt-resultados\" class=\"wp-block-heading\"><strong>&gt; Resultados<\/strong><\/h1>\n\n\n\n<ul class=\"wp-block-list\">\n<li>N\u00famero de <strong><span style=\"text-decoration: underline;\">PARTICIPANTES<\/span>: 6<\/strong><\/li>\n\n\n\n<li>N\u00famero de <strong><span style=\"text-decoration: underline;\">ART\u00cdCULOS CREADOS<\/span>: 4<\/strong><\/li>\n<\/ul>\n\n\n\n<ol class=\"wp-block-list\">\n<li><a href=\"https:\/\/es.wikipedia.org\/wiki\/Asunci%C3%B3n_Men%C3%A9ndez_de_Luarca\" target=\"_blank\" rel=\"noopener\">Mar\u00eda Asunci\u00f3n Men\u00e9ndez de Luarca D\u00edaz<\/a> (1858-?)<\/li>\n\n\n\n<li><a href=\"https:\/\/es.wikipedia.org\/wiki\/Antonia_Monreal_Andr%C3%A9s\" target=\"_blank\" rel=\"noopener\">Antonia Monreal Andr\u00e9s<\/a> (1872-?)<\/li>\n\n\n\n<li><a href=\"https:\/\/es.wikipedia.org\/wiki\/Blanca_de_Luc%C3%ADa\" target=\"_blank\" rel=\"noopener\">Blanca de Lucia Ort\u00edz<\/a> (1875-1936)<\/li>\n\n\n\n<li><a href=\"https:\/\/es.wikipedia.org\/wiki\/Isabel_L%C3%B3pez_Calder%C3%B3n\" target=\"_blank\" rel=\"noopener\">Isabel L\u00f3pez Calder\u00f3n<\/a><\/li>\n<\/ol>\n\n\n\n<hr class=\"wp-block-separator has-alpha-channel-opacity\"\/>\n\n\n\n<h1 id=\"gt-colaboran\" class=\"wp-block-heading\"><strong>&gt; Colaboran<\/strong><\/h1>\n\n\n\n<div class=\"wp-block-columns are-vertically-aligned-center is-layout-flex wp-container-core-columns-is-layout-9d6595d7 wp-block-columns-is-layout-flex\">\n<div class=\"wp-block-column is-vertically-aligned-center is-layout-flow wp-block-column-is-layout-flow\"><div class=\"wp-block-image\">\n<figure class=\"alignleft size-full\"><img decoding=\"async\" width=\"500\" height=\"150\" src=\"https:\/\/www.wikiesfera.org\/wp-content\/uploads\/2024\/03\/logo-amit.png\" alt=\"\" class=\"wp-image-5064\" srcset=\"https:\/\/www.wikiesfera.org\/wp-content\/uploads\/2024\/03\/logo-amit.png 500w, https:\/\/www.wikiesfera.org\/wp-content\/uploads\/2024\/03\/logo-amit-300x90.png 300w, https:\/\/www.wikiesfera.org\/wp-content\/uploads\/2024\/03\/logo-amit-150x45.png 150w, https:\/\/www.wikiesfera.org\/wp-content\/uploads\/2024\/03\/logo-amit-400x120.png 400w\" sizes=\"(max-width: 500px) 100vw, 500px\" \/><\/figure><\/div><\/div>\n\n\n\n<div class=\"wp-block-column is-vertically-aligned-center is-layout-flow wp-block-column-is-layout-flow\"><div class=\"wp-block-image\">\n<figure class=\"alignleft size-large\"><img decoding=\"async\" width=\"1024\" height=\"238\" src=\"https:\/\/www.wikiesfera.org\/wp-content\/uploads\/2018\/04\/Wikimedia_Foundation_logo_-_horizontal.svg_-1024x238.png\" alt=\"\" class=\"wp-image-1036\" srcset=\"https:\/\/www.wikiesfera.org\/wp-content\/uploads\/2018\/04\/Wikimedia_Foundation_logo_-_horizontal.svg_-1024x238.png 1024w, https:\/\/www.wikiesfera.org\/wp-content\/uploads\/2018\/04\/Wikimedia_Foundation_logo_-_horizontal.svg_-300x70.png 300w, https:\/\/www.wikiesfera.org\/wp-content\/uploads\/2018\/04\/Wikimedia_Foundation_logo_-_horizontal.svg_-768x179.png 768w, https:\/\/www.wikiesfera.org\/wp-content\/uploads\/2018\/04\/Wikimedia_Foundation_logo_-_horizontal.svg_-150x35.png 150w, https:\/\/www.wikiesfera.org\/wp-content\/uploads\/2018\/04\/Wikimedia_Foundation_logo_-_horizontal.svg_-400x93.png 400w, https:\/\/www.wikiesfera.org\/wp-content\/uploads\/2018\/04\/Wikimedia_Foundation_logo_-_horizontal.svg_.png 2000w\" sizes=\"(max-width: 1024px) 100vw, 1024px\" \/><\/figure><\/div><\/div>\n\n\n\n<div class=\"wp-block-column is-vertically-aligned-center is-layout-flow wp-block-column-is-layout-flow\"><\/div>\n\n\n\n<div class=\"wp-block-column is-vertically-aligned-center is-layout-flow wp-block-column-is-layout-flow\"><\/div>\n<\/div>\n\n\n\n<p>&nbsp; &nbsp;<\/p>\n","protected":false},"excerpt":{"rendered":"<p>&gt; Tem\u00e1tica El pasado jueves d\u00eda 14 de marzo, con la Asociaci\u00f3n de Mujeres Investigadoras y Tecn\u00f3logas (AMIT) de Andaluc\u00eda (@AmitAndaluza) dedicamos una jornada presencial para visibilizar a mujeres STEM para&nbsp;visibilizar en Wikipedia, mediante la creaci\u00f3n de art\u00edculos, las biograf\u00edas de mujeres ingenieras. Esta actividad, que tuvo lugar en la Facultad de Biolog\u00eda de la [&hellip;]<\/p>\n","protected":false},"author":1,"featured_media":5059,"comment_status":"closed","ping_status":"closed","template":"","format":"gallery","meta":{"_coblocks_attr":"","_coblocks_dimensions":"","_coblocks_responsive_height":"","_coblocks_accordion_ie_support":"","footnotes":""},"class_list":["post-5056","portfolio","type-portfolio","status-publish","format-gallery","has-post-thumbnail","hentry","portfolio_category-341","portfolio_category-editatonas","portfolio_category-genero","portfolio_category-stem","portfolio_category-wikimedia-foundation","portfolio-entry","span_1_of_4 col clr"],"_links":{"self":[{"href":"https:\/\/www.wikiesfera.org\/es\/wp-json\/wp\/v2\/portfolio\/5056","targetHints":{"allow":["GET"]}}],"collection":[{"href":"https:\/\/www.wikiesfera.org\/es\/wp-json\/wp\/v2\/portfolio"}],"about":[{"href":"https:\/\/www.wikiesfera.org\/es\/wp-json\/wp\/v2\/types\/portfolio"}],"author":[{"embeddable":true,"href":"https:\/\/www.wikiesfera.org\/es\/wp-json\/wp\/v2\/users\/1"}],"replies":[{"embeddable":true,"href":"https:\/\/www.wikiesfera.org\/es\/wp-json\/wp\/v2\/comments?post=5056"}],"version-history":[{"count":17,"href":"https:\/\/www.wikiesfera.org\/es\/wp-json\/wp\/v2\/portfolio\/5056\/revisions"}],"predecessor-version":[{"id":10329,"href":"https:\/\/www.wikiesfera.org\/es\/wp-json\/wp\/v2\/portfolio\/5056\/revisions\/10329"}],"wp:featuredmedia":[{"embeddable":true,"href":"https:\/\/www.wikiesfera.org\/es\/wp-json\/wp\/v2\/media\/5059"}],"wp:attachment":[{"href":"https:\/\/www.wikiesfera.org\/es\/wp-json\/wp\/v2\/media?parent=5056"}],"curies":[{"name":"wp","href":"https:\/\/api.w.org\/{rel}","templated":true}]}}

<h1 id="gt-tematica" class="wp-block-heading"><strong>&gt; Temática</strong></h1>



<div class="wp-block-columns is-layout-flex wp-container-core-columns-is-layout-9d6595d7 wp-block-columns-is-layout-flex">
<div class="wp-block-column is-layout-flow wp-block-column-is-layout-flow" style="flex-basis:100%">
<p>El pasado jueves día 14 de marzo, con la <strong><a href="https://amit-es.org/" target="_blank" rel="noopener">Asociación de Mujeres Investigadoras y Tecnólogas</a></strong> (AMIT) de Andalucía (<a href="https://twitter.com/AmitAndaluza" target="_blank" rel="noopener">@AmitAndaluza</a>) dedicamos una jornada presencial para visibilizar a <strong>mujeres STEM </strong>para<strong>&nbsp;visibilizar en Wikipedia</strong>, mediante la creación de artículos, las <strong>biografías de mujeres ingenieras</strong>.</p>



<p>Esta actividad, que tuvo lugar en la Facultad de Biología de la <strong>Universidad de Sevilla</strong> (<a href="https://twitter.com/unisevilla" target="_blank" rel="noopener">@unisevilla</a>), se enmarcó dentro de la asamblea anual del nodo de Andalucía de la Asociación de Mujeres Investigadoras y Tecnólogas (AMIT) que este año llevaba por título <strong><em>«Mujeres en la tecnología y la ciencia: presente y pasado, sembrando futuro»</em></strong>.</p>



<p>Aparte de la actividad del jueves, durante la mañana del viernes en la <strong>Casa de la Ciencia de Sevilla</strong>, Patricia Horrillo, fundadora de Wikiesfera, participó en la <strong>mesa sobre divulgación científica</strong> donde compartió la necesidad de que Wikipedia forme parte del mundo académico de manera más activa.</p>
</div>



<div class="wp-block-column is-layout-flow wp-block-column-is-layout-flow" style="flex-basis:30%"><div class="wp-block-image">
<figure class="aligncenter size-large"><img fetchpriority="high" decoding="async" width="602" height="1024" src="https://www.wikiesfera.org/wp-content/uploads/2024/03/Captura-de-pantalla-2024-03-20-a-las-12.53.37-602x1024.png" alt="" class="wp-image-5069" srcset="https://www.wikiesfera.org/wp-content/uploads/2024/03/Captura-de-pantalla-2024-03-20-a-las-12.53.37-602x1024.png 602w, https://www.wikiesfera.org/wp-content/uploads/2024/03/Captura-de-pantalla-2024-03-20-a-las-12.53.37-176x300.png 176w, https://www.wikiesfera.org/wp-content/uploads/2024/03/Captura-de-pantalla-2024-03-20-a-las-12.53.37-768x1307.png 768w, https://www.wikiesfera.org/wp-content/uploads/2024/03/Captura-de-pantalla-2024-03-20-a-las-12.53.37-902x1536.png 902w, https://www.wikiesfera.org/wp-content/uploads/2024/03/Captura-de-pantalla-2024-03-20-a-las-12.53.37-88x150.png 88w, https://www.wikiesfera.org/wp-content/uploads/2024/03/Captura-de-pantalla-2024-03-20-a-las-12.53.37-400x681.png 400w, https://www.wikiesfera.org/wp-content/uploads/2024/03/Captura-de-pantalla-2024-03-20-a-las-12.53.37.png 914w" sizes="(max-width: 602px) 100vw, 602px" /></figure></div></div>
</div>



<hr class="wp-block-separator has-alpha-channel-opacity"/>



<h1 id="gt-resultados" class="wp-block-heading"><strong>&gt; Resultados</strong></h1>



<ul class="wp-block-list">
<li>Número de <strong><span style="text-decoration: underline;">PARTICIPANTES</span>: 6</strong></li>



<li>Número de <strong><span style="text-decoration: underline;">ARTÍCULOS CREADOS</span>: 4</strong></li>
</ul>



<ol class="wp-block-list">
<li><a href="https://es.wikipedia.org/wiki/Asunci%C3%B3n_Men%C3%A9ndez_de_Luarca" target="_blank" rel="noopener">María Asunción Menéndez de Luarca Díaz</a> (1858-?)</li>



<li><a href="https://es.wikipedia.org/wiki/Antonia_Monreal_Andr%C3%A9s" target="_blank" rel="noopener">Antonia Monreal Andrés</a> (1872-?)</li>



<li><a href="https://es.wikipedia.org/wiki/Blanca_de_Luc%C3%ADa" target="_blank" rel="noopener">Blanca de Lucia Ortíz</a> (1875-1936)</li>



<li><a href="https://es.wikipedia.org/wiki/Isabel_L%C3%B3pez_Calder%C3%B3n" target="_blank" rel="noopener">Isabel López Calderón</a></li>
</ol>



<hr class="wp-block-separator has-alpha-channel-opacity"/>



<h1 id="gt-colaboran" class="wp-block-heading"><strong>&gt; Colaboran</strong></h1>



<div class="wp-block-columns are-vertically-aligned-center is-layout-flex wp-container-core-columns-is-layout-9d6595d7 wp-block-columns-is-layout-flex">
<div class="wp-block-column is-vertically-aligned-center is-layout-flow wp-block-column-is-layout-flow"><div class="wp-block-image">
<figure class="alignleft size-full"><img decoding="async" width="500" height="150" src="https://www.wikiesfera.org/wp-content/uploads/2024/03/logo-amit.png" alt="" class="wp-image-5064" srcset="https://www.wikiesfera.org/wp-content/uploads/2024/03/logo-amit.png 500w, https://www.wikiesfera.org/wp-content/uploads/2024/03/logo-amit-300x90.png 300w, https://www.wikiesfera.org/wp-content/uploads/2024/03/logo-amit-150x45.png 150w, https://www.wikiesfera.org/wp-content/uploads/2024/03/logo-amit-400x120.png 400w" sizes="(max-width: 500px) 100vw, 500px" /></figure></div></div>



<div class="wp-block-column is-vertically-aligned-center is-layout-flow wp-block-column-is-layout-flow"><div class="wp-block-image">
<figure class="alignleft size-large"><img decoding="async" width="1024" height="238" src="https://www.wikiesfera.org/wp-content/uploads/2018/04/Wikimedia_Foundation_logo_-_horizontal.svg_-1024x238.png" alt="" class="wp-image-1036" srcset="https://www.wikiesfera.org/wp-content/uploads/2018/04/Wikimedia_Foundation_logo_-_horizontal.svg_-1024x238.png 1024w, https://www.wikiesfera.org/wp-content/uploads/2018/04/Wikimedia_Foundation_logo_-_horizontal.svg_-300x70.png 300w, https://www.wikiesfera.org/wp-content/uploads/2018/04/Wikimedia_Foundation_logo_-_horizontal.svg_-768x179.png 768w, https://www.wikiesfera.org/wp-content/uploads/2018/04/Wikimedia_Foundation_logo_-_horizontal.svg_-150x35.png 150w, https://www.wikiesfera.org/wp-content/uploads/2018/04/Wikimedia_Foundation_logo_-_horizontal.svg_-400x93.png 400w, https://www.wikiesfera.org/wp-content/uploads/2018/04/Wikimedia_Foundation_logo_-_horizontal.svg_.png 2000w" sizes="(max-width: 1024px) 100vw, 1024px" /></figure></div></div>



<div class="wp-block-column is-vertically-aligned-center is-layout-flow wp-block-column-is-layout-flow"></div>



<div class="wp-block-column is-vertically-aligned-center is-layout-flow wp-block-column-is-layout-flow"></div>
</div>



<p>&nbsp; &nbsp;</p>

<p>&gt; Temática El pasado jueves día 14 de marzo, con la Asociación de Mujeres Investigadoras y Tecnólogas (AMIT) de Andalucía (@AmitAndaluza) dedicamos una jornada presencial para visibilizar a mujeres STEM para&nbsp;visibilizar en Wikipedia, mediante la creación de artículos, las biografías de mujeres ingenieras. Esta actividad, que tuvo lugar en la Facultad de Biología de la [&hellip;]</p>
