{"id":4041,"date":"2023-03-28T07:46:55","date_gmt":"2023-03-28T07:46:55","guid":{"rendered":"https:\/\/www.wikiesfera.org\/?post_type=portfolio&#038;p=4041"},"modified":"2026-03-26T22:41:13","modified_gmt":"2026-03-26T22:41:13","slug":"editatona-de-dramaturgas-27m","status":"publish","type":"portfolio","link":"https:\/\/www.wikiesfera.org\/es\/portfolio-item\/editatona-de-dramaturgas-27m\/","title":{"rendered":"Editatona de dramaturgas #27M"},"content":{"rendered":"\n<h1 id=\"gt-tematica\" class=\"wp-block-heading\"><strong>&gt; Tem\u00e1tica<\/strong><\/h1>\n\n\n\n<p>Aprovechando el <strong><a href=\"https:\/\/es.wikipedia.org\/wiki\/D%C3%ADa_Mundial_del_Teatro\" target=\"_blank\" rel=\"noopener\">D\u00eda Mundial del Teatro<\/a><\/strong>, que se celebra cada <strong>27 de marzo<\/strong>, el pasado lunes d\u00eda 27 desde las 18 horas dedicamos desde Wikiesfera una jornada a<strong> visibilizar en Wikipedia<\/strong>, mediante la traducci\u00f3n de art\u00edculos, las <strong>biograf\u00edas de mujeres dramaturgas y directoras de teatro<\/strong>.<\/p>\n\n\n\n<hr class=\"wp-block-separator has-alpha-channel-opacity\"\/>\n\n\n\n<h1 id=\"gt-resultados\" class=\"wp-block-heading\"><strong>&gt; Resultados<\/strong><\/h1>\n\n\n\n<ul class=\"wp-block-list\">\n<li>N\u00famero de <strong><b><u>PARTICIPANTES:<\/u><\/b> 9<\/strong><\/li>\n\n\n\n<li>N\u00famero de <span style=\"text-decoration: underline;\"><strong>ART\u00cdCULOS <\/strong><\/span><strong><u>TRADUCIDOS:<\/u> 9<\/strong><\/li>\n<\/ul>\n\n\n\n<ol class=\"wp-block-list\">\n<li><a href=\"https:\/\/es.wikipedia.org\/wiki\/Ad%C3%A8le_Daminois\" target=\"_blank\" rel=\"noopener\">Ad\u00e8le Daminois<\/a> (1789-1876)<\/li>\n\n\n\n<li><a href=\"https:\/\/es.wikipedia.org\/wiki\/Ant%C3%B3nia_Pusich\" target=\"_blank\" rel=\"noopener\">Ant\u00f3nia Pusich<\/a> (1805-1883)<\/li>\n\n\n\n<li><a href=\"https:\/\/es.wikipedia.org\/wiki\/Beatrice_Kaufman\" target=\"_blank\" rel=\"noopener\">Beatrice Kaufman<\/a> (1895-1945)<\/li>\n\n\n\n<li><a href=\"https:\/\/es.wikipedia.org\/wiki\/Sibyl_Moholy-Nagy\" target=\"_blank\" rel=\"noopener\">Sibyl Moholy-Nagy<\/a> (1903-1971)<\/li>\n\n\n\n<li><a href=\"https:\/\/es.wikipedia.org\/wiki\/Betty_Roland\" target=\"_blank\" rel=\"noopener\">Betty Roland<\/a> (1903-1996)<\/li>\n\n\n\n<li><a href=\"https:\/\/es.wikipedia.org\/wiki\/Akiko_Baba\" target=\"_blank\" rel=\"noopener\">Akiko Baba<\/a> (1928)<\/li>\n\n\n\n<li><a href=\"https:\/\/es.wikipedia.org\/wiki\/Imma_Ant%C3%B3nio_Souto\" target=\"_blank\" rel=\"noopener\">Imma Ant\u00f3nio Souto<\/a> (1968)<\/li>\n\n\n\n<li><a href=\"https:\/\/es.wikipedia.org\/wiki\/Judith_Adong\" target=\"_blank\" rel=\"noopener\">Judith Adong<\/a><\/li>\n\n\n\n<li><a href=\"https:\/\/es.wikipedia.org\/wiki\/Representaci%C3%B3n_de_la_mujer_en_la_tragedia_ateniense\" target=\"_blank\" rel=\"noopener\">Representaci\u00f3n de la mujer en la tragedia ateniense<\/a><\/li>\n<\/ol>\n\n\n\n<hr class=\"wp-block-separator has-alpha-channel-opacity\"\/>\n\n\n\n<h1 id=\"gt-colaboran\" class=\"wp-block-heading\"><strong>&gt; Colaboran<\/strong><\/h1>\n\n\n\n<div class=\"wp-block-columns is-layout-flex wp-container-core-columns-is-layout-9d6595d7 wp-block-columns-is-layout-flex\">\n<div class=\"wp-block-column is-layout-flow wp-block-column-is-layout-flow\"><div class=\"wp-block-image\">\n<figure class=\"alignleft\"><img decoding=\"async\" width=\"300\" height=\"70\" src=\"\/wp-content\/uploads\/2018\/04\/Wikimedia_Foundation_logo_-_horizontal.svg_-300x70.png\" alt=\"\" class=\"wp-image-1036\" srcset=\"https:\/\/www.wikiesfera.org\/wp-content\/uploads\/2018\/04\/Wikimedia_Foundation_logo_-_horizontal.svg_-300x70.png 300w, https:\/\/www.wikiesfera.org\/wp-content\/uploads\/2018\/04\/Wikimedia_Foundation_logo_-_horizontal.svg_-768x179.png 768w, https:\/\/www.wikiesfera.org\/wp-content\/uploads\/2018\/04\/Wikimedia_Foundation_logo_-_horizontal.svg_-1024x238.png 1024w, https:\/\/www.wikiesfera.org\/wp-content\/uploads\/2018\/04\/Wikimedia_Foundation_logo_-_horizontal.svg_-150x35.png 150w, https:\/\/www.wikiesfera.org\/wp-content\/uploads\/2018\/04\/Wikimedia_Foundation_logo_-_horizontal.svg_-400x93.png 400w, https:\/\/www.wikiesfera.org\/wp-content\/uploads\/2018\/04\/Wikimedia_Foundation_logo_-_horizontal.svg_.png 2000w\" sizes=\"(max-width: 300px) 100vw, 300px\" \/><\/figure><\/div><\/div>\n\n\n\n<div class=\"wp-block-column is-layout-flow wp-block-column-is-layout-flow\"><div class=\"wp-block-image\">\n<figure class=\"alignleft is-resized\"><img fetchpriority=\"high\" decoding=\"async\" width=\"300\" height=\"300\" src=\"\/wp-content\/uploads\/2022\/09\/logo-lafabulosa_redondo-300x300.png\" alt=\"\" class=\"wp-image-3508\" style=\"width:90px;height:auto\" srcset=\"https:\/\/www.wikiesfera.org\/wp-content\/uploads\/2022\/09\/logo-lafabulosa_redondo-300x300.png 300w, https:\/\/www.wikiesfera.org\/wp-content\/uploads\/2022\/09\/logo-lafabulosa_redondo-1024x1024.png 1024w, https:\/\/www.wikiesfera.org\/wp-content\/uploads\/2022\/09\/logo-lafabulosa_redondo-150x150.png 150w, https:\/\/www.wikiesfera.org\/wp-content\/uploads\/2022\/09\/logo-lafabulosa_redondo-768x768.png 768w, https:\/\/www.wikiesfera.org\/wp-content\/uploads\/2022\/09\/logo-lafabulosa_redondo-1536x1536.png 1536w, https:\/\/www.wikiesfera.org\/wp-content\/uploads\/2022\/09\/logo-lafabulosa_redondo-400x400.png 400w, https:\/\/www.wikiesfera.org\/wp-content\/uploads\/2022\/09\/logo-lafabulosa_redondo.png 2048w\" sizes=\"(max-width: 300px) 100vw, 300px\" \/><\/figure><\/div><\/div>\n\n\n\n<div class=\"wp-block-column is-layout-flow wp-block-column-is-layout-flow\"><\/div>\n\n\n\n<div class=\"wp-block-column is-layout-flow wp-block-column-is-layout-flow\"><\/div>\n<\/div>\n\n\n\n<p>&nbsp; &nbsp; &nbsp;<\/p>\n","protected":false},"excerpt":{"rendered":"<p>&gt; Tem\u00e1tica Aprovechando el D\u00eda Mundial del Teatro, que se celebra cada 27 de marzo, el pasado lunes d\u00eda 27 desde las 18 horas dedicamos desde Wikiesfera una jornada a visibilizar en Wikipedia, mediante la traducci\u00f3n de art\u00edculos, las biograf\u00edas de mujeres dramaturgas y directoras de teatro. &gt; Resultados &gt; Colaboran &nbsp; &nbsp; &nbsp;<\/p>\n","protected":false},"author":1,"featured_media":11668,"comment_status":"open","ping_status":"closed","template":"","format":"gallery","meta":{"_coblocks_attr":"","_coblocks_dimensions":"","_coblocks_responsive_height":"","_coblocks_accordion_ie_support":"","footnotes":""},"class_list":["post-4041","portfolio","type-portfolio","status-publish","format-gallery","has-post-thumbnail","hentry","portfolio_category-208","portfolio_category-editatonas","portfolio_category-glam","portfolio_category-la-fabulosa","portfolio-entry","span_1_of_4 col clr"],"_links":{"self":[{"href":"https:\/\/www.wikiesfera.org\/es\/wp-json\/wp\/v2\/portfolio\/4041","targetHints":{"allow":["GET"]}}],"collection":[{"href":"https:\/\/www.wikiesfera.org\/es\/wp-json\/wp\/v2\/portfolio"}],"about":[{"href":"https:\/\/www.wikiesfera.org\/es\/wp-json\/wp\/v2\/types\/portfolio"}],"author":[{"embeddable":true,"href":"https:\/\/www.wikiesfera.org\/es\/wp-json\/wp\/v2\/users\/1"}],"replies":[{"embeddable":true,"href":"https:\/\/www.wikiesfera.org\/es\/wp-json\/wp\/v2\/comments?post=4041"}],"version-history":[{"count":8,"href":"https:\/\/www.wikiesfera.org\/es\/wp-json\/wp\/v2\/portfolio\/4041\/revisions"}],"predecessor-version":[{"id":10634,"href":"https:\/\/www.wikiesfera.org\/es\/wp-json\/wp\/v2\/portfolio\/4041\/revisions\/10634"}],"wp:featuredmedia":[{"embeddable":true,"href":"https:\/\/www.wikiesfera.org\/es\/wp-json\/wp\/v2\/media\/11668"}],"wp:attachment":[{"href":"https:\/\/www.wikiesfera.org\/es\/wp-json\/wp\/v2\/media?parent=4041"}],"curies":[{"name":"wp","href":"https:\/\/api.w.org\/{rel}","templated":true}]}}

<h1 id="gt-tematica" class="wp-block-heading"><strong>&gt; Temática</strong></h1>



<p>Aprovechando el <strong><a href="https://es.wikipedia.org/wiki/D%C3%ADa_Mundial_del_Teatro" target="_blank" rel="noopener">Día Mundial del Teatro</a></strong>, que se celebra cada <strong>27 de marzo</strong>, el pasado lunes día 27 desde las 18 horas dedicamos desde Wikiesfera una jornada a<strong> visibilizar en Wikipedia</strong>, mediante la traducción de artículos, las <strong>biografías de mujeres dramaturgas y directoras de teatro</strong>.</p>



<hr class="wp-block-separator has-alpha-channel-opacity"/>



<h1 id="gt-resultados" class="wp-block-heading"><strong>&gt; Resultados</strong></h1>



<ul class="wp-block-list">
<li>Número de <strong><b><u>PARTICIPANTES:</u></b> 9</strong></li>



<li>Número de <span style="text-decoration: underline;"><strong>ARTÍCULOS </strong></span><strong><u>TRADUCIDOS:</u> 9</strong></li>
</ul>



<ol class="wp-block-list">
<li><a href="https://es.wikipedia.org/wiki/Ad%C3%A8le_Daminois" target="_blank" rel="noopener">Adèle Daminois</a> (1789-1876)</li>



<li><a href="https://es.wikipedia.org/wiki/Ant%C3%B3nia_Pusich" target="_blank" rel="noopener">Antónia Pusich</a> (1805-1883)</li>



<li><a href="https://es.wikipedia.org/wiki/Beatrice_Kaufman" target="_blank" rel="noopener">Beatrice Kaufman</a> (1895-1945)</li>



<li><a href="https://es.wikipedia.org/wiki/Sibyl_Moholy-Nagy" target="_blank" rel="noopener">Sibyl Moholy-Nagy</a> (1903-1971)</li>



<li><a href="https://es.wikipedia.org/wiki/Betty_Roland" target="_blank" rel="noopener">Betty Roland</a> (1903-1996)</li>



<li><a href="https://es.wikipedia.org/wiki/Akiko_Baba" target="_blank" rel="noopener">Akiko Baba</a> (1928)</li>



<li><a href="https://es.wikipedia.org/wiki/Imma_Ant%C3%B3nio_Souto" target="_blank" rel="noopener">Imma António Souto</a> (1968)</li>



<li><a href="https://es.wikipedia.org/wiki/Judith_Adong" target="_blank" rel="noopener">Judith Adong</a></li>



<li><a href="https://es.wikipedia.org/wiki/Representaci%C3%B3n_de_la_mujer_en_la_tragedia_ateniense" target="_blank" rel="noopener">Representación de la mujer en la tragedia ateniense</a></li>
</ol>



<hr class="wp-block-separator has-alpha-channel-opacity"/>



<h1 id="gt-colaboran" class="wp-block-heading"><strong>&gt; Colaboran</strong></h1>



<div class="wp-block-columns is-layout-flex wp-container-core-columns-is-layout-9d6595d7 wp-block-columns-is-layout-flex">
<div class="wp-block-column is-layout-flow wp-block-column-is-layout-flow"><div class="wp-block-image">
<figure class="alignleft"><img decoding="async" width="300" height="70" src="/wp-content/uploads/2018/04/Wikimedia_Foundation_logo_-_horizontal.svg_-300x70.png" alt="" class="wp-image-1036" srcset="https://www.wikiesfera.org/wp-content/uploads/2018/04/Wikimedia_Foundation_logo_-_horizontal.svg_-300x70.png 300w, https://www.wikiesfera.org/wp-content/uploads/2018/04/Wikimedia_Foundation_logo_-_horizontal.svg_-768x179.png 768w, https://www.wikiesfera.org/wp-content/uploads/2018/04/Wikimedia_Foundation_logo_-_horizontal.svg_-1024x238.png 1024w, https://www.wikiesfera.org/wp-content/uploads/2018/04/Wikimedia_Foundation_logo_-_horizontal.svg_-150x35.png 150w, https://www.wikiesfera.org/wp-content/uploads/2018/04/Wikimedia_Foundation_logo_-_horizontal.svg_-400x93.png 400w, https://www.wikiesfera.org/wp-content/uploads/2018/04/Wikimedia_Foundation_logo_-_horizontal.svg_.png 2000w" sizes="(max-width: 300px) 100vw, 300px" /></figure></div></div>



<div class="wp-block-column is-layout-flow wp-block-column-is-layout-flow"><div class="wp-block-image">
<figure class="alignleft is-resized"><img fetchpriority="high" decoding="async" width="300" height="300" src="/wp-content/uploads/2022/09/logo-lafabulosa_redondo-300x300.png" alt="" class="wp-image-3508" style="width:90px;height:auto" srcset="https://www.wikiesfera.org/wp-content/uploads/2022/09/logo-lafabulosa_redondo-300x300.png 300w, https://www.wikiesfera.org/wp-content/uploads/2022/09/logo-lafabulosa_redondo-1024x1024.png 1024w, https://www.wikiesfera.org/wp-content/uploads/2022/09/logo-lafabulosa_redondo-150x150.png 150w, https://www.wikiesfera.org/wp-content/uploads/2022/09/logo-lafabulosa_redondo-768x768.png 768w, https://www.wikiesfera.org/wp-content/uploads/2022/09/logo-lafabulosa_redondo-1536x1536.png 1536w, https://www.wikiesfera.org/wp-content/uploads/2022/09/logo-lafabulosa_redondo-400x400.png 400w, https://www.wikiesfera.org/wp-content/uploads/2022/09/logo-lafabulosa_redondo.png 2048w" sizes="(max-width: 300px) 100vw, 300px" /></figure></div></div>



<div class="wp-block-column is-layout-flow wp-block-column-is-layout-flow"></div>



<div class="wp-block-column is-layout-flow wp-block-column-is-layout-flow"></div>
</div>



<p>&nbsp; &nbsp; &nbsp;</p>

<p>&gt; Temática Aprovechando el Día Mundial del Teatro, que se celebra cada 27 de marzo, el pasado lunes día 27 desde las 18 horas dedicamos desde Wikiesfera una jornada a visibilizar en Wikipedia, mediante la traducción de artículos, las biografías de mujeres dramaturgas y directoras de teatro. &gt; Resultados &gt; Colaboran &nbsp; &nbsp; &nbsp;</p>
