{"id":3870,"date":"2023-03-10T12:38:31","date_gmt":"2023-03-10T12:38:31","guid":{"rendered":"https:\/\/www.wikiesfera.org\/?post_type=portfolio&#038;p=3870"},"modified":"2025-12-23T21:21:36","modified_gmt":"2025-12-23T21:21:36","slug":"editatona-de-artistas-de-malaga-8m","status":"publish","type":"portfolio","link":"https:\/\/www.wikiesfera.org\/es\/portfolio-item\/editatona-de-artistas-de-malaga-8m\/","title":{"rendered":"Editatona de artistas de M\u00e1laga #8M"},"content":{"rendered":"\n<h1 id=\"gt-tematica\" class=\"wp-block-heading\"><strong>&gt; Tem\u00e1tica<\/strong><\/h1>\n\n\n\n<h1 id=\"\" class=\"wp-block-heading\"><strong><figure><img fetchpriority=\"high\" decoding=\"async\" class=\"size-medium wp-image-3881 alignright\" src=\"http:\/\/www.wikiesfera.org\/wp-content\/uploads\/2023\/03\/hexagono-termica-300x300.png\" alt=\"\" width=\"300\" height=\"300\" srcset=\"https:\/\/www.wikiesfera.org\/wp-content\/uploads\/2023\/03\/hexagono-termica-300x300.png 300w, https:\/\/www.wikiesfera.org\/wp-content\/uploads\/2023\/03\/hexagono-termica-150x150.png 150w, https:\/\/www.wikiesfera.org\/wp-content\/uploads\/2023\/03\/hexagono-termica-400x400.png 400w, https:\/\/www.wikiesfera.org\/wp-content\/uploads\/2023\/03\/hexagono-termica.png 600w\" sizes=\"(max-width: 300px) 100vw, 300px\" \/><\/figure><\/strong><\/h1>\n\n\n\n<p>El pasado mi\u00e9rcoles 8 de marzo, con motivo del <strong><a href=\"https:\/\/es.wikipedia.org\/wiki\/D%C3%ADa_Internacional_de_la_Mujer\" target=\"_blank\" rel=\"noreferrer noopener\">D\u00eda Internacional de la Mujer Trabajadora<\/a><\/strong>, el centro de creaci\u00f3n y producci\u00f3n cultural contempor\u00e1nea <strong>La T\u00e9rmica<\/strong> (<a href=\"https:\/\/www.wikiesfera.org\/portfolio-item\/editatona-de-mujeres-stem-13f-2023\/\" target=\"_blank\" rel=\"noopener\">@latermicamalaga<\/a>) de la <strong>Diputaci\u00f3n de M\u00e1laga<\/strong> (<a href=\"https:\/\/www.instagram.com\/diputacionmlg\/\" target=\"_blank\" rel=\"noopener\">@diputacionmlg<\/a>) organiz\u00f3 una editatona dedicada a <strong>mujeres artistas de M\u00e1laga<\/strong> para hacer visible la ausencia de contenido relacionado con ellas en Wikipedia. La actividad se realiz\u00f3 de manera presencial en una de las salas del hist\u00f3rico edificio que acoge el espacio cultural desde 2013, y como parte de la programaci\u00f3n del D\u00eda de la Mujer.<\/p>\n\n\n\n<hr class=\"wp-block-separator has-alpha-channel-opacity\"\/>\n\n\n\n<h1 id=\"gt-resultados\" class=\"wp-block-heading\"><strong>&gt; Resultados<\/strong><\/h1>\n\n\n\n<ul class=\"wp-block-list\">\n<li>N\u00famero de <strong><u>PARTICIPANTES:<\/u> 5<\/strong><\/li>\n\n\n\n<li>N\u00famero de <strong><span style=\"text-decoration: underline;\">ART\u00cdCULOS <\/span><u>CREADOS:<\/u> 3<\/strong><\/li>\n<\/ul>\n\n\n\n<ol class=\"wp-block-list\">\n<li><a href=\"https:\/\/es.wikipedia.org\/wiki\/Amparo_Heredia\" target=\"_blank\" rel=\"noopener\">Amparo Heredia \u201cLa Repompilla\u201d<\/a> (1970) | cantaora<\/li>\n\n\n\n<li><a href=\"https:\/\/es.wikipedia.org\/wiki\/Cristina_Domenech\" target=\"_blank\" rel=\"noopener\">Cristina Domenech<\/a> (1987) | escritora<\/li>\n\n\n\n<li><a href=\"https:\/\/es.wikipedia.org\/wiki\/Marina_Par%C3%A9s\" target=\"_blank\" rel=\"noopener\">Marina Par\u00e9s Pulido<\/a> (1992) | guionista<\/li>\n<\/ol>\n\n\n\n<hr class=\"wp-block-separator has-alpha-channel-opacity\"\/>\n\n\n\n<h1 id=\"gt-dialogo\" class=\"wp-block-heading\"><strong>&gt; Di\u00e1logo<\/strong><\/h1>\n\n\n\n<p>Esta editatona se enmarc\u00f3 en la semana de reivindicaci\u00f3n feminista del 8 de marzo, y al d\u00eda siguiente de la actividad, tuvo lugar un di\u00e1logo entre la artista <strong>Mar\u00eda Gimeno <\/strong>(<a href=\"https:\/\/www.instagram.com\/mariagimenoart\/\" target=\"_blank\" rel=\"noopener\">@mariagimenoart<\/a>), la actriz <strong>Nathalie Poza<\/strong>&nbsp;(<a href=\"https:\/\/www.instagram.com\/nathaliepoza\/\" target=\"_blank\" rel=\"noopener\">@nathaliepoza<\/a>) y la fundadora de Wikiesfera, <strong>Patricia Horrillo<\/strong> (<a href=\"https:\/\/www.instagram.com\/patrihorrillo\/\" target=\"_blank\" rel=\"noopener\">@patrihorrillo<\/a>), conducido por el artista y gestor cultural <strong>Mart\u00edn Moniche<\/strong> (<a href=\"https:\/\/www.instagram.com\/martinmoniche\/\" target=\"_blank\" rel=\"noopener\">@martinmoniche<\/a>). La conversaci\u00f3n, titulada <strong><em>\u2018Mujeres visibles\u2019<\/em><\/strong>, gir\u00f3 alrededor de la visibilidad e invisibilidad de las mujeres en el mundo del arte, la cultura y la tecnolog\u00eda.<\/p>\n\n\n\n<p><iframe src=\"https:\/\/www.youtube.com\/embed\/ZFm5nG0YRls\" width=\"560\" height=\"315\" frameborder=\"0\" allowfullscreen=\"allowfullscreen\" data-mce-fragment=\"1\">&lt;span data-mce-type=\u00bbbookmark\u00bb style=\u00bbdisplay: inline-block; width: 0px; overflow: hidden; line-height: 0;\u00bb class=\u00bbmce_SELRES_start\u00bb>&lt;\/span>&lt;span data-mce-type=\u00bbbookmark\u00bb style=\u00bbdisplay: inline-block; width: 0px; overflow: hidden; line-height: 0;\u00bb class=\u00bbmce_SELRES_start\u00bb>&lt;\/span>&lt;span data-mce-type=\u00bbbookmark\u00bb style=\u00bbdisplay: inline-block; width: 0px; overflow: hidden; line-height: 0;\u00bb class=\u00bbmce_SELRES_start\u00bb>&lt;\/span>&lt;span data-mce-type=\u00bbbookmark\u00bb style=\u00bbdisplay: inline-block; width: 0px; overflow: hidden; line-height: 0;\u00bb class=\u00bbmce_SELRES_start\u00bb>&lt;\/span>&lt;span data-mce-type=\u00bbbookmark\u00bb style=\u00bbdisplay: inline-block; width: 0px; overflow: hidden; line-height: 0;\u00bb class=\u00bbmce_SELRES_start\u00bb>&lt;\/span><\/iframe><\/p>\n\n\n\n<hr class=\"wp-block-separator has-alpha-channel-opacity\"\/>\n\n\n\n<h1 id=\"gt-colaboran\" class=\"wp-block-heading\"><strong>&gt; Colaboran<\/strong><\/h1>\n\n\n\n<div class=\"wp-block-columns is-layout-flex wp-container-core-columns-is-layout-9d6595d7 wp-block-columns-is-layout-flex\">\n<div class=\"wp-block-column is-layout-flow wp-block-column-is-layout-flow\"><div class=\"wp-block-image\">\n<figure class=\"alignleft\"><img decoding=\"async\" width=\"300\" height=\"54\" src=\"http:\/\/www.wikiesfera.org\/wp-content\/uploads\/2023\/03\/LOGO-la-termica-300x54.png\" alt=\"\" class=\"wp-image-3871\" srcset=\"https:\/\/www.wikiesfera.org\/wp-content\/uploads\/2023\/03\/LOGO-la-termica-300x54.png 300w, https:\/\/www.wikiesfera.org\/wp-content\/uploads\/2023\/03\/LOGO-la-termica-150x27.png 150w, https:\/\/www.wikiesfera.org\/wp-content\/uploads\/2023\/03\/LOGO-la-termica.png 363w\" sizes=\"(max-width: 300px) 100vw, 300px\" \/><\/figure><\/div><\/div>\n\n\n\n<div class=\"wp-block-column is-layout-flow wp-block-column-is-layout-flow\"><div class=\"wp-block-image\">\n<figure class=\"alignleft\"><img decoding=\"async\" width=\"300\" height=\"70\" src=\"\/wp-content\/uploads\/2018\/04\/Wikimedia_Foundation_logo_-_horizontal.svg_-300x70.png\" alt=\"\" class=\"wp-image-1036\" srcset=\"https:\/\/www.wikiesfera.org\/wp-content\/uploads\/2018\/04\/Wikimedia_Foundation_logo_-_horizontal.svg_-300x70.png 300w, https:\/\/www.wikiesfera.org\/wp-content\/uploads\/2018\/04\/Wikimedia_Foundation_logo_-_horizontal.svg_-768x179.png 768w, https:\/\/www.wikiesfera.org\/wp-content\/uploads\/2018\/04\/Wikimedia_Foundation_logo_-_horizontal.svg_-1024x238.png 1024w, https:\/\/www.wikiesfera.org\/wp-content\/uploads\/2018\/04\/Wikimedia_Foundation_logo_-_horizontal.svg_-150x35.png 150w, https:\/\/www.wikiesfera.org\/wp-content\/uploads\/2018\/04\/Wikimedia_Foundation_logo_-_horizontal.svg_-400x93.png 400w, https:\/\/www.wikiesfera.org\/wp-content\/uploads\/2018\/04\/Wikimedia_Foundation_logo_-_horizontal.svg_.png 2000w\" sizes=\"(max-width: 300px) 100vw, 300px\" \/><\/figure><\/div><\/div>\n\n\n\n<div class=\"wp-block-column is-layout-flow wp-block-column-is-layout-flow\"><\/div>\n\n\n\n<div class=\"wp-block-column is-layout-flow wp-block-column-is-layout-flow\"><\/div>\n<\/div>\n\n\n\n<p><\/p>\n","protected":false},"excerpt":{"rendered":"<p>&gt; Tem\u00e1tica El pasado mi\u00e9rcoles 8 de marzo, con motivo del D\u00eda Internacional de la Mujer Trabajadora, el centro de creaci\u00f3n y producci\u00f3n cultural contempor\u00e1nea La T\u00e9rmica (@latermicamalaga) de la Diputaci\u00f3n de M\u00e1laga (@diputacionmlg) organiz\u00f3 una editatona dedicada a mujeres artistas de M\u00e1laga para hacer visible la ausencia de contenido relacionado con ellas en Wikipedia. [&hellip;]<\/p>\n","protected":false},"author":1,"featured_media":3886,"comment_status":"closed","ping_status":"closed","template":"","format":"gallery","meta":{"_coblocks_attr":"","_coblocks_dimensions":"","_coblocks_responsive_height":"","_coblocks_accordion_ie_support":"","footnotes":""},"class_list":["post-3870","portfolio","type-portfolio","status-publish","format-gallery","has-post-thumbnail","hentry","portfolio_category-208","portfolio_category-editatonas","portfolio_category-glam","portfolio_category-la-termica","portfolio-entry","span_1_of_4 col clr"],"_links":{"self":[{"href":"https:\/\/www.wikiesfera.org\/es\/wp-json\/wp\/v2\/portfolio\/3870","targetHints":{"allow":["GET"]}}],"collection":[{"href":"https:\/\/www.wikiesfera.org\/es\/wp-json\/wp\/v2\/portfolio"}],"about":[{"href":"https:\/\/www.wikiesfera.org\/es\/wp-json\/wp\/v2\/types\/portfolio"}],"author":[{"embeddable":true,"href":"https:\/\/www.wikiesfera.org\/es\/wp-json\/wp\/v2\/users\/1"}],"replies":[{"embeddable":true,"href":"https:\/\/www.wikiesfera.org\/es\/wp-json\/wp\/v2\/comments?post=3870"}],"version-history":[{"count":15,"href":"https:\/\/www.wikiesfera.org\/es\/wp-json\/wp\/v2\/portfolio\/3870\/revisions"}],"predecessor-version":[{"id":10635,"href":"https:\/\/www.wikiesfera.org\/es\/wp-json\/wp\/v2\/portfolio\/3870\/revisions\/10635"}],"wp:featuredmedia":[{"embeddable":true,"href":"https:\/\/www.wikiesfera.org\/es\/wp-json\/wp\/v2\/media\/3886"}],"wp:attachment":[{"href":"https:\/\/www.wikiesfera.org\/es\/wp-json\/wp\/v2\/media?parent=3870"}],"curies":[{"name":"wp","href":"https:\/\/api.w.org\/{rel}","templated":true}]}}

Editatona de artistas de Málaga #8M

<h1 id="gt-tematica" class="wp-block-heading"><strong>&gt; Temática</strong></h1>



<h1 id="" class="wp-block-heading"><strong><figure><img fetchpriority="high" decoding="async" class="size-medium wp-image-3881 alignright" src="http://www.wikiesfera.org/wp-content/uploads/2023/03/hexagono-termica-300x300.png" alt="" width="300" height="300" srcset="https://www.wikiesfera.org/wp-content/uploads/2023/03/hexagono-termica-300x300.png 300w, https://www.wikiesfera.org/wp-content/uploads/2023/03/hexagono-termica-150x150.png 150w, https://www.wikiesfera.org/wp-content/uploads/2023/03/hexagono-termica-400x400.png 400w, https://www.wikiesfera.org/wp-content/uploads/2023/03/hexagono-termica.png 600w" sizes="(max-width: 300px) 100vw, 300px" /></figure></strong></h1>



<p>El pasado miércoles 8 de marzo, con motivo del <strong><a href="https://es.wikipedia.org/wiki/D%C3%ADa_Internacional_de_la_Mujer" target="_blank" rel="noreferrer noopener">Día Internacional de la Mujer Trabajadora</a></strong>, el centro de creación y producción cultural contemporánea <strong>La Térmica</strong> (<a href="https://www.wikiesfera.org/portfolio-item/editatona-de-mujeres-stem-13f-2023/" target="_blank" rel="noopener">@latermicamalaga</a>) de la <strong>Diputación de Málaga</strong> (<a href="https://www.instagram.com/diputacionmlg/" target="_blank" rel="noopener">@diputacionmlg</a>) organizó una editatona dedicada a <strong>mujeres artistas de Málaga</strong> para hacer visible la ausencia de contenido relacionado con ellas en Wikipedia. La actividad se realizó de manera presencial en una de las salas del histórico edificio que acoge el espacio cultural desde 2013, y como parte de la programación del Día de la Mujer.</p>



<hr class="wp-block-separator has-alpha-channel-opacity"/>



<h1 id="gt-resultados" class="wp-block-heading"><strong>&gt; Resultados</strong></h1>



<ul class="wp-block-list">
<li>Número de <strong><u>PARTICIPANTES:</u> 5</strong></li>



<li>Número de <strong><span style="text-decoration: underline;">ARTÍCULOS </span><u>CREADOS:</u> 3</strong></li>
</ul>



<ol class="wp-block-list">
<li><a href="https://es.wikipedia.org/wiki/Amparo_Heredia" target="_blank" rel="noopener">Amparo Heredia “La Repompilla”</a> (1970) | cantaora</li>



<li><a href="https://es.wikipedia.org/wiki/Cristina_Domenech" target="_blank" rel="noopener">Cristina Domenech</a> (1987) | escritora</li>



<li><a href="https://es.wikipedia.org/wiki/Marina_Par%C3%A9s" target="_blank" rel="noopener">Marina Parés Pulido</a> (1992) | guionista</li>
</ol>



<hr class="wp-block-separator has-alpha-channel-opacity"/>



<h1 id="gt-dialogo" class="wp-block-heading"><strong>&gt; Diálogo</strong></h1>



<p>Esta editatona se enmarcó en la semana de reivindicación feminista del 8 de marzo, y al día siguiente de la actividad, tuvo lugar un diálogo entre la artista <strong>María Gimeno </strong>(<a href="https://www.instagram.com/mariagimenoart/" target="_blank" rel="noopener">@mariagimenoart</a>), la actriz <strong>Nathalie Poza</strong>&nbsp;(<a href="https://www.instagram.com/nathaliepoza/" target="_blank" rel="noopener">@nathaliepoza</a>) y la fundadora de Wikiesfera, <strong>Patricia Horrillo</strong> (<a href="https://www.instagram.com/patrihorrillo/" target="_blank" rel="noopener">@patrihorrillo</a>), conducido por el artista y gestor cultural <strong>Martín Moniche</strong> (<a href="https://www.instagram.com/martinmoniche/" target="_blank" rel="noopener">@martinmoniche</a>). La conversación, titulada <strong><em>‘Mujeres visibles’</em></strong>, giró alrededor de la visibilidad e invisibilidad de las mujeres en el mundo del arte, la cultura y la tecnología.</p>



<p><iframe src="https://www.youtube.com/embed/ZFm5nG0YRls" width="560" height="315" frameborder="0" allowfullscreen="allowfullscreen" data-mce-fragment="1">&lt;span data-mce-type=»bookmark» style=»display: inline-block; width: 0px; overflow: hidden; line-height: 0;» class=»mce_SELRES_start»>&lt;/span>&lt;span data-mce-type=»bookmark» style=»display: inline-block; width: 0px; overflow: hidden; line-height: 0;» class=»mce_SELRES_start»>&lt;/span>&lt;span data-mce-type=»bookmark» style=»display: inline-block; width: 0px; overflow: hidden; line-height: 0;» class=»mce_SELRES_start»>&lt;/span>&lt;span data-mce-type=»bookmark» style=»display: inline-block; width: 0px; overflow: hidden; line-height: 0;» class=»mce_SELRES_start»>&lt;/span>&lt;span data-mce-type=»bookmark» style=»display: inline-block; width: 0px; overflow: hidden; line-height: 0;» class=»mce_SELRES_start»>&lt;/span></iframe></p>



<hr class="wp-block-separator has-alpha-channel-opacity"/>



<h1 id="gt-colaboran" class="wp-block-heading"><strong>&gt; Colaboran</strong></h1>



<div class="wp-block-columns is-layout-flex wp-container-core-columns-is-layout-9d6595d7 wp-block-columns-is-layout-flex">
<div class="wp-block-column is-layout-flow wp-block-column-is-layout-flow"><div class="wp-block-image">
<figure class="alignleft"><img decoding="async" width="300" height="54" src="http://www.wikiesfera.org/wp-content/uploads/2023/03/LOGO-la-termica-300x54.png" alt="" class="wp-image-3871" srcset="https://www.wikiesfera.org/wp-content/uploads/2023/03/LOGO-la-termica-300x54.png 300w, https://www.wikiesfera.org/wp-content/uploads/2023/03/LOGO-la-termica-150x27.png 150w, https://www.wikiesfera.org/wp-content/uploads/2023/03/LOGO-la-termica.png 363w" sizes="(max-width: 300px) 100vw, 300px" /></figure></div></div>



<div class="wp-block-column is-layout-flow wp-block-column-is-layout-flow"><div class="wp-block-image">
<figure class="alignleft"><img decoding="async" width="300" height="70" src="/wp-content/uploads/2018/04/Wikimedia_Foundation_logo_-_horizontal.svg_-300x70.png" alt="" class="wp-image-1036" srcset="https://www.wikiesfera.org/wp-content/uploads/2018/04/Wikimedia_Foundation_logo_-_horizontal.svg_-300x70.png 300w, https://www.wikiesfera.org/wp-content/uploads/2018/04/Wikimedia_Foundation_logo_-_horizontal.svg_-768x179.png 768w, https://www.wikiesfera.org/wp-content/uploads/2018/04/Wikimedia_Foundation_logo_-_horizontal.svg_-1024x238.png 1024w, https://www.wikiesfera.org/wp-content/uploads/2018/04/Wikimedia_Foundation_logo_-_horizontal.svg_-150x35.png 150w, https://www.wikiesfera.org/wp-content/uploads/2018/04/Wikimedia_Foundation_logo_-_horizontal.svg_-400x93.png 400w, https://www.wikiesfera.org/wp-content/uploads/2018/04/Wikimedia_Foundation_logo_-_horizontal.svg_.png 2000w" sizes="(max-width: 300px) 100vw, 300px" /></figure></div></div>



<div class="wp-block-column is-layout-flow wp-block-column-is-layout-flow"></div>



<div class="wp-block-column is-layout-flow wp-block-column-is-layout-flow"></div>
</div>



<p></p>

<p>&gt; Temática El pasado miércoles 8 de marzo, con motivo del Día Internacional de la Mujer Trabajadora, el centro de creación y producción cultural contemporánea La Térmica (@latermicamalaga) de la Diputación de Málaga (@diputacionmlg) organizó una editatona dedicada a mujeres artistas de Málaga para hacer visible la ausencia de contenido relacionado con ellas en Wikipedia. [&hellip;]</p>
