{"id":3834,"date":"2023-02-11T08:41:26","date_gmt":"2023-02-11T08:41:26","guid":{"rendered":"https:\/\/www.wikiesfera.org\/?post_type=portfolio&#038;p=3834"},"modified":"2025-12-23T21:22:33","modified_gmt":"2025-12-23T21:22:33","slug":"editatona-de-canarias-stem-10f","status":"publish","type":"portfolio","link":"https:\/\/www.wikiesfera.org\/es\/portfolio-item\/editatona-de-canarias-stem-10f\/","title":{"rendered":"Editatona de canarias STEM #10F"},"content":{"rendered":"\n<h1 id=\"gt-tematica\" class=\"wp-block-heading\"><strong>&gt; Tem\u00e1tica<\/strong><\/h1>\n\n\n<div class=\"wp-block-image\">\n<figure class=\"alignright\"><img fetchpriority=\"high\" decoding=\"async\" width=\"300\" height=\"300\" src=\"http:\/\/www.wikiesfera.org\/wp-content\/uploads\/2022\/02\/3331972-300x300.jpeg\" alt=\"\" class=\"wp-image-2748\" srcset=\"https:\/\/www.wikiesfera.org\/wp-content\/uploads\/2022\/02\/3331972-300x300.jpeg 300w, https:\/\/www.wikiesfera.org\/wp-content\/uploads\/2022\/02\/3331972-1024x1024.jpeg 1024w, https:\/\/www.wikiesfera.org\/wp-content\/uploads\/2022\/02\/3331972-150x150.jpeg 150w, https:\/\/www.wikiesfera.org\/wp-content\/uploads\/2022\/02\/3331972-768x768.jpeg 768w, https:\/\/www.wikiesfera.org\/wp-content\/uploads\/2022\/02\/3331972-1536x1536.jpeg 1536w, https:\/\/www.wikiesfera.org\/wp-content\/uploads\/2022\/02\/3331972-400x400.jpeg 400w, https:\/\/www.wikiesfera.org\/wp-content\/uploads\/2022\/02\/3331972.jpeg 2000w\" sizes=\"(max-width: 300px) 100vw, 300px\" \/><\/figure><\/div>\n\n\n<p>El pasado viernes 10 de febrero, con el <strong><a href=\"https:\/\/www.ull.es\/institutos\/instituto-universitario-estudios-mujeres\/\" target=\"_blank\" rel=\"noreferrer noopener\">Instituto Universitario de Estudios de las Mujeres<\/a><\/strong> (IUEM) y la <strong><a href=\"https:\/\/www.ull.es\/centros\/facultad-educacion\/\" target=\"_blank\" rel=\"noreferrer noopener\">Facultad de Educaci\u00f3n<\/a><\/strong> de la <strong>Universidad de La Laguna<\/strong> (ULL)&nbsp;dedicamos una jornada presencial a las <strong>mujeres STEM<\/strong> para hacer visible su ausencia en Wikipedia y compartir la necesidad de que eso cambie.<\/p>\n\n\n\n<p>Esta actividad se enmarca dentro del <strong><a href=\"https:\/\/es.wikipedia.org\/wiki\/D%C3%ADa_Internacional_de_la_Mujer_y_la_Ni%C3%B1a_en_la_Ciencia\" target=\"_blank\" rel=\"noopener\">D\u00eda Internacional de la Mujer y la Ni\u00f1a en la Ciencia<\/a><\/strong>, que se celebra cada <a href=\"https:\/\/11defebrero.org\/\" target=\"_blank\" rel=\"noopener\">11 de febrero<\/a> (<a href=\"https:\/\/twitter.com\/11defebreroES\" target=\"_blank\" rel=\"noopener\">@11defebreroES<\/a>), <em>\u00abcon el fin de lograr el acceso y la participaci\u00f3n plena y equitativa en la ciencia para las mujeres y las ni\u00f1as, adem\u00e1s para lograr la igualdad de g\u00e9nero y el empoderamiento de las mujeres y las ni\u00f1as\u00bb<\/em>.<\/p>\n\n\n\n<hr class=\"wp-block-separator has-alpha-channel-opacity\"\/>\n\n\n\n<h1 id=\"gt-resultados\" class=\"wp-block-heading\"><strong>&gt; Resultados<\/strong><\/h1>\n\n\n\n<ul class=\"wp-block-list\">\n<li>N\u00famero de <strong><span style=\"text-decoration: underline;\">PARTICIPANTES:<\/span> 6<\/strong><\/li>\n\n\n\n<li>N\u00famero de <strong><span style=\"text-decoration: underline;\">ART\u00cdCULOS CREADOS:<\/span> 5<\/strong><\/li>\n<\/ul>\n\n\n\n<ol class=\"wp-block-list\">\n<li><a href=\"https:\/\/es.wikipedia.org\/wiki\/Irene_Gonz%C3%A1lez_Hern%C3%A1ndez\" target=\"_blank\" rel=\"noopener\">Irene Gonz\u00e1lez Hern\u00e1ndez<\/a> (1969-2014)<\/li>\n\n\n\n<li><a href=\"https:\/\/es.wikipedia.org\/wiki\/Margarita_Ramos_Quintana\" target=\"_blank\" rel=\"noopener\">Margarita Isabel Ramos Quintana<\/a><\/li>\n\n\n\n<li><a href=\"https:\/\/es.wikipedia.org\/wiki\/Dulce_Gonz%C3%A1lez_Doreste\" target=\"_blank\" rel=\"noopener\">Dulce Mar\u00eda Gonz\u00e1lez Doreste<\/a><\/li>\n\n\n\n<li><a href=\"https:\/\/es.wikipedia.org\/wiki\/Esther_Torrado\" target=\"_blank\" rel=\"noopener\">Esther Torrado Mart\u00edn-Palomino<\/a><\/li>\n\n\n\n<li><a href=\"https:\/\/es.wikipedia.org\/wiki\/Carina_Gonz%C3%A1lez\" target=\"_blank\" rel=\"noopener\">Carina Soledad Gonz\u00e1lez Gonz\u00e1lez<\/a><\/li>\n<\/ol>\n\n\n\n<hr class=\"wp-block-separator has-alpha-channel-opacity\"\/>\n\n\n\n<h1 id=\"gt-en-los-medios\" class=\"wp-block-heading\"><strong>&gt; En los medios<\/strong><\/h1>\n\n\n\n<ul class=\"wp-block-list\">\n<li><a href=\"https:\/\/www.youtube.com\/watch?v=FV6u_4_h1Nk\" target=\"_blank\" rel=\"noopener\">Pieza en el informativo de&nbsp;TVE Canarias<\/a><\/li>\n\n\n\n<li><a href=\"https:\/\/www.rtve.es\/play\/audios\/canarias-informativos\/archipielago-noticias-canarias-10-02-23\/6807357\/\" target=\"_blank\" rel=\"noopener\">Entrevista en&nbsp;RNE Canarias&nbsp;(27&#8217;14\u00bb)<\/a><\/li>\n\n\n\n<li><a href=\"https:\/\/www.youtube.com\/watch?v=0yCkmbLH5fE\" target=\"_blank\" rel=\"noopener\">Entrevista en los informativos de&nbsp;TV Canarias<\/a><\/li>\n<\/ul>\n\n\n\n<hr class=\"wp-block-separator has-alpha-channel-opacity\"\/>\n\n\n\n<h1 id=\"gt-colaboran\" class=\"wp-block-heading\"><strong>&gt; Colaboran<\/strong><\/h1>\n\n\n\n<div class=\"wp-block-columns is-layout-flex wp-container-core-columns-is-layout-9d6595d7 wp-block-columns-is-layout-flex\">\n<div class=\"wp-block-column is-layout-flow wp-block-column-is-layout-flow\"><div class=\"wp-block-image\">\n<figure class=\"alignleft\"><img decoding=\"async\" width=\"250\" height=\"75\" src=\"http:\/\/www.wikiesfera.org\/wp-content\/uploads\/2023\/02\/logo-instituto-mujeres-la-laguna.png\" alt=\"\" class=\"wp-image-3835\" srcset=\"https:\/\/www.wikiesfera.org\/wp-content\/uploads\/2023\/02\/logo-instituto-mujeres-la-laguna.png 250w, https:\/\/www.wikiesfera.org\/wp-content\/uploads\/2023\/02\/logo-instituto-mujeres-la-laguna-150x45.png 150w\" sizes=\"(max-width: 250px) 100vw, 250px\" \/><\/figure><\/div><\/div>\n\n\n\n<div class=\"wp-block-column is-layout-flow wp-block-column-is-layout-flow\"><div class=\"wp-block-image\">\n<figure class=\"alignleft\"><img decoding=\"async\" width=\"300\" height=\"70\" src=\"\/wp-content\/uploads\/2018\/04\/Wikimedia_Foundation_logo_-_horizontal.svg_-300x70.png\" alt=\"\" class=\"wp-image-1036\" srcset=\"https:\/\/www.wikiesfera.org\/wp-content\/uploads\/2018\/04\/Wikimedia_Foundation_logo_-_horizontal.svg_-300x70.png 300w, https:\/\/www.wikiesfera.org\/wp-content\/uploads\/2018\/04\/Wikimedia_Foundation_logo_-_horizontal.svg_-768x179.png 768w, https:\/\/www.wikiesfera.org\/wp-content\/uploads\/2018\/04\/Wikimedia_Foundation_logo_-_horizontal.svg_-1024x238.png 1024w, https:\/\/www.wikiesfera.org\/wp-content\/uploads\/2018\/04\/Wikimedia_Foundation_logo_-_horizontal.svg_-150x35.png 150w, https:\/\/www.wikiesfera.org\/wp-content\/uploads\/2018\/04\/Wikimedia_Foundation_logo_-_horizontal.svg_-400x93.png 400w, https:\/\/www.wikiesfera.org\/wp-content\/uploads\/2018\/04\/Wikimedia_Foundation_logo_-_horizontal.svg_.png 2000w\" sizes=\"(max-width: 300px) 100vw, 300px\" \/><\/figure><\/div><\/div>\n\n\n\n<div class=\"wp-block-column is-layout-flow wp-block-column-is-layout-flow\"><\/div>\n\n\n\n<div class=\"wp-block-column is-layout-flow wp-block-column-is-layout-flow\"><\/div>\n<\/div>\n","protected":false},"excerpt":{"rendered":"<p>&gt; Tem\u00e1tica El pasado viernes 10 de febrero, con el Instituto Universitario de Estudios de las Mujeres (IUEM) y la Facultad de Educaci\u00f3n de la Universidad de La Laguna (ULL)&nbsp;dedicamos una jornada presencial a las mujeres STEM para hacer visible su ausencia en Wikipedia y compartir la necesidad de que eso cambie. Esta actividad se [&hellip;]<\/p>\n","protected":false},"author":1,"featured_media":4956,"comment_status":"closed","ping_status":"closed","template":"","format":"gallery","meta":{"_coblocks_attr":"","_coblocks_dimensions":"","_coblocks_responsive_height":"","_coblocks_accordion_ie_support":"","footnotes":""},"class_list":["post-3834","portfolio","type-portfolio","status-publish","format-gallery","has-post-thumbnail","hentry","portfolio_category-208","portfolio_category-editatonas","portfolio_category-genero","portfolio_category-stem","portfolio-entry","span_1_of_4 col clr"],"_links":{"self":[{"href":"https:\/\/www.wikiesfera.org\/es\/wp-json\/wp\/v2\/portfolio\/3834","targetHints":{"allow":["GET"]}}],"collection":[{"href":"https:\/\/www.wikiesfera.org\/es\/wp-json\/wp\/v2\/portfolio"}],"about":[{"href":"https:\/\/www.wikiesfera.org\/es\/wp-json\/wp\/v2\/types\/portfolio"}],"author":[{"embeddable":true,"href":"https:\/\/www.wikiesfera.org\/es\/wp-json\/wp\/v2\/users\/1"}],"replies":[{"embeddable":true,"href":"https:\/\/www.wikiesfera.org\/es\/wp-json\/wp\/v2\/comments?post=3834"}],"version-history":[{"count":12,"href":"https:\/\/www.wikiesfera.org\/es\/wp-json\/wp\/v2\/portfolio\/3834\/revisions"}],"predecessor-version":[{"id":10637,"href":"https:\/\/www.wikiesfera.org\/es\/wp-json\/wp\/v2\/portfolio\/3834\/revisions\/10637"}],"wp:featuredmedia":[{"embeddable":true,"href":"https:\/\/www.wikiesfera.org\/es\/wp-json\/wp\/v2\/media\/4956"}],"wp:attachment":[{"href":"https:\/\/www.wikiesfera.org\/es\/wp-json\/wp\/v2\/media?parent=3834"}],"curies":[{"name":"wp","href":"https:\/\/api.w.org\/{rel}","templated":true}]}}

<h1 id="gt-tematica" class="wp-block-heading"><strong>&gt; Temática</strong></h1>


<div class="wp-block-image">
<figure class="alignright"><img fetchpriority="high" decoding="async" width="300" height="300" src="http://www.wikiesfera.org/wp-content/uploads/2022/02/3331972-300x300.jpeg" alt="" class="wp-image-2748" srcset="https://www.wikiesfera.org/wp-content/uploads/2022/02/3331972-300x300.jpeg 300w, https://www.wikiesfera.org/wp-content/uploads/2022/02/3331972-1024x1024.jpeg 1024w, https://www.wikiesfera.org/wp-content/uploads/2022/02/3331972-150x150.jpeg 150w, https://www.wikiesfera.org/wp-content/uploads/2022/02/3331972-768x768.jpeg 768w, https://www.wikiesfera.org/wp-content/uploads/2022/02/3331972-1536x1536.jpeg 1536w, https://www.wikiesfera.org/wp-content/uploads/2022/02/3331972-400x400.jpeg 400w, https://www.wikiesfera.org/wp-content/uploads/2022/02/3331972.jpeg 2000w" sizes="(max-width: 300px) 100vw, 300px" /></figure></div>


<p>El pasado viernes 10 de febrero, con el <strong><a href="https://www.ull.es/institutos/instituto-universitario-estudios-mujeres/" target="_blank" rel="noreferrer noopener">Instituto Universitario de Estudios de las Mujeres</a></strong> (IUEM) y la <strong><a href="https://www.ull.es/centros/facultad-educacion/" target="_blank" rel="noreferrer noopener">Facultad de Educación</a></strong> de la <strong>Universidad de La Laguna</strong> (ULL)&nbsp;dedicamos una jornada presencial a las <strong>mujeres STEM</strong> para hacer visible su ausencia en Wikipedia y compartir la necesidad de que eso cambie.</p>



<p>Esta actividad se enmarca dentro del <strong><a href="https://es.wikipedia.org/wiki/D%C3%ADa_Internacional_de_la_Mujer_y_la_Ni%C3%B1a_en_la_Ciencia" target="_blank" rel="noopener">Día Internacional de la Mujer y la Niña en la Ciencia</a></strong>, que se celebra cada <a href="https://11defebrero.org/" target="_blank" rel="noopener">11 de febrero</a> (<a href="https://twitter.com/11defebreroES" target="_blank" rel="noopener">@11defebreroES</a>), <em>«con el fin de lograr el acceso y la participación plena y equitativa en la ciencia para las mujeres y las niñas, además para lograr la igualdad de género y el empoderamiento de las mujeres y las niñas»</em>.</p>



<hr class="wp-block-separator has-alpha-channel-opacity"/>



<h1 id="gt-resultados" class="wp-block-heading"><strong>&gt; Resultados</strong></h1>



<ul class="wp-block-list">
<li>Número de <strong><span style="text-decoration: underline;">PARTICIPANTES:</span> 6</strong></li>



<li>Número de <strong><span style="text-decoration: underline;">ARTÍCULOS CREADOS:</span> 5</strong></li>
</ul>



<ol class="wp-block-list">
<li><a href="https://es.wikipedia.org/wiki/Irene_Gonz%C3%A1lez_Hern%C3%A1ndez" target="_blank" rel="noopener">Irene González Hernández</a> (1969-2014)</li>



<li><a href="https://es.wikipedia.org/wiki/Margarita_Ramos_Quintana" target="_blank" rel="noopener">Margarita Isabel Ramos Quintana</a></li>



<li><a href="https://es.wikipedia.org/wiki/Dulce_Gonz%C3%A1lez_Doreste" target="_blank" rel="noopener">Dulce María González Doreste</a></li>



<li><a href="https://es.wikipedia.org/wiki/Esther_Torrado" target="_blank" rel="noopener">Esther Torrado Martín-Palomino</a></li>



<li><a href="https://es.wikipedia.org/wiki/Carina_Gonz%C3%A1lez" target="_blank" rel="noopener">Carina Soledad González González</a></li>
</ol>



<hr class="wp-block-separator has-alpha-channel-opacity"/>



<h1 id="gt-en-los-medios" class="wp-block-heading"><strong>&gt; En los medios</strong></h1>



<ul class="wp-block-list">
<li><a href="https://www.youtube.com/watch?v=FV6u_4_h1Nk" target="_blank" rel="noopener">Pieza en el informativo de&nbsp;TVE Canarias</a></li>



<li><a href="https://www.rtve.es/play/audios/canarias-informativos/archipielago-noticias-canarias-10-02-23/6807357/" target="_blank" rel="noopener">Entrevista en&nbsp;RNE Canarias&nbsp;(27&#8217;14»)</a></li>



<li><a href="https://www.youtube.com/watch?v=0yCkmbLH5fE" target="_blank" rel="noopener">Entrevista en los informativos de&nbsp;TV Canarias</a></li>
</ul>



<hr class="wp-block-separator has-alpha-channel-opacity"/>



<h1 id="gt-colaboran" class="wp-block-heading"><strong>&gt; Colaboran</strong></h1>



<div class="wp-block-columns is-layout-flex wp-container-core-columns-is-layout-9d6595d7 wp-block-columns-is-layout-flex">
<div class="wp-block-column is-layout-flow wp-block-column-is-layout-flow"><div class="wp-block-image">
<figure class="alignleft"><img decoding="async" width="250" height="75" src="http://www.wikiesfera.org/wp-content/uploads/2023/02/logo-instituto-mujeres-la-laguna.png" alt="" class="wp-image-3835" srcset="https://www.wikiesfera.org/wp-content/uploads/2023/02/logo-instituto-mujeres-la-laguna.png 250w, https://www.wikiesfera.org/wp-content/uploads/2023/02/logo-instituto-mujeres-la-laguna-150x45.png 150w" sizes="(max-width: 250px) 100vw, 250px" /></figure></div></div>



<div class="wp-block-column is-layout-flow wp-block-column-is-layout-flow"><div class="wp-block-image">
<figure class="alignleft"><img decoding="async" width="300" height="70" src="/wp-content/uploads/2018/04/Wikimedia_Foundation_logo_-_horizontal.svg_-300x70.png" alt="" class="wp-image-1036" srcset="https://www.wikiesfera.org/wp-content/uploads/2018/04/Wikimedia_Foundation_logo_-_horizontal.svg_-300x70.png 300w, https://www.wikiesfera.org/wp-content/uploads/2018/04/Wikimedia_Foundation_logo_-_horizontal.svg_-768x179.png 768w, https://www.wikiesfera.org/wp-content/uploads/2018/04/Wikimedia_Foundation_logo_-_horizontal.svg_-1024x238.png 1024w, https://www.wikiesfera.org/wp-content/uploads/2018/04/Wikimedia_Foundation_logo_-_horizontal.svg_-150x35.png 150w, https://www.wikiesfera.org/wp-content/uploads/2018/04/Wikimedia_Foundation_logo_-_horizontal.svg_-400x93.png 400w, https://www.wikiesfera.org/wp-content/uploads/2018/04/Wikimedia_Foundation_logo_-_horizontal.svg_.png 2000w" sizes="(max-width: 300px) 100vw, 300px" /></figure></div></div>



<div class="wp-block-column is-layout-flow wp-block-column-is-layout-flow"></div>



<div class="wp-block-column is-layout-flow wp-block-column-is-layout-flow"></div>
</div>

<p>&gt; Temática El pasado viernes 10 de febrero, con el Instituto Universitario de Estudios de las Mujeres (IUEM) y la Facultad de Educación de la Universidad de La Laguna (ULL)&nbsp;dedicamos una jornada presencial a las mujeres STEM para hacer visible su ausencia en Wikipedia y compartir la necesidad de que eso cambie. Esta actividad se [&hellip;]</p>
