{"id":1380,"date":"2019-12-13T19:42:53","date_gmt":"2019-12-13T19:42:53","guid":{"rendered":"\/?post_type=portfolio&#038;p=1380"},"modified":"2025-12-23T20:05:22","modified_gmt":"2025-12-23T20:05:22","slug":"editatona-de-activistas-climaticas-12d-2019","status":"publish","type":"portfolio","link":"https:\/\/www.wikiesfera.org\/es\/portfolio-item\/editatona-de-activistas-climaticas-12d-2019\/","title":{"rendered":"Editatona de activistas clim\u00e1ticas #12D 2019"},"content":{"rendered":"\n<h1 id=\"gt-tematica\" class=\"wp-block-heading\"><strong>&gt; Tem\u00e1tica<\/strong><\/h1>\n\n\n\n<h1 id=\"\" class=\"wp-block-heading\"><strong><figure><img decoding=\"async\" class=\"alignright wp-image-1384 size-medium\" src=\"\/wp-content\/uploads\/2019\/12\/social_summit-642x336-1-300x157.png\" alt=\"\" width=\"300\" height=\"157\" srcset=\"https:\/\/www.wikiesfera.org\/wp-content\/uploads\/2019\/12\/social_summit-642x336-1-300x157.png 300w, https:\/\/www.wikiesfera.org\/wp-content\/uploads\/2019\/12\/social_summit-642x336-1-150x79.png 150w, https:\/\/www.wikiesfera.org\/wp-content\/uploads\/2019\/12\/social_summit-642x336-1-640x336.png 640w, https:\/\/www.wikiesfera.org\/wp-content\/uploads\/2019\/12\/social_summit-642x336-1-400x209.png 400w, https:\/\/www.wikiesfera.org\/wp-content\/uploads\/2019\/12\/social_summit-642x336-1.png 642w\" sizes=\"(max-width: 300px) 100vw, 300px\" \/><\/figure><\/strong><\/h1>\n\n\n\n<p>El pasado jueves 12 de diciembre, dentro de la <a href=\"https:\/\/www.ecologistasenaccion.org\/evento\/madrid-cumbre-social-por-el-clima\/\" target=\"_blank\" rel=\"noopener noreferrer\"><strong>Cumbre Social por el Clima<\/strong><\/a> en Madrid se organiz\u00f3 una editatona dedicada a mujeres <strong>activistas contra el cambio clim\u00e1tico<\/strong> para hacer visible la ausencia de contenido relacionado con ellas en Wikipedia.<\/p>\n\n\n\n<p>Tuvimos la suerte de contar en el encuentro con la periodista <strong>Alba Mareca<\/strong> (<a href=\"https:\/\/twitter.com\/albamareca\" target=\"_blank\" rel=\"noopener noreferrer\">@albamareca<\/a>) de Clim\u00e1tica, <strong>La Marea<\/strong>, que despu\u00e9s de la editatona public\u00f3 esta pieza: <a href=\"https:\/\/www.climatica.lamarea.com\/wikipedia-con-perspectiva-climatica-faltan-activistas-y-sobre-todo-mujeres\/\" target=\"_blank\" rel=\"noopener noreferrer\"><em>Wikipedia con perspectiva clim\u00e1tica: faltan activistas y sobre todo mujeres<\/em><\/a>.<\/p>\n\n\n\n<hr class=\"wp-block-separator has-alpha-channel-opacity\"\/>\n\n\n\n<h1 id=\"gt-resultados\" class=\"wp-block-heading\"><strong>&gt; Resultados<\/strong><\/h1>\n\n\n\n<ul class=\"wp-block-list\">\n<li>N\u00famero de <strong><span style=\"text-decoration: underline;\">PARTICIPANTES<\/span>: 6<\/strong><\/li>\n\n\n\n<li>N\u00famero de <strong><span style=\"text-decoration: underline;\">ART\u00cdCULOS TRADUCIDOS<\/span>: 12<\/strong><\/li>\n<\/ul>\n\n\n\n<ol class=\"wp-block-list\">\n<li><a href=\"https:\/\/es.wikipedia.org\/wiki\/Lynn_McDonald\" target=\"_blank\" rel=\"noopener noreferrer\">Lynn McDonald<\/a> (1940)<\/li>\n\n\n\n<li><a href=\"https:\/\/es.wikipedia.org\/wiki\/Gail_Bradbrook\" target=\"_blank\" rel=\"noopener noreferrer\">Gail Bradbrook<\/a> (1972)<\/li>\n\n\n\n<li><a href=\"https:\/\/es.wikipedia.org\/wiki\/Ruth_Yeoh\" target=\"_blank\" rel=\"noopener noreferrer\">Ruth Yeoh<\/a> (1982)<\/li>\n\n\n\n<li><a href=\"https:\/\/es.wikipedia.org\/wiki\/Tamsin_Omond\" target=\"_blank\" rel=\"noopener noreferrer\">Tamsin Omond<\/a> (1984)<\/li>\n\n\n\n<li><a href=\"https:\/\/es.wikipedia.org\/wiki\/R%C3%B3is%C3%ADn_McLaren\" target=\"_blank\" rel=\"noopener noreferrer\">R\u00f3is\u00edn McLaren<\/a> (1994)<\/li>\n\n\n\n<li><a href=\"https:\/\/es.wikipedia.org\/wiki\/Anuna_De_Wever\" target=\"_blank\" rel=\"noopener noreferrer\">Anuna De Wever<\/a> (2001)<\/li>\n\n\n\n<li><a href=\"https:\/\/es.wikipedia.org\/wiki\/Noga_Levy-Rapoport\" target=\"_blank\" rel=\"noopener noreferrer\">Noga Levy-Rapoport<\/a> (2001)<\/li>\n\n\n\n<li><a href=\"https:\/\/es.wikipedia.org\/wiki\/Alexandria_Villase%C3%B1or\" target=\"_blank\" rel=\"noopener noreferrer\">Alexandria Villase\u00f1or<\/a> (2005)<\/li>\n\n\n\n<li><a href=\"https:\/\/es.wikipedia.org\/wiki\/Licypriya_Kangujam\" target=\"_blank\" rel=\"noopener noreferrer\">Licypriya Kangujam<\/a> (2011)<\/li>\n\n\n\n<li><a href=\"https:\/\/es.wikipedia.org\/wiki\/Irena_Creed\" target=\"_blank\" rel=\"noopener noreferrer\">Irena Creed<\/a><\/li>\n\n\n\n<li><a href=\"https:\/\/es.wikipedia.org\/wiki\/Leila_Salazar-Lopez\" target=\"_blank\" rel=\"noopener noreferrer\">Leila Salazar-Lopez<\/a><\/li>\n\n\n\n<li><a href=\"https:\/\/es.wikipedia.org\/wiki\/Sarah_Myhre\" target=\"_blank\" rel=\"noopener noreferrer\">Sarah Myhre<\/a><\/li>\n<\/ol>\n\n\n\n<hr class=\"wp-block-separator has-alpha-channel-opacity\"\/>\n\n\n\n<h1 id=\"colabora\" class=\"wp-block-heading\"><strong>> Colabora<\/strong><\/h1>\n\n\n\n<div class=\"wp-block-columns is-layout-flex wp-container-core-columns-is-layout-9d6595d7 wp-block-columns-is-layout-flex\">\n<div class=\"wp-block-column is-layout-flow wp-block-column-is-layout-flow\"><div class=\"wp-block-image\">\n<figure class=\"alignleft\"><img decoding=\"async\" width=\"300\" height=\"70\" src=\"\/wp-content\/uploads\/2018\/04\/Wikimedia_Foundation_logo_-_horizontal.svg_-300x70.png\" alt=\"\" class=\"wp-image-1036\" srcset=\"https:\/\/www.wikiesfera.org\/wp-content\/uploads\/2018\/04\/Wikimedia_Foundation_logo_-_horizontal.svg_-300x70.png 300w, https:\/\/www.wikiesfera.org\/wp-content\/uploads\/2018\/04\/Wikimedia_Foundation_logo_-_horizontal.svg_-768x179.png 768w, https:\/\/www.wikiesfera.org\/wp-content\/uploads\/2018\/04\/Wikimedia_Foundation_logo_-_horizontal.svg_-1024x238.png 1024w, https:\/\/www.wikiesfera.org\/wp-content\/uploads\/2018\/04\/Wikimedia_Foundation_logo_-_horizontal.svg_-150x35.png 150w, https:\/\/www.wikiesfera.org\/wp-content\/uploads\/2018\/04\/Wikimedia_Foundation_logo_-_horizontal.svg_-400x93.png 400w, https:\/\/www.wikiesfera.org\/wp-content\/uploads\/2018\/04\/Wikimedia_Foundation_logo_-_horizontal.svg_.png 2000w\" sizes=\"(max-width: 300px) 100vw, 300px\" \/><\/figure><\/div><\/div>\n\n\n\n<div class=\"wp-block-column is-layout-flow wp-block-column-is-layout-flow\"><\/div>\n\n\n\n<div class=\"wp-block-column is-layout-flow wp-block-column-is-layout-flow\"><\/div>\n\n\n\n<div class=\"wp-block-column is-layout-flow wp-block-column-is-layout-flow\"><\/div>\n<\/div>\n\n\n\n<p><\/p>\n","protected":false},"excerpt":{"rendered":"<p>&gt; Tem\u00e1tica El pasado jueves 12 de diciembre, dentro de la Cumbre Social por el Clima en Madrid se organiz\u00f3 una editatona dedicada a mujeres activistas contra el cambio clim\u00e1tico para hacer visible la ausencia de contenido relacionado con ellas en Wikipedia. Tuvimos la suerte de contar en el encuentro con la periodista Alba Mareca [&hellip;]<\/p>\n","protected":false},"author":1,"featured_media":1382,"comment_status":"closed","ping_status":"closed","template":"","format":"gallery","meta":{"_coblocks_attr":"","_coblocks_dimensions":"","_coblocks_responsive_height":"","_coblocks_accordion_ie_support":"","footnotes":""},"class_list":["post-1380","portfolio","type-portfolio","status-publish","format-gallery","has-post-thumbnail","hentry","portfolio_category-157","portfolio_category-editatonas","portfolio_category-genero","portfolio_category-stem","portfolio-entry","span_1_of_4 col clr"],"_links":{"self":[{"href":"https:\/\/www.wikiesfera.org\/es\/wp-json\/wp\/v2\/portfolio\/1380","targetHints":{"allow":["GET"]}}],"collection":[{"href":"https:\/\/www.wikiesfera.org\/es\/wp-json\/wp\/v2\/portfolio"}],"about":[{"href":"https:\/\/www.wikiesfera.org\/es\/wp-json\/wp\/v2\/types\/portfolio"}],"author":[{"embeddable":true,"href":"https:\/\/www.wikiesfera.org\/es\/wp-json\/wp\/v2\/users\/1"}],"replies":[{"embeddable":true,"href":"https:\/\/www.wikiesfera.org\/es\/wp-json\/wp\/v2\/comments?post=1380"}],"version-history":[{"count":7,"href":"https:\/\/www.wikiesfera.org\/es\/wp-json\/wp\/v2\/portfolio\/1380\/revisions"}],"predecessor-version":[{"id":10563,"href":"https:\/\/www.wikiesfera.org\/es\/wp-json\/wp\/v2\/portfolio\/1380\/revisions\/10563"}],"wp:featuredmedia":[{"embeddable":true,"href":"https:\/\/www.wikiesfera.org\/es\/wp-json\/wp\/v2\/media\/1382"}],"wp:attachment":[{"href":"https:\/\/www.wikiesfera.org\/es\/wp-json\/wp\/v2\/media?parent=1380"}],"curies":[{"name":"wp","href":"https:\/\/api.w.org\/{rel}","templated":true}]}}

Editatona de activistas climáticas #12D 2019

<h1 id="gt-tematica" class="wp-block-heading"><strong>&gt; Temática</strong></h1>



<h1 id="" class="wp-block-heading"><strong><figure><img decoding="async" class="alignright wp-image-1384 size-medium" src="/wp-content/uploads/2019/12/social_summit-642x336-1-300x157.png" alt="" width="300" height="157" srcset="https://www.wikiesfera.org/wp-content/uploads/2019/12/social_summit-642x336-1-300x157.png 300w, https://www.wikiesfera.org/wp-content/uploads/2019/12/social_summit-642x336-1-150x79.png 150w, https://www.wikiesfera.org/wp-content/uploads/2019/12/social_summit-642x336-1-640x336.png 640w, https://www.wikiesfera.org/wp-content/uploads/2019/12/social_summit-642x336-1-400x209.png 400w, https://www.wikiesfera.org/wp-content/uploads/2019/12/social_summit-642x336-1.png 642w" sizes="(max-width: 300px) 100vw, 300px" /></figure></strong></h1>



<p>El pasado jueves 12 de diciembre, dentro de la <a href="https://www.ecologistasenaccion.org/evento/madrid-cumbre-social-por-el-clima/" target="_blank" rel="noopener noreferrer"><strong>Cumbre Social por el Clima</strong></a> en Madrid se organizó una editatona dedicada a mujeres <strong>activistas contra el cambio climático</strong> para hacer visible la ausencia de contenido relacionado con ellas en Wikipedia.</p>



<p>Tuvimos la suerte de contar en el encuentro con la periodista <strong>Alba Mareca</strong> (<a href="https://twitter.com/albamareca" target="_blank" rel="noopener noreferrer">@albamareca</a>) de Climática, <strong>La Marea</strong>, que después de la editatona publicó esta pieza: <a href="https://www.climatica.lamarea.com/wikipedia-con-perspectiva-climatica-faltan-activistas-y-sobre-todo-mujeres/" target="_blank" rel="noopener noreferrer"><em>Wikipedia con perspectiva climática: faltan activistas y sobre todo mujeres</em></a>.</p>



<hr class="wp-block-separator has-alpha-channel-opacity"/>



<h1 id="gt-resultados" class="wp-block-heading"><strong>&gt; Resultados</strong></h1>



<ul class="wp-block-list">
<li>Número de <strong><span style="text-decoration: underline;">PARTICIPANTES</span>: 6</strong></li>



<li>Número de <strong><span style="text-decoration: underline;">ARTÍCULOS TRADUCIDOS</span>: 12</strong></li>
</ul>



<ol class="wp-block-list">
<li><a href="https://es.wikipedia.org/wiki/Lynn_McDonald" target="_blank" rel="noopener noreferrer">Lynn McDonald</a> (1940)</li>



<li><a href="https://es.wikipedia.org/wiki/Gail_Bradbrook" target="_blank" rel="noopener noreferrer">Gail Bradbrook</a> (1972)</li>



<li><a href="https://es.wikipedia.org/wiki/Ruth_Yeoh" target="_blank" rel="noopener noreferrer">Ruth Yeoh</a> (1982)</li>



<li><a href="https://es.wikipedia.org/wiki/Tamsin_Omond" target="_blank" rel="noopener noreferrer">Tamsin Omond</a> (1984)</li>



<li><a href="https://es.wikipedia.org/wiki/R%C3%B3is%C3%ADn_McLaren" target="_blank" rel="noopener noreferrer">Róisín McLaren</a> (1994)</li>



<li><a href="https://es.wikipedia.org/wiki/Anuna_De_Wever" target="_blank" rel="noopener noreferrer">Anuna De Wever</a> (2001)</li>



<li><a href="https://es.wikipedia.org/wiki/Noga_Levy-Rapoport" target="_blank" rel="noopener noreferrer">Noga Levy-Rapoport</a> (2001)</li>



<li><a href="https://es.wikipedia.org/wiki/Alexandria_Villase%C3%B1or" target="_blank" rel="noopener noreferrer">Alexandria Villaseñor</a> (2005)</li>



<li><a href="https://es.wikipedia.org/wiki/Licypriya_Kangujam" target="_blank" rel="noopener noreferrer">Licypriya Kangujam</a> (2011)</li>



<li><a href="https://es.wikipedia.org/wiki/Irena_Creed" target="_blank" rel="noopener noreferrer">Irena Creed</a></li>



<li><a href="https://es.wikipedia.org/wiki/Leila_Salazar-Lopez" target="_blank" rel="noopener noreferrer">Leila Salazar-Lopez</a></li>



<li><a href="https://es.wikipedia.org/wiki/Sarah_Myhre" target="_blank" rel="noopener noreferrer">Sarah Myhre</a></li>
</ol>



<hr class="wp-block-separator has-alpha-channel-opacity"/>



<h1 id="colabora" class="wp-block-heading"><strong>> Colabora</strong></h1>



<div class="wp-block-columns is-layout-flex wp-container-core-columns-is-layout-9d6595d7 wp-block-columns-is-layout-flex">
<div class="wp-block-column is-layout-flow wp-block-column-is-layout-flow"><div class="wp-block-image">
<figure class="alignleft"><img decoding="async" width="300" height="70" src="/wp-content/uploads/2018/04/Wikimedia_Foundation_logo_-_horizontal.svg_-300x70.png" alt="" class="wp-image-1036" srcset="https://www.wikiesfera.org/wp-content/uploads/2018/04/Wikimedia_Foundation_logo_-_horizontal.svg_-300x70.png 300w, https://www.wikiesfera.org/wp-content/uploads/2018/04/Wikimedia_Foundation_logo_-_horizontal.svg_-768x179.png 768w, https://www.wikiesfera.org/wp-content/uploads/2018/04/Wikimedia_Foundation_logo_-_horizontal.svg_-1024x238.png 1024w, https://www.wikiesfera.org/wp-content/uploads/2018/04/Wikimedia_Foundation_logo_-_horizontal.svg_-150x35.png 150w, https://www.wikiesfera.org/wp-content/uploads/2018/04/Wikimedia_Foundation_logo_-_horizontal.svg_-400x93.png 400w, https://www.wikiesfera.org/wp-content/uploads/2018/04/Wikimedia_Foundation_logo_-_horizontal.svg_.png 2000w" sizes="(max-width: 300px) 100vw, 300px" /></figure></div></div>



<div class="wp-block-column is-layout-flow wp-block-column-is-layout-flow"></div>



<div class="wp-block-column is-layout-flow wp-block-column-is-layout-flow"></div>



<div class="wp-block-column is-layout-flow wp-block-column-is-layout-flow"></div>
</div>



<p></p>

<p>&gt; Temática El pasado jueves 12 de diciembre, dentro de la Cumbre Social por el Clima en Madrid se organizó una editatona dedicada a mujeres activistas contra el cambio climático para hacer visible la ausencia de contenido relacionado con ellas en Wikipedia. Tuvimos la suerte de contar en el encuentro con la periodista Alba Mareca [&hellip;]</p>
