{"id":1280,"date":"2018-12-11T18:26:36","date_gmt":"2018-12-11T18:26:36","guid":{"rendered":"\/?post_type=portfolio&#038;p=1280"},"modified":"2025-12-29T22:11:12","modified_gmt":"2025-12-29T22:11:12","slug":"editatona-sobre-defensoras-de-derechos-humanos-ii","status":"publish","type":"portfolio","link":"https:\/\/www.wikiesfera.org\/es\/portfolio-item\/editatona-sobre-defensoras-de-derechos-humanos-ii\/","title":{"rendered":"Editatona sobre defensoras de derechos humanos II"},"content":{"rendered":"\n<h1 id=\"gt-tematica\" class=\"wp-block-heading\"><strong>&gt; Tem\u00e1tica<\/strong><\/h1>\n\n\n\n<h1 id=\"\" class=\"wp-block-heading\"><strong><figure><img fetchpriority=\"high\" decoding=\"async\" class=\"alignright size-full wp-image-1282\" src=\"\/wp-content\/uploads\/2018\/12\/2018-12-10_foto_01.jpg\" alt=\"\" width=\"300\" height=\"300\" srcset=\"https:\/\/www.wikiesfera.org\/wp-content\/uploads\/2018\/12\/2018-12-10_foto_01.jpg 300w, https:\/\/www.wikiesfera.org\/wp-content\/uploads\/2018\/12\/2018-12-10_foto_01-150x150.jpg 150w\" sizes=\"(max-width: 300px) 100vw, 300px\" \/><\/figure><\/strong><\/h1>\n\n\n\n<p>El pasado lunes 10 de diciembre se cumplieron 70 a\u00f1os de la ratificaci\u00f3n de la <a href=\"https:\/\/es.wikipedia.org\/wiki\/Declaraci%C3%B3n_Universal_de_los_Derechos_Humanos\" target=\"_blank\" rel=\"noopener\"><strong>Declaraci\u00f3n Universal de los Derechos Humanos<\/strong><\/a>. Con esta excusa, decidimos que la reuni\u00f3n de los lunes de Wikiesfera en el centro de cultura digital <strong>Medialab Prado<\/strong> de Madrid la har\u00edamos tem\u00e1tica sobre defensoras de los DDHH.<\/p>\n\n\n\n<p>Para ello, contamos con algunas compa\u00f1eras de <strong>Amnist\u00eda Internacional<\/strong>&nbsp;que hab\u00edan participado hace unos meses en <a href=\"\/portfolio-item\/editatona-sobre-defensoras-de-los-derechos-humanos\/\">otra editatona<\/a> con este mismo objetivo. Hubo tanta afluencia y tradujimos tal n\u00famero de art\u00edculos que pudimos crear la <a href=\"https:\/\/es.wikipedia.org\/wiki\/Categor%C3%ADa:Defensoras_de_derechos_humanos\" target=\"_blank\" rel=\"noopener\">Categor\u00eda:Defensoras de derechos humanos<\/a>, que seguir\u00e1 creciendo.<\/p>\n\n\n\n<hr class=\"wp-block-separator has-alpha-channel-opacity\"\/>\n\n\n\n<h1 id=\"gt-resultados\" class=\"wp-block-heading\"><strong>&gt; Resultados<\/strong><\/h1>\n\n\n\n<ul class=\"wp-block-list\">\n<li>N\u00famero de <strong><span style=\"text-decoration: underline;\">PARTICIPANTES<\/span>: 13<\/strong><\/li>\n\n\n\n<li>N\u00famero de <strong><span style=\"text-decoration: underline;\">ART\u00cdCULOS TRADUCIDOS:<\/span> 18<\/strong><\/li>\n<\/ul>\n\n\n\n<ol class=\"wp-block-list\">\n<li><a title=\"Ruth Adler\" href=\"https:\/\/es.wikipedia.org\/wiki\/Ruth_Adler\" target=\"_blank\" rel=\"noopener\">Ruth Adler<\/a> (1944\u20131994)<\/li>\n\n\n\n<li><a href=\"https:\/\/es.wikipedia.org\/wiki\/Gauri_Lankesh\" target=\"_blank\" rel=\"noopener\">Gauri Lankesh<\/a> (1962\u20132017)<\/li>\n\n\n\n<li><a title=\"Salwa Bughaighis\" href=\"https:\/\/es.wikipedia.org\/wiki\/Salwa_Bughaighis\" target=\"_blank\" rel=\"noopener\">Salwa Bughaighis<\/a> (1963\u22122014)<\/li>\n\n\n\n<li><a href=\"https:\/\/es.wikipedia.org\/wiki\/Lydia_Foy\" target=\"_blank\" rel=\"noopener\">Lydia Foy<\/a> (1947)<\/li>\n\n\n\n<li><a title=\"Marjan Sax\" href=\"https:\/\/es.wikipedia.org\/wiki\/Marjan_Sax\" target=\"_blank\" rel=\"noopener\">Marjan Sax<\/a> (1947)<\/li>\n\n\n\n<li><a title=\"Delphine Djiraibe\" href=\"https:\/\/es.wikipedia.org\/wiki\/Delphine_Djiraibe\" target=\"_blank\" rel=\"noopener\">Delphine Djiraibe<\/a> (1960)<\/li>\n\n\n\n<li><a title=\"Katana G\u00e9g\u00e9 Bukuru\" href=\"https:\/\/es.wikipedia.org\/wiki\/Katana_G%C3%A9g%C3%A9_Bukuru\" target=\"_blank\" rel=\"noopener\">Katana G\u00e9g\u00e9 Bukuru<\/a> (1963)<\/li>\n\n\n\n<li><a title=\"Malini Chib\" href=\"https:\/\/es.wikipedia.org\/wiki\/Malini_Chib\" target=\"_blank\" rel=\"noopener\">Malini Chib<\/a> (1966)<\/li>\n\n\n\n<li><a title=\"Bondita Acharya\" href=\"https:\/\/es.wikipedia.org\/wiki\/Bondita_Acharya\" target=\"_blank\" rel=\"noopener\">Bondita Acharya<\/a> (1972)<\/li>\n\n\n\n<li><a title=\"Narges Mohammadi\" href=\"https:\/\/es.wikipedia.org\/wiki\/Narges_Mohammadi\" target=\"_blank\" rel=\"noopener\">Narges Mohammadi<\/a> (1972)<\/li>\n\n\n\n<li><a title=\"Nurcan Baysal\" href=\"https:\/\/es.wikipedia.org\/wiki\/Nurcan_Baysal\" target=\"_blank\" rel=\"noopener\">Nurcan Baysal<\/a> (1975)<\/li>\n\n\n\n<li><a title=\"Sirikan Charoensiri\" href=\"https:\/\/es.wikipedia.org\/wiki\/Sirikan_Charoensiri\" target=\"_blank\" rel=\"noopener\">Sirikan Charoensiri<\/a> (1986)<\/li>\n\n\n\n<li><a title=\"Amal Azzudin\" href=\"https:\/\/es.wikipedia.org\/wiki\/Amal_Azzudin\" target=\"_blank\" rel=\"noopener\">Amal Azzudin<\/a> (1990)<\/li>\n\n\n\n<li><a title=\"Anina Ciuciu\" href=\"https:\/\/es.wikipedia.org\/wiki\/Anina_Ciuciu\" target=\"_blank\" rel=\"noopener\">Anina Ciuciu<\/a> (1990)<\/li>\n\n\n\n<li><a title=\"Laxmi Agarwal\" href=\"https:\/\/es.wikipedia.org\/wiki\/Laxmi_Agarwal\" target=\"_blank\" rel=\"noopener\">Laxmi Agarwal<\/a> (1990)<\/li>\n\n\n\n<li><a title=\"Ifrah Ahmed\" href=\"https:\/\/es.wikipedia.org\/wiki\/Ifrah_Ahmed\" target=\"_blank\" rel=\"noopener\">Ifrah Ahmed<\/a><\/li>\n\n\n\n<li><a title=\"Marta Welander\" href=\"https:\/\/es.wikipedia.org\/wiki\/Marta_Welander\" target=\"_blank\" rel=\"noopener\">Marta Welander<\/a><\/li>\n\n\n\n<li><a title=\"Salimata Lam\" href=\"https:\/\/es.wikipedia.org\/wiki\/Salimata_Lam\" target=\"_blank\" rel=\"noopener\">Salimata Lam<\/a><\/li>\n<\/ol>\n\n\n\n<hr class=\"wp-block-separator has-alpha-channel-opacity\"\/>\n\n\n\n<h1 id=\"colaboran\" class=\"wp-block-heading\"><strong>> Colaboran<\/strong><\/h1>\n\n\n\n<div class=\"wp-block-columns is-layout-flex wp-container-core-columns-is-layout-9d6595d7 wp-block-columns-is-layout-flex\">\n<div class=\"wp-block-column is-layout-flow wp-block-column-is-layout-flow\"><div class=\"wp-block-image\">\n<figure class=\"alignleft\"><img decoding=\"async\" width=\"300\" height=\"70\" src=\"\/wp-content\/uploads\/2018\/04\/Wikimedia_Foundation_logo_-_horizontal.svg_-300x70.png\" alt=\"\" class=\"wp-image-1036\" srcset=\"https:\/\/www.wikiesfera.org\/wp-content\/uploads\/2018\/04\/Wikimedia_Foundation_logo_-_horizontal.svg_-300x70.png 300w, https:\/\/www.wikiesfera.org\/wp-content\/uploads\/2018\/04\/Wikimedia_Foundation_logo_-_horizontal.svg_-768x179.png 768w, https:\/\/www.wikiesfera.org\/wp-content\/uploads\/2018\/04\/Wikimedia_Foundation_logo_-_horizontal.svg_-1024x238.png 1024w, https:\/\/www.wikiesfera.org\/wp-content\/uploads\/2018\/04\/Wikimedia_Foundation_logo_-_horizontal.svg_-150x35.png 150w, https:\/\/www.wikiesfera.org\/wp-content\/uploads\/2018\/04\/Wikimedia_Foundation_logo_-_horizontal.svg_-400x93.png 400w, https:\/\/www.wikiesfera.org\/wp-content\/uploads\/2018\/04\/Wikimedia_Foundation_logo_-_horizontal.svg_.png 2000w\" sizes=\"(max-width: 300px) 100vw, 300px\" \/><\/figure><\/div><\/div>\n\n\n\n<div class=\"wp-block-column is-layout-flow wp-block-column-is-layout-flow\"><div class=\"wp-block-image\">\n<figure class=\"alignleft\"><img decoding=\"async\" width=\"300\" height=\"127\" src=\"\/wp-content\/uploads\/2018\/05\/Captura-de-pantalla-2018-05-22-a-las-11.11.20-300x127.png\" alt=\"\" class=\"wp-image-1177\" srcset=\"https:\/\/www.wikiesfera.org\/wp-content\/uploads\/2018\/05\/Captura-de-pantalla-2018-05-22-a-las-11.11.20-300x127.png 300w, https:\/\/www.wikiesfera.org\/wp-content\/uploads\/2018\/05\/Captura-de-pantalla-2018-05-22-a-las-11.11.20-150x64.png 150w, https:\/\/www.wikiesfera.org\/wp-content\/uploads\/2018\/05\/Captura-de-pantalla-2018-05-22-a-las-11.11.20-400x170.png 400w, https:\/\/www.wikiesfera.org\/wp-content\/uploads\/2018\/05\/Captura-de-pantalla-2018-05-22-a-las-11.11.20.png 466w\" sizes=\"(max-width: 300px) 100vw, 300px\" \/><\/figure><\/div><\/div>\n\n\n\n<div class=\"wp-block-column is-layout-flow wp-block-column-is-layout-flow\"><\/div>\n\n\n\n<div class=\"wp-block-column is-layout-flow wp-block-column-is-layout-flow\"><\/div>\n<\/div>\n\n\n\n<p>&nbsp; &nbsp;&nbsp;<\/p>\n","protected":false},"excerpt":{"rendered":"<p>&gt; Tem\u00e1tica El pasado lunes 10 de diciembre se cumplieron 70 a\u00f1os de la ratificaci\u00f3n de la Declaraci\u00f3n Universal de los Derechos Humanos. Con esta excusa, decidimos que la reuni\u00f3n de los lunes de Wikiesfera en el centro de cultura digital Medialab Prado de Madrid la har\u00edamos tem\u00e1tica sobre defensoras de los DDHH. Para ello, [&hellip;]<\/p>\n","protected":false},"author":7,"featured_media":4182,"comment_status":"closed","ping_status":"closed","template":"","format":"gallery","meta":{"_coblocks_attr":"","_coblocks_dimensions":"","_coblocks_responsive_height":"","_coblocks_accordion_ie_support":"","footnotes":""},"class_list":["post-1280","portfolio","type-portfolio","status-publish","format-gallery","has-post-thumbnail","hentry","portfolio_category-156","portfolio_category-editatonas","portfolio_category-genero","portfolio_category-medialab","portfolio_category-memoria","portfolio-entry","span_1_of_4 col clr"],"_links":{"self":[{"href":"https:\/\/www.wikiesfera.org\/es\/wp-json\/wp\/v2\/portfolio\/1280","targetHints":{"allow":["GET"]}}],"collection":[{"href":"https:\/\/www.wikiesfera.org\/es\/wp-json\/wp\/v2\/portfolio"}],"about":[{"href":"https:\/\/www.wikiesfera.org\/es\/wp-json\/wp\/v2\/types\/portfolio"}],"author":[{"embeddable":true,"href":"https:\/\/www.wikiesfera.org\/es\/wp-json\/wp\/v2\/users\/7"}],"replies":[{"embeddable":true,"href":"https:\/\/www.wikiesfera.org\/es\/wp-json\/wp\/v2\/comments?post=1280"}],"version-history":[{"count":11,"href":"https:\/\/www.wikiesfera.org\/es\/wp-json\/wp\/v2\/portfolio\/1280\/revisions"}],"predecessor-version":[{"id":10577,"href":"https:\/\/www.wikiesfera.org\/es\/wp-json\/wp\/v2\/portfolio\/1280\/revisions\/10577"}],"wp:featuredmedia":[{"embeddable":true,"href":"https:\/\/www.wikiesfera.org\/es\/wp-json\/wp\/v2\/media\/4182"}],"wp:attachment":[{"href":"https:\/\/www.wikiesfera.org\/es\/wp-json\/wp\/v2\/media?parent=1280"}],"curies":[{"name":"wp","href":"https:\/\/api.w.org\/{rel}","templated":true}]}}

<h1 id="gt-tematica" class="wp-block-heading"><strong>&gt; Temática</strong></h1>



<h1 id="" class="wp-block-heading"><strong><figure><img fetchpriority="high" decoding="async" class="alignright size-full wp-image-1282" src="/wp-content/uploads/2018/12/2018-12-10_foto_01.jpg" alt="" width="300" height="300" srcset="https://www.wikiesfera.org/wp-content/uploads/2018/12/2018-12-10_foto_01.jpg 300w, https://www.wikiesfera.org/wp-content/uploads/2018/12/2018-12-10_foto_01-150x150.jpg 150w" sizes="(max-width: 300px) 100vw, 300px" /></figure></strong></h1>



<p>El pasado lunes 10 de diciembre se cumplieron 70 años de la ratificación de la <a href="https://es.wikipedia.org/wiki/Declaraci%C3%B3n_Universal_de_los_Derechos_Humanos" target="_blank" rel="noopener"><strong>Declaración Universal de los Derechos Humanos</strong></a>. Con esta excusa, decidimos que la reunión de los lunes de Wikiesfera en el centro de cultura digital <strong>Medialab Prado</strong> de Madrid la haríamos temática sobre defensoras de los DDHH.</p>



<p>Para ello, contamos con algunas compañeras de <strong>Amnistía Internacional</strong>&nbsp;que habían participado hace unos meses en <a href="/portfolio-item/editatona-sobre-defensoras-de-los-derechos-humanos/">otra editatona</a> con este mismo objetivo. Hubo tanta afluencia y tradujimos tal número de artículos que pudimos crear la <a href="https://es.wikipedia.org/wiki/Categor%C3%ADa:Defensoras_de_derechos_humanos" target="_blank" rel="noopener">Categoría:Defensoras de derechos humanos</a>, que seguirá creciendo.</p>



<hr class="wp-block-separator has-alpha-channel-opacity"/>



<h1 id="gt-resultados" class="wp-block-heading"><strong>&gt; Resultados</strong></h1>



<ul class="wp-block-list">
<li>Número de <strong><span style="text-decoration: underline;">PARTICIPANTES</span>: 13</strong></li>



<li>Número de <strong><span style="text-decoration: underline;">ARTÍCULOS TRADUCIDOS:</span> 18</strong></li>
</ul>



<ol class="wp-block-list">
<li><a title="Ruth Adler" href="https://es.wikipedia.org/wiki/Ruth_Adler" target="_blank" rel="noopener">Ruth Adler</a> (1944–1994)</li>



<li><a href="https://es.wikipedia.org/wiki/Gauri_Lankesh" target="_blank" rel="noopener">Gauri Lankesh</a> (1962–2017)</li>



<li><a title="Salwa Bughaighis" href="https://es.wikipedia.org/wiki/Salwa_Bughaighis" target="_blank" rel="noopener">Salwa Bughaighis</a> (1963−2014)</li>



<li><a href="https://es.wikipedia.org/wiki/Lydia_Foy" target="_blank" rel="noopener">Lydia Foy</a> (1947)</li>



<li><a title="Marjan Sax" href="https://es.wikipedia.org/wiki/Marjan_Sax" target="_blank" rel="noopener">Marjan Sax</a> (1947)</li>



<li><a title="Delphine Djiraibe" href="https://es.wikipedia.org/wiki/Delphine_Djiraibe" target="_blank" rel="noopener">Delphine Djiraibe</a> (1960)</li>



<li><a title="Katana Gégé Bukuru" href="https://es.wikipedia.org/wiki/Katana_G%C3%A9g%C3%A9_Bukuru" target="_blank" rel="noopener">Katana Gégé Bukuru</a> (1963)</li>



<li><a title="Malini Chib" href="https://es.wikipedia.org/wiki/Malini_Chib" target="_blank" rel="noopener">Malini Chib</a> (1966)</li>



<li><a title="Bondita Acharya" href="https://es.wikipedia.org/wiki/Bondita_Acharya" target="_blank" rel="noopener">Bondita Acharya</a> (1972)</li>



<li><a title="Narges Mohammadi" href="https://es.wikipedia.org/wiki/Narges_Mohammadi" target="_blank" rel="noopener">Narges Mohammadi</a> (1972)</li>



<li><a title="Nurcan Baysal" href="https://es.wikipedia.org/wiki/Nurcan_Baysal" target="_blank" rel="noopener">Nurcan Baysal</a> (1975)</li>



<li><a title="Sirikan Charoensiri" href="https://es.wikipedia.org/wiki/Sirikan_Charoensiri" target="_blank" rel="noopener">Sirikan Charoensiri</a> (1986)</li>



<li><a title="Amal Azzudin" href="https://es.wikipedia.org/wiki/Amal_Azzudin" target="_blank" rel="noopener">Amal Azzudin</a> (1990)</li>



<li><a title="Anina Ciuciu" href="https://es.wikipedia.org/wiki/Anina_Ciuciu" target="_blank" rel="noopener">Anina Ciuciu</a> (1990)</li>



<li><a title="Laxmi Agarwal" href="https://es.wikipedia.org/wiki/Laxmi_Agarwal" target="_blank" rel="noopener">Laxmi Agarwal</a> (1990)</li>



<li><a title="Ifrah Ahmed" href="https://es.wikipedia.org/wiki/Ifrah_Ahmed" target="_blank" rel="noopener">Ifrah Ahmed</a></li>



<li><a title="Marta Welander" href="https://es.wikipedia.org/wiki/Marta_Welander" target="_blank" rel="noopener">Marta Welander</a></li>



<li><a title="Salimata Lam" href="https://es.wikipedia.org/wiki/Salimata_Lam" target="_blank" rel="noopener">Salimata Lam</a></li>
</ol>



<hr class="wp-block-separator has-alpha-channel-opacity"/>



<h1 id="colaboran" class="wp-block-heading"><strong>> Colaboran</strong></h1>



<div class="wp-block-columns is-layout-flex wp-container-core-columns-is-layout-9d6595d7 wp-block-columns-is-layout-flex">
<div class="wp-block-column is-layout-flow wp-block-column-is-layout-flow"><div class="wp-block-image">
<figure class="alignleft"><img decoding="async" width="300" height="70" src="/wp-content/uploads/2018/04/Wikimedia_Foundation_logo_-_horizontal.svg_-300x70.png" alt="" class="wp-image-1036" srcset="https://www.wikiesfera.org/wp-content/uploads/2018/04/Wikimedia_Foundation_logo_-_horizontal.svg_-300x70.png 300w, https://www.wikiesfera.org/wp-content/uploads/2018/04/Wikimedia_Foundation_logo_-_horizontal.svg_-768x179.png 768w, https://www.wikiesfera.org/wp-content/uploads/2018/04/Wikimedia_Foundation_logo_-_horizontal.svg_-1024x238.png 1024w, https://www.wikiesfera.org/wp-content/uploads/2018/04/Wikimedia_Foundation_logo_-_horizontal.svg_-150x35.png 150w, https://www.wikiesfera.org/wp-content/uploads/2018/04/Wikimedia_Foundation_logo_-_horizontal.svg_-400x93.png 400w, https://www.wikiesfera.org/wp-content/uploads/2018/04/Wikimedia_Foundation_logo_-_horizontal.svg_.png 2000w" sizes="(max-width: 300px) 100vw, 300px" /></figure></div></div>



<div class="wp-block-column is-layout-flow wp-block-column-is-layout-flow"><div class="wp-block-image">
<figure class="alignleft"><img decoding="async" width="300" height="127" src="/wp-content/uploads/2018/05/Captura-de-pantalla-2018-05-22-a-las-11.11.20-300x127.png" alt="" class="wp-image-1177" srcset="https://www.wikiesfera.org/wp-content/uploads/2018/05/Captura-de-pantalla-2018-05-22-a-las-11.11.20-300x127.png 300w, https://www.wikiesfera.org/wp-content/uploads/2018/05/Captura-de-pantalla-2018-05-22-a-las-11.11.20-150x64.png 150w, https://www.wikiesfera.org/wp-content/uploads/2018/05/Captura-de-pantalla-2018-05-22-a-las-11.11.20-400x170.png 400w, https://www.wikiesfera.org/wp-content/uploads/2018/05/Captura-de-pantalla-2018-05-22-a-las-11.11.20.png 466w" sizes="(max-width: 300px) 100vw, 300px" /></figure></div></div>



<div class="wp-block-column is-layout-flow wp-block-column-is-layout-flow"></div>



<div class="wp-block-column is-layout-flow wp-block-column-is-layout-flow"></div>
</div>



<p>&nbsp; &nbsp;&nbsp;</p>

<p>&gt; Temática El pasado lunes 10 de diciembre se cumplieron 70 años de la ratificación de la Declaración Universal de los Derechos Humanos. Con esta excusa, decidimos que la reunión de los lunes de Wikiesfera en el centro de cultura digital Medialab Prado de Madrid la haríamos temática sobre defensoras de los DDHH. Para ello, [&hellip;]</p>
