{"id":7725,"date":"2025-02-17T21:51:10","date_gmt":"2025-02-17T21:51:10","guid":{"rendered":"https:\/\/www.wikiesfera.org\/?post_type=portfolio&#038;p=7725"},"modified":"2025-12-22T14:46:15","modified_gmt":"2025-12-22T14:46:15","slug":"ii-editatona-de-murcianas-extraordinarias-15f","status":"publish","type":"portfolio","link":"https:\/\/www.wikiesfera.org\/en\/portfolio-item\/ii-editatona-de-murcianas-extraordinarias-15f\/","title":{"rendered":"II Editatona of Extraordinary Murcians #15F"},"content":{"rendered":"<h1 id=\"gt-tematica\" class=\"wp-block-heading\"><strong>&gt; Theme<\/strong><\/h1>\n\n\n\n<div class=\"wp-block-columns is-layout-flex wp-container-core-columns-is-layout-9d6595d7 wp-block-columns-is-layout-flex\">\n<div class=\"wp-block-column is-layout-flow wp-block-column-is-layout-flow\" style=\"flex-basis:100%\">\n<p>Within the framework of the <strong><a href=\"https:\/\/enclavecultura.com\/noticias\/detallesNoticia.php?id=1943\">Women's Enclave Festival of Murcia<\/a><\/strong> dedicated to reflect on the \"cracks\" caused by gender inequality, last Saturday, February 15, we organized a new <strong>Editatone of extraordinary Murcians<\/strong>, dedicating a face-to-face day to make their biographies visible on Wikipedia.<\/p>\n\n\n\n<p>The activity was conducted by our Wikisphere partner <strong><a href=\"https:\/\/www.linkedin.com\/in\/ACoAAATNiXkBeVdiCRrVW91AkPHwjDiCUo2X6fo\"><\/a><a href=\"https:\/\/www.linkedin.com\/in\/lalviarez\/\">Liliana Alvi\u00e1rez<\/a><\/strong> in coordination with <strong><a href=\"https:\/\/www.linkedin.com\/in\/ACoAAASpkScBQnPbrA1HhBA9TDiksHCre08Nmq0\"><\/a><a href=\"https:\/\/www.linkedin.com\/in\/marinabeltr%C3%A1n\/\">Marina Beltran Martinez<\/a><\/strong>. This is the fourth editatona we organized with the <strong>Murcia City Council<\/strong>&nbsp;(<a href=\"https:\/\/www.instagram.com\/ayuntamientodemurcia\/?hl=es#\">@ayuntamientodemurcia<\/a>).<\/p>\n\n\n\n<p>The meeting took place in the&nbsp;<strong>Cultural Center of Santiago and Zara\u00edche&nbsp;<\/strong>from <strong>EnClave Culture<\/strong> (<a href=\"https:\/\/www.instagram.com\/enclavecultura\">@enclavecultura<\/a>) with the support of its Director,&nbsp;<strong>Loneliness<\/strong> <strong>North Navarre<\/strong>. The attendees created new content about relevant women from the Region of Murcia whose information was not in the Spanish Wikipedia, thus contributing to repair the gender gap in the free encyclopedia.<\/p>\n\n\n\n<h3 id=\"gtgt-ediciones-anteriores\" class=\"wp-block-heading\"><strong>&gt;&gt; Previous editions<\/strong><\/h3>\n\n\n\n<ul class=\"wp-block-list\">\n<li>Saturday 26 March 2022 |&nbsp;<a href=\"https:\/\/www.wikiesfera.org\/en\/portfolio-item\/ii-editatona-de-escritoras-murcianas-26m\/\">II Editatona of Murcian writers #26M<\/a><\/li>\n\n\n\n<li>Friday 12 May 2023 |&nbsp;<a href=\"https:\/\/www.wikiesfera.org\/en\/portfolio-item\/editatona-de-artistas-visuales-murcianas-12m\/\">Editatona of Murcian visual artists #12M<\/a><\/li>\n\n\n\n<li>Saturday 27 April 2024 | <a href=\"https:\/\/www.wikiesfera.org\/en\/portfolio-item\/editatona-de-murcianas-extraordinarias-27a\/\">Editatone of extraordinary Murcians #27A<\/a><\/li>\n<\/ul>\n<\/div>\n\n\n\n<div class=\"wp-block-column is-layout-flow wp-block-column-is-layout-flow\" style=\"flex-basis:30%\">\n<figure class=\"wp-block-image size-full\"><img fetchpriority=\"high\" decoding=\"async\" width=\"300\" height=\"300\" src=\"https:\/\/www.wikiesfera.org\/wp-content\/uploads\/2025\/02\/Fotos-personas-300x300-2.png\" alt=\"\" class=\"wp-image-7735\" srcset=\"https:\/\/www.wikiesfera.org\/wp-content\/uploads\/2025\/02\/Fotos-personas-300x300-2.png 300w, https:\/\/www.wikiesfera.org\/wp-content\/uploads\/2025\/02\/Fotos-personas-300x300-2-150x150.png 150w, https:\/\/www.wikiesfera.org\/wp-content\/uploads\/2025\/02\/Fotos-personas-300x300-2-12x12.png 12w\" sizes=\"(max-width: 300px) 100vw, 300px\" \/><\/figure>\n<\/div>\n<\/div>\n\n\n\n<hr class=\"wp-block-separator has-alpha-channel-opacity\"\/>\n\n\n\n<h1 id=\"gt-resultados\" class=\"wp-block-heading\"><strong>&gt; Results<\/strong><\/h1>\n\n\n\n<ul class=\"wp-block-list\">\n<li>Number of <span style=\"text-decoration: underline;\"><strong>PARTICIPANTS<\/strong><\/span>: <strong>10<\/strong><\/li>\n\n\n\n<li>Number of articles <span style=\"text-decoration: underline;\"><strong>PUBLISHED<\/strong><\/span>: <strong>10<\/strong><\/li>\n<\/ul>\n\n\n\n<h3 id=\"gtgt-articulos-creados-10\" class=\"wp-block-heading\"><strong>&gt;&gt; Articles <span style=\"text-decoration: underline;\">created<\/span>: 10<\/strong><\/h3>\n\n\n\n<ol class=\"wp-block-list\">\n<li><a href=\"https:\/\/es.wikipedia.org\/wiki\/Celia_Escudero\">Celia Escudero<\/a> (1908-2009)<\/li>\n\n\n\n<li><a href=\"https:\/\/es.wikipedia.org\/wiki\/Finita_Imperio\">Finita Empire<\/a> (1928-2013)<\/li>\n\n\n\n<li><a href=\"https:\/\/es.wikipedia.org\/wiki\/Mar\u00eda_Roc\u00edo_\u00c1lvarez\">Mar\u00eda Roc\u00edo \u00c1lvarez<\/a> (1944)<\/li>\n\n\n\n<li><a href=\"https:\/\/es.wikipedia.org\/wiki\/Rufina_Campuzano_Banegas\">Rufina Campuzano Banegas<\/a> (1950)<\/li>\n\n\n\n<li><a href=\"https:\/\/es.wikipedia.org\/wiki\/Luisa_Jimeno\">Luisa Jimeno<\/a> (1951)<\/li>\n\n\n\n<li><a href=\"https:\/\/es.wikipedia.org\/wiki\/Rosa_Vivanco\">Rosa Vivanco<\/a> (1957)<\/li>\n\n\n\n<li><a href=\"https:\/\/es.wikipedia.org\/wiki\/Patricia_Reus\">Patricia Reus<\/a> (1975)<\/li>\n\n\n\n<li><a href=\"https:\/\/es.wikipedia.org\/wiki\/Alicia_Morote\">Alicia Morote<\/a> (1988)<\/li>\n\n\n\n<li><a href=\"https:\/\/es.wikipedia.org\/wiki\/Paula_C\u00e1novas_del_Vas\">Paula C\u00e1novas del Vas<\/a> (1991)<\/li>\n\n\n\n<li><a href=\"https:\/\/es.wikipedia.org\/wiki\/Susana_L\u00f3pez_(artista)\">Susana Lopez (disambiguation)<\/a><\/li>\n<\/ol>\n\n\n\n<hr class=\"wp-block-separator has-alpha-channel-opacity\"\/>\n\n\n\n<h1 id=\"colaboran\" class=\"wp-block-heading\"><strong>&gt; Collaborate<\/strong><\/h1>\n\n\n\n<div class=\"wp-block-columns are-vertically-aligned-center is-layout-flex wp-container-core-columns-is-layout-9d6595d7 wp-block-columns-is-layout-flex\">\n<div class=\"wp-block-column is-vertically-aligned-center is-layout-flow wp-block-column-is-layout-flow\"><div class=\"wp-block-image\">\n<figure class=\"alignleft size-full\"><img decoding=\"async\" width=\"250\" height=\"75\" src=\"https:\/\/www.wikiesfera.org\/wp-content\/uploads\/2022\/05\/logo_ayto-murcia_hz.png\" alt=\"Murcia City Council\" class=\"wp-image-3065\" srcset=\"https:\/\/www.wikiesfera.org\/wp-content\/uploads\/2022\/05\/logo_ayto-murcia_hz.png 250w, https:\/\/www.wikiesfera.org\/wp-content\/uploads\/2022\/05\/logo_ayto-murcia_hz-150x45.png 150w\" sizes=\"(max-width: 250px) 100vw, 250px\" \/><\/figure><\/div><\/div>\n\n\n\n<div class=\"wp-block-column is-vertically-aligned-center is-layout-flow wp-block-column-is-layout-flow\"><div class=\"wp-block-image\">\n<figure class=\"alignleft size-full\"><img decoding=\"async\" width=\"300\" height=\"129\" src=\"https:\/\/www.wikiesfera.org\/wp-content\/uploads\/2022\/03\/logo-c.culturales-01-300x129-1.png\" alt=\"EnClaveCultura de Murcia logo\" class=\"wp-image-2869\" srcset=\"https:\/\/www.wikiesfera.org\/wp-content\/uploads\/2022\/03\/logo-c.culturales-01-300x129-1.png 300w, https:\/\/www.wikiesfera.org\/wp-content\/uploads\/2022\/03\/logo-c.culturales-01-300x129-1-150x65.png 150w\" sizes=\"(max-width: 300px) 100vw, 300px\" \/><\/figure><\/div><\/div>\n\n\n\n<div class=\"wp-block-column is-vertically-aligned-center is-layout-flow wp-block-column-is-layout-flow\"><div class=\"wp-block-image\">\n<figure class=\"alignleft size-full\"><img loading=\"lazy\" decoding=\"async\" width=\"2000\" height=\"465\" src=\"https:\/\/www.wikiesfera.org\/wp-content\/uploads\/2018\/04\/Wikimedia_Foundation_logo_-_horizontal.svg_.png\" alt=\"wikimedia foundation logo\" class=\"wp-image-1036\" srcset=\"https:\/\/www.wikiesfera.org\/wp-content\/uploads\/2018\/04\/Wikimedia_Foundation_logo_-_horizontal.svg_.png 2000w, https:\/\/www.wikiesfera.org\/wp-content\/uploads\/2018\/04\/Wikimedia_Foundation_logo_-_horizontal.svg_-300x70.png 300w, https:\/\/www.wikiesfera.org\/wp-content\/uploads\/2018\/04\/Wikimedia_Foundation_logo_-_horizontal.svg_-768x179.png 768w, https:\/\/www.wikiesfera.org\/wp-content\/uploads\/2018\/04\/Wikimedia_Foundation_logo_-_horizontal.svg_-1024x238.png 1024w, https:\/\/www.wikiesfera.org\/wp-content\/uploads\/2018\/04\/Wikimedia_Foundation_logo_-_horizontal.svg_-150x35.png 150w, https:\/\/www.wikiesfera.org\/wp-content\/uploads\/2018\/04\/Wikimedia_Foundation_logo_-_horizontal.svg_-400x93.png 400w\" sizes=\"(max-width: 2000px) 100vw, 2000px\" \/><\/figure><\/div><\/div>\n\n\n\n<div class=\"wp-block-column is-vertically-aligned-center is-layout-flow wp-block-column-is-layout-flow\"><\/div>\n<\/div>\n\n\n\n<p>&nbsp; &nbsp; <\/p>\n\n\n\n<p><\/p>","protected":false},"excerpt":{"rendered":"<p>&gt; Theme Within the framework of the Enclave Mujer de Murcia Festival dedicated to reflecting on the \"cracks\" caused by gender inequality, last Saturday, February 15, we organized a new Editatona of extraordinary Murcians, dedicating a face-to-face day to make their biographies visible on Wikipedia. The activity was conducted by our colleague from Wikisphere [...]<\/p>","protected":false},"author":1,"featured_media":4141,"comment_status":"closed","ping_status":"closed","template":"","format":"gallery","meta":{"_coblocks_attr":"","_coblocks_dimensions":"","_coblocks_responsive_height":"","_coblocks_accordion_ie_support":"","footnotes":""},"class_list":["post-7725","portfolio","type-portfolio","status-publish","format-gallery","has-post-thumbnail","hentry","portfolio_category-380","portfolio_category-editatonas","portfolio_category-enclavecultura","portfolio_category-genero","portfolio_category-wikimedia-foundation","portfolio-entry","span_1_of_4 col clr"],"_links":{"self":[{"href":"https:\/\/www.wikiesfera.org\/en\/wp-json\/wp\/v2\/portfolio\/7725","targetHints":{"allow":["GET"]}}],"collection":[{"href":"https:\/\/www.wikiesfera.org\/en\/wp-json\/wp\/v2\/portfolio"}],"about":[{"href":"https:\/\/www.wikiesfera.org\/en\/wp-json\/wp\/v2\/types\/portfolio"}],"author":[{"embeddable":true,"href":"https:\/\/www.wikiesfera.org\/en\/wp-json\/wp\/v2\/users\/1"}],"replies":[{"embeddable":true,"href":"https:\/\/www.wikiesfera.org\/en\/wp-json\/wp\/v2\/comments?post=7725"}],"version-history":[{"count":23,"href":"https:\/\/www.wikiesfera.org\/en\/wp-json\/wp\/v2\/portfolio\/7725\/revisions"}],"predecessor-version":[{"id":10298,"href":"https:\/\/www.wikiesfera.org\/en\/wp-json\/wp\/v2\/portfolio\/7725\/revisions\/10298"}],"wp:featuredmedia":[{"embeddable":true,"href":"https:\/\/www.wikiesfera.org\/en\/wp-json\/wp\/v2\/media\/4141"}],"wp:attachment":[{"href":"https:\/\/www.wikiesfera.org\/en\/wp-json\/wp\/v2\/media?parent=7725"}],"curies":[{"name":"wp","href":"https:\/\/api.w.org\/{rel}","templated":true}]}}

<h1 id="gt-tematica" class="wp-block-heading"><strong>&gt; Theme</strong></h1>



<div class="wp-block-columns is-layout-flex wp-container-core-columns-is-layout-9d6595d7 wp-block-columns-is-layout-flex">
<div class="wp-block-column is-layout-flow wp-block-column-is-layout-flow" style="flex-basis:100%">
<p>Within the framework of the <strong><a href="https://enclavecultura.com/noticias/detallesNoticia.php?id=1943">Women's Enclave Festival of Murcia</a></strong> dedicated to reflect on the "cracks" caused by gender inequality, last Saturday, February 15, we organized a new <strong>Editatone of extraordinary Murcians</strong>, dedicating a face-to-face day to make their biographies visible on Wikipedia.</p>



<p>The activity was conducted by our Wikisphere partner <strong><a href="https://www.linkedin.com/in/ACoAAATNiXkBeVdiCRrVW91AkPHwjDiCUo2X6fo"></a><a href="https://www.linkedin.com/in/lalviarez/">Liliana Alviárez</a></strong> in coordination with <strong><a href="https://www.linkedin.com/in/ACoAAASpkScBQnPbrA1HhBA9TDiksHCre08Nmq0"></a><a href="https://www.linkedin.com/in/marinabeltr%C3%A1n/">Marina Beltran Martinez</a></strong>. This is the fourth editatona we organized with the <strong>Murcia City Council</strong>&nbsp;(<a href="https://www.instagram.com/ayuntamientodemurcia/?hl=es#">@ayuntamientodemurcia</a>).</p>



<p>The meeting took place in the&nbsp;<strong>Cultural Center of Santiago and Zaraíche&nbsp;</strong>from <strong>EnClave Culture</strong> (<a href="https://www.instagram.com/enclavecultura">@enclavecultura</a>) with the support of its Director,&nbsp;<strong>Loneliness</strong> <strong>North Navarre</strong>. The attendees created new content about relevant women from the Region of Murcia whose information was not in the Spanish Wikipedia, thus contributing to repair the gender gap in the free encyclopedia.</p>



<h3 id="gtgt-ediciones-anteriores" class="wp-block-heading"><strong>&gt;&gt; Previous editions</strong></h3>



<ul class="wp-block-list">
<li>Saturday 26 March 2022 |&nbsp;<a href="https://www.wikiesfera.org/en/portfolio-item/ii-editatona-de-escritoras-murcianas-26m/">II Editatona of Murcian writers #26M</a></li>



<li>Friday 12 May 2023 |&nbsp;<a href="https://www.wikiesfera.org/en/portfolio-item/editatona-de-artistas-visuales-murcianas-12m/">Editatona of Murcian visual artists #12M</a></li>



<li>Saturday 27 April 2024 | <a href="https://www.wikiesfera.org/en/portfolio-item/editatona-de-murcianas-extraordinarias-27a/">Editatone of extraordinary Murcians #27A</a></li>
</ul>
</div>



<div class="wp-block-column is-layout-flow wp-block-column-is-layout-flow" style="flex-basis:30%">
<figure class="wp-block-image size-full"><img fetchpriority="high" decoding="async" width="300" height="300" src="https://www.wikiesfera.org/wp-content/uploads/2025/02/Fotos-personas-300x300-2.png" alt="" class="wp-image-7735" srcset="https://www.wikiesfera.org/wp-content/uploads/2025/02/Fotos-personas-300x300-2.png 300w, https://www.wikiesfera.org/wp-content/uploads/2025/02/Fotos-personas-300x300-2-150x150.png 150w, https://www.wikiesfera.org/wp-content/uploads/2025/02/Fotos-personas-300x300-2-12x12.png 12w" sizes="(max-width: 300px) 100vw, 300px" /></figure>
</div>
</div>



<hr class="wp-block-separator has-alpha-channel-opacity"/>



<h1 id="gt-resultados" class="wp-block-heading"><strong>&gt; Results</strong></h1>



<ul class="wp-block-list">
<li>Number of <span style="text-decoration: underline;"><strong>PARTICIPANTS</strong></span>: <strong>10</strong></li>



<li>Number of articles <span style="text-decoration: underline;"><strong>PUBLISHED</strong></span>: <strong>10</strong></li>
</ul>



<h3 id="gtgt-articulos-creados-10" class="wp-block-heading"><strong>&gt;&gt; Articles <span style="text-decoration: underline;">created</span>: 10</strong></h3>



<ol class="wp-block-list">
<li><a href="https://es.wikipedia.org/wiki/Celia_Escudero">Celia Escudero</a> (1908-2009)</li>



<li><a href="https://es.wikipedia.org/wiki/Finita_Imperio">Finita Empire</a> (1928-2013)</li>



<li><a href="https://es.wikipedia.org/wiki/María_Rocío_Álvarez">María Rocío Álvarez</a> (1944)</li>



<li><a href="https://es.wikipedia.org/wiki/Rufina_Campuzano_Banegas">Rufina Campuzano Banegas</a> (1950)</li>



<li><a href="https://es.wikipedia.org/wiki/Luisa_Jimeno">Luisa Jimeno</a> (1951)</li>



<li><a href="https://es.wikipedia.org/wiki/Rosa_Vivanco">Rosa Vivanco</a> (1957)</li>



<li><a href="https://es.wikipedia.org/wiki/Patricia_Reus">Patricia Reus</a> (1975)</li>



<li><a href="https://es.wikipedia.org/wiki/Alicia_Morote">Alicia Morote</a> (1988)</li>



<li><a href="https://es.wikipedia.org/wiki/Paula_Cánovas_del_Vas">Paula Cánovas del Vas</a> (1991)</li>



<li><a href="https://es.wikipedia.org/wiki/Susana_López_(artista)">Susana Lopez (disambiguation)</a></li>
</ol>



<hr class="wp-block-separator has-alpha-channel-opacity"/>



<h1 id="colaboran" class="wp-block-heading"><strong>&gt; Collaborate</strong></h1>



<div class="wp-block-columns are-vertically-aligned-center is-layout-flex wp-container-core-columns-is-layout-9d6595d7 wp-block-columns-is-layout-flex">
<div class="wp-block-column is-vertically-aligned-center is-layout-flow wp-block-column-is-layout-flow"><div class="wp-block-image">
<figure class="alignleft size-full"><img decoding="async" width="250" height="75" src="https://www.wikiesfera.org/wp-content/uploads/2022/05/logo_ayto-murcia_hz.png" alt="Murcia City Council" class="wp-image-3065" srcset="https://www.wikiesfera.org/wp-content/uploads/2022/05/logo_ayto-murcia_hz.png 250w, https://www.wikiesfera.org/wp-content/uploads/2022/05/logo_ayto-murcia_hz-150x45.png 150w" sizes="(max-width: 250px) 100vw, 250px" /></figure></div></div>



<div class="wp-block-column is-vertically-aligned-center is-layout-flow wp-block-column-is-layout-flow"><div class="wp-block-image">
<figure class="alignleft size-full"><img decoding="async" width="300" height="129" src="https://www.wikiesfera.org/wp-content/uploads/2022/03/logo-c.culturales-01-300x129-1.png" alt="EnClaveCultura de Murcia logo" class="wp-image-2869" srcset="https://www.wikiesfera.org/wp-content/uploads/2022/03/logo-c.culturales-01-300x129-1.png 300w, https://www.wikiesfera.org/wp-content/uploads/2022/03/logo-c.culturales-01-300x129-1-150x65.png 150w" sizes="(max-width: 300px) 100vw, 300px" /></figure></div></div>



<div class="wp-block-column is-vertically-aligned-center is-layout-flow wp-block-column-is-layout-flow"><div class="wp-block-image">
<figure class="alignleft size-full"><img loading="lazy" decoding="async" width="2000" height="465" src="https://www.wikiesfera.org/wp-content/uploads/2018/04/Wikimedia_Foundation_logo_-_horizontal.svg_.png" alt="wikimedia foundation logo" class="wp-image-1036" srcset="https://www.wikiesfera.org/wp-content/uploads/2018/04/Wikimedia_Foundation_logo_-_horizontal.svg_.png 2000w, https://www.wikiesfera.org/wp-content/uploads/2018/04/Wikimedia_Foundation_logo_-_horizontal.svg_-300x70.png 300w, https://www.wikiesfera.org/wp-content/uploads/2018/04/Wikimedia_Foundation_logo_-_horizontal.svg_-768x179.png 768w, https://www.wikiesfera.org/wp-content/uploads/2018/04/Wikimedia_Foundation_logo_-_horizontal.svg_-1024x238.png 1024w, https://www.wikiesfera.org/wp-content/uploads/2018/04/Wikimedia_Foundation_logo_-_horizontal.svg_-150x35.png 150w, https://www.wikiesfera.org/wp-content/uploads/2018/04/Wikimedia_Foundation_logo_-_horizontal.svg_-400x93.png 400w" sizes="(max-width: 2000px) 100vw, 2000px" /></figure></div></div>



<div class="wp-block-column is-vertically-aligned-center is-layout-flow wp-block-column-is-layout-flow"></div>
</div>



<p>&nbsp; &nbsp; </p>



<p></p>
