{"id":5271,"date":"2024-04-28T11:36:34","date_gmt":"2024-04-28T11:36:34","guid":{"rendered":"http:\/\/www.wikiesfera.org\/?post_type=portfolio&#038;p=5271"},"modified":"2026-02-07T00:39:04","modified_gmt":"2026-02-07T00:39:04","slug":"editatona-de-murcianas-extraordinarias-27a","status":"publish","type":"portfolio","link":"https:\/\/www.wikiesfera.org\/en\/portfolio-item\/editatona-de-murcianas-extraordinarias-27a\/","title":{"rendered":"Editatone of extraordinary Murcians #27A"},"content":{"rendered":"<h1 id=\"gt-tematica\" class=\"wp-block-heading\"><strong>&gt; Theme<\/strong><\/h1>\n\n\n\n<div class=\"wp-block-columns is-layout-flex wp-container-core-columns-is-layout-9d6595d7 wp-block-columns-is-layout-flex\">\n<div class=\"wp-block-column is-layout-flow wp-block-column-is-layout-flow\" style=\"flex-basis:100%\">\n<p>The <span style=\"font-weight: 400;\">Saturday 27 April<\/span>, we dedicate a face-to-face day to <strong>Extraordinary Murcians<\/strong> to make their absence visible on Wikipedia and share the need for that to change. This was the third editatona that we organized in coordination with the <strong>Murcia City Council<\/strong> (<a href=\"https:\/\/www.instagram.com\/ayuntamientodemurcia\/?hl=es#\">@ayuntamientodemurcia<\/a>).<\/p>\n\n\n\n<p>The meeting took place in <span style=\"font-weight: 400;\">the <strong>Cultural Center of El Carmen<\/strong><\/span> from <span style=\"font-weight: 400;\"><strong>EnClave Culture<\/strong> <span style=\"font-weight: 400;\">(<a href=\"https:\/\/www.instagram.com\/enclavecultura\">@enclavecultura<\/a>)<\/span>, in the centre of Murcia, <\/span>with the support of its director, <strong><strong><a href=\"https:\/\/www.linkedin.com\/in\/eva-cagigal-b5b00b179?miniProfileUrn=urn%3Ali%3Afs_miniProfile%3AACoAACouoLcBJo-AKNNvLhHw9480el3Qt261sn4&amp;lipi=urn%3Ali%3Apage%3Ad_flagship3_search_srp_all%3B4dzglkHRQ82mGI7F7UHBGQ%3D%3D\">Eva Cagigal<\/a><\/strong><\/strong>. There were Wikipedians who had already participated in the previous editatonas as well as other interested people, who tested for the first time what it means to publish an article on Wikipedia, and to whom we tried to convey how important their contribution is to the knowledge of the free encyclopedia.<\/p>\n\n\n\n<h3 id=\"gtgt-ediciones-anteriores\" class=\"wp-block-heading\"><strong>&gt;&gt; Previous editions<\/strong><\/h3>\n\n\n\n<ul class=\"wp-block-list\">\n<li>Saturday 26 March 2022 | <a href=\"https:\/\/www.wikiesfera.org\/en\/portfolio-item\/ii-editatona-de-escritoras-murcianas-26m\/\" target=\"_blank\" rel=\"noopener\">II Editatona of Murcian writers #26M<\/a><\/li>\n\n\n\n<li>Friday 12 May 2023 | <a href=\"https:\/\/www.wikiesfera.org\/en\/portfolio-item\/editatona-de-artistas-visuales-murcianas-12m\/\" target=\"_blank\" rel=\"noopener\">Editatona of Murcian visual artists #12M<\/a><\/li>\n<\/ul>\n<\/div>\n\n\n\n<div class=\"wp-block-column is-layout-flow wp-block-column-is-layout-flow\" style=\"flex-basis:30%\">\n<figure class=\"wp-block-image size-large\"><img fetchpriority=\"high\" decoding=\"async\" width=\"724\" height=\"1024\" src=\"https:\/\/www.wikiesfera.org\/wp-content\/uploads\/2024\/04\/1-724x1024.jpg\" alt=\"Editatone of extraordinary Murcians\" class=\"wp-image-5273\" srcset=\"https:\/\/www.wikiesfera.org\/wp-content\/uploads\/2024\/04\/1-724x1024.jpg 724w, https:\/\/www.wikiesfera.org\/wp-content\/uploads\/2024\/04\/1-212x300.jpg 212w, https:\/\/www.wikiesfera.org\/wp-content\/uploads\/2024\/04\/1-768x1086.jpg 768w, https:\/\/www.wikiesfera.org\/wp-content\/uploads\/2024\/04\/1-1086x1536.jpg 1086w, https:\/\/www.wikiesfera.org\/wp-content\/uploads\/2024\/04\/1-1448x2048.jpg 1448w, https:\/\/www.wikiesfera.org\/wp-content\/uploads\/2024\/04\/1-106x150.jpg 106w, https:\/\/www.wikiesfera.org\/wp-content\/uploads\/2024\/04\/1-400x566.jpg 400w, https:\/\/www.wikiesfera.org\/wp-content\/uploads\/2024\/04\/1.jpg 1587w\" sizes=\"(max-width: 724px) 100vw, 724px\" \/><\/figure>\n<\/div>\n<\/div>\n\n\n\n<hr class=\"wp-block-separator has-alpha-channel-opacity\"\/>\n\n\n\n<h1 id=\"gt-resultados\" class=\"wp-block-heading\"><strong>&gt; Results<\/strong><\/h1>\n\n\n\n<ul class=\"wp-block-list\">\n<li>Number of <strong><span style=\"text-decoration: underline;\">PARTICIPANTS<\/span><\/strong>: <strong>7<\/strong><\/li>\n\n\n\n<li>Number of <strong><span style=\"text-decoration: underline;\">ARTICLES <\/span><b><u>CREATED:<\/u><\/b> 7<\/strong><\/li>\n<\/ul>\n\n\n\n<ol class=\"wp-block-list\">\n<li><a href=\"https:\/\/es.wikipedia.org\/wiki\/Mar%C3%ADa_Maroto\" target=\"_blank\" rel=\"noopener\">Maria Maroto Conesa<\/a> (1878-1966)<\/li>\n\n\n\n<li><a href=\"https:\/\/es.wikipedia.org\/wiki\/Concepci%C3%B3n_S%C3%A1nchez-Pedre%C3%B1o\" target=\"_blank\" rel=\"noopener\">Concepci\u00f3n S\u00e1nchez-Pedre\u00f1o<\/a>(1929-2022)<\/li>\n\n\n\n<li><a href=\"https:\/\/es.wikipedia.org\/wiki\/Maite_Defruc\" target=\"_blank\" rel=\"noopener\">Maite Defruc<\/a> (1947-2021)<\/li>\n\n\n\n<li><a href=\"https:\/\/es.wikipedia.org\/wiki\/Natalia_Ballester\" target=\"_blank\" rel=\"noopener\">Natalia Ballester Company<\/a> (twentieth century)<\/li>\n\n\n\n<li><a href=\"https:\/\/es.wikipedia.org\/wiki\/Francisca_Moya\" target=\"_blank\" rel=\"noopener\">Francisca Moya del Ba\u00f1o<\/a> (1942)<\/li>\n\n\n\n<li><a href=\"https:\/\/es.wikipedia.org\/wiki\/Encarnaci%C3%B3n_Fern%C3%A1ndez_(cantaora)\" target=\"_blank\" rel=\"noopener\">Encarnaci\u00f3n Fernandez (disambiguation)<\/a> (1951)<\/li>\n\n\n\n<li><a href=\"https:\/\/es.wikipedia.org\/wiki\/Gala_Hern%C3%A1ndez\" target=\"_blank\" rel=\"noopener\">Gala Hern\u00e1ndez L\u00f3pez<\/a> (1993)<\/li>\n<\/ol>\n\n\n\n<hr class=\"wp-block-separator has-alpha-channel-opacity\"\/>\n\n\n\n<h1 id=\"gt-colaboran\" class=\"wp-block-heading\"><strong>&gt; Collaborate<\/strong><\/h1>\n\n\n\n<div class=\"wp-block-columns are-vertically-aligned-center is-layout-flex wp-container-core-columns-is-layout-9d6595d7 wp-block-columns-is-layout-flex\">\n<div class=\"wp-block-column is-vertically-aligned-center is-layout-flow wp-block-column-is-layout-flow\"><div class=\"wp-block-image\">\n<figure class=\"alignleft size-full\"><img decoding=\"async\" width=\"250\" height=\"75\" src=\"https:\/\/www.wikiesfera.org\/wp-content\/uploads\/2022\/05\/logo_ayto-murcia_hz.png\" alt=\"Murcia City Council\" class=\"wp-image-3065\" srcset=\"https:\/\/www.wikiesfera.org\/wp-content\/uploads\/2022\/05\/logo_ayto-murcia_hz.png 250w, https:\/\/www.wikiesfera.org\/wp-content\/uploads\/2022\/05\/logo_ayto-murcia_hz-150x45.png 150w\" sizes=\"(max-width: 250px) 100vw, 250px\" \/><\/figure><\/div><\/div>\n\n\n\n<div class=\"wp-block-column is-vertically-aligned-center is-layout-flow wp-block-column-is-layout-flow\"><div class=\"wp-block-image\">\n<figure class=\"alignleft size-full\"><img decoding=\"async\" width=\"300\" height=\"129\" src=\"https:\/\/www.wikiesfera.org\/wp-content\/uploads\/2022\/03\/logo-c.culturales-01-300x129-1.png\" alt=\"EnClaveCultura de Murcia logo\" class=\"wp-image-2869\" srcset=\"https:\/\/www.wikiesfera.org\/wp-content\/uploads\/2022\/03\/logo-c.culturales-01-300x129-1.png 300w, https:\/\/www.wikiesfera.org\/wp-content\/uploads\/2022\/03\/logo-c.culturales-01-300x129-1-150x65.png 150w\" sizes=\"(max-width: 300px) 100vw, 300px\" \/><\/figure><\/div><\/div>\n\n\n\n<div class=\"wp-block-column is-vertically-aligned-center is-layout-flow wp-block-column-is-layout-flow\"><div class=\"wp-block-image\">\n<figure class=\"alignleft size-full\"><img loading=\"lazy\" decoding=\"async\" width=\"2000\" height=\"465\" src=\"https:\/\/www.wikiesfera.org\/wp-content\/uploads\/2018\/04\/Wikimedia_Foundation_logo_-_horizontal.svg_.png\" alt=\"wikimedia foundation logo\" class=\"wp-image-1036\" srcset=\"https:\/\/www.wikiesfera.org\/wp-content\/uploads\/2018\/04\/Wikimedia_Foundation_logo_-_horizontal.svg_.png 2000w, https:\/\/www.wikiesfera.org\/wp-content\/uploads\/2018\/04\/Wikimedia_Foundation_logo_-_horizontal.svg_-300x70.png 300w, https:\/\/www.wikiesfera.org\/wp-content\/uploads\/2018\/04\/Wikimedia_Foundation_logo_-_horizontal.svg_-768x179.png 768w, https:\/\/www.wikiesfera.org\/wp-content\/uploads\/2018\/04\/Wikimedia_Foundation_logo_-_horizontal.svg_-1024x238.png 1024w, https:\/\/www.wikiesfera.org\/wp-content\/uploads\/2018\/04\/Wikimedia_Foundation_logo_-_horizontal.svg_-150x35.png 150w, https:\/\/www.wikiesfera.org\/wp-content\/uploads\/2018\/04\/Wikimedia_Foundation_logo_-_horizontal.svg_-400x93.png 400w\" sizes=\"(max-width: 2000px) 100vw, 2000px\" \/><\/figure><\/div><\/div>\n\n\n\n<div class=\"wp-block-column is-vertically-aligned-center is-layout-flow wp-block-column-is-layout-flow\"><\/div>\n<\/div>\n\n\n\n<p><\/p>","protected":false},"excerpt":{"rendered":"<p>&gt; Topic On Saturday, April 27, we dedicated a face-to-face day to extraordinary Murcians to make their absence visible on Wikipedia and share the need for that to change. This was the third edition that we organized in coordination with the City of Murcia (@ayuntamientodemurcia). The meeting took place at the Cultural Center of El Carmen [...]<\/p>","protected":false},"author":1,"featured_media":4141,"comment_status":"closed","ping_status":"closed","template":"","format":"gallery","meta":{"_coblocks_attr":"","_coblocks_dimensions":"","_coblocks_responsive_height":"","_coblocks_accordion_ie_support":"","footnotes":""},"class_list":["post-5271","portfolio","type-portfolio","status-publish","format-gallery","has-post-thumbnail","hentry","portfolio_category-341","portfolio_category-editatonas","portfolio_category-enclavecultura","portfolio_category-genero","portfolio_category-wikimedia-foundation","portfolio-entry","span_1_of_4 col clr"],"_links":{"self":[{"href":"https:\/\/www.wikiesfera.org\/en\/wp-json\/wp\/v2\/portfolio\/5271","targetHints":{"allow":["GET"]}}],"collection":[{"href":"https:\/\/www.wikiesfera.org\/en\/wp-json\/wp\/v2\/portfolio"}],"about":[{"href":"https:\/\/www.wikiesfera.org\/en\/wp-json\/wp\/v2\/types\/portfolio"}],"author":[{"embeddable":true,"href":"https:\/\/www.wikiesfera.org\/en\/wp-json\/wp\/v2\/users\/1"}],"replies":[{"embeddable":true,"href":"https:\/\/www.wikiesfera.org\/en\/wp-json\/wp\/v2\/comments?post=5271"}],"version-history":[{"count":12,"href":"https:\/\/www.wikiesfera.org\/en\/wp-json\/wp\/v2\/portfolio\/5271\/revisions"}],"predecessor-version":[{"id":10993,"href":"https:\/\/www.wikiesfera.org\/en\/wp-json\/wp\/v2\/portfolio\/5271\/revisions\/10993"}],"wp:featuredmedia":[{"embeddable":true,"href":"https:\/\/www.wikiesfera.org\/en\/wp-json\/wp\/v2\/media\/4141"}],"wp:attachment":[{"href":"https:\/\/www.wikiesfera.org\/en\/wp-json\/wp\/v2\/media?parent=5271"}],"curies":[{"name":"wp","href":"https:\/\/api.w.org\/{rel}","templated":true}]}}

<h1 id="gt-tematica" class="wp-block-heading"><strong>&gt; Theme</strong></h1>



<div class="wp-block-columns is-layout-flex wp-container-core-columns-is-layout-9d6595d7 wp-block-columns-is-layout-flex">
<div class="wp-block-column is-layout-flow wp-block-column-is-layout-flow" style="flex-basis:100%">
<p>The <span style="font-weight: 400;">Saturday 27 April</span>, we dedicate a face-to-face day to <strong>Extraordinary Murcians</strong> to make their absence visible on Wikipedia and share the need for that to change. This was the third editatona that we organized in coordination with the <strong>Murcia City Council</strong> (<a href="https://www.instagram.com/ayuntamientodemurcia/?hl=es#">@ayuntamientodemurcia</a>).</p>



<p>The meeting took place in <span style="font-weight: 400;">the <strong>Cultural Center of El Carmen</strong></span> from <span style="font-weight: 400;"><strong>EnClave Culture</strong> <span style="font-weight: 400;">(<a href="https://www.instagram.com/enclavecultura">@enclavecultura</a>)</span>, in the centre of Murcia, </span>with the support of its director, <strong><strong><a href="https://www.linkedin.com/in/eva-cagigal-b5b00b179?miniProfileUrn=urn%3Ali%3Afs_miniProfile%3AACoAACouoLcBJo-AKNNvLhHw9480el3Qt261sn4&amp;lipi=urn%3Ali%3Apage%3Ad_flagship3_search_srp_all%3B4dzglkHRQ82mGI7F7UHBGQ%3D%3D">Eva Cagigal</a></strong></strong>. There were Wikipedians who had already participated in the previous editatonas as well as other interested people, who tested for the first time what it means to publish an article on Wikipedia, and to whom we tried to convey how important their contribution is to the knowledge of the free encyclopedia.</p>



<h3 id="gtgt-ediciones-anteriores" class="wp-block-heading"><strong>&gt;&gt; Previous editions</strong></h3>



<ul class="wp-block-list">
<li>Saturday 26 March 2022 | <a href="https://www.wikiesfera.org/en/portfolio-item/ii-editatona-de-escritoras-murcianas-26m/" target="_blank" rel="noopener">II Editatona of Murcian writers #26M</a></li>



<li>Friday 12 May 2023 | <a href="https://www.wikiesfera.org/en/portfolio-item/editatona-de-artistas-visuales-murcianas-12m/" target="_blank" rel="noopener">Editatona of Murcian visual artists #12M</a></li>
</ul>
</div>



<div class="wp-block-column is-layout-flow wp-block-column-is-layout-flow" style="flex-basis:30%">
<figure class="wp-block-image size-large"><img fetchpriority="high" decoding="async" width="724" height="1024" src="https://www.wikiesfera.org/wp-content/uploads/2024/04/1-724x1024.jpg" alt="Editatone of extraordinary Murcians" class="wp-image-5273" srcset="https://www.wikiesfera.org/wp-content/uploads/2024/04/1-724x1024.jpg 724w, https://www.wikiesfera.org/wp-content/uploads/2024/04/1-212x300.jpg 212w, https://www.wikiesfera.org/wp-content/uploads/2024/04/1-768x1086.jpg 768w, https://www.wikiesfera.org/wp-content/uploads/2024/04/1-1086x1536.jpg 1086w, https://www.wikiesfera.org/wp-content/uploads/2024/04/1-1448x2048.jpg 1448w, https://www.wikiesfera.org/wp-content/uploads/2024/04/1-106x150.jpg 106w, https://www.wikiesfera.org/wp-content/uploads/2024/04/1-400x566.jpg 400w, https://www.wikiesfera.org/wp-content/uploads/2024/04/1.jpg 1587w" sizes="(max-width: 724px) 100vw, 724px" /></figure>
</div>
</div>



<hr class="wp-block-separator has-alpha-channel-opacity"/>



<h1 id="gt-resultados" class="wp-block-heading"><strong>&gt; Results</strong></h1>



<ul class="wp-block-list">
<li>Number of <strong><span style="text-decoration: underline;">PARTICIPANTS</span></strong>: <strong>7</strong></li>



<li>Number of <strong><span style="text-decoration: underline;">ARTICLES </span><b><u>CREATED:</u></b> 7</strong></li>
</ul>



<ol class="wp-block-list">
<li><a href="https://es.wikipedia.org/wiki/Mar%C3%ADa_Maroto" target="_blank" rel="noopener">Maria Maroto Conesa</a> (1878-1966)</li>



<li><a href="https://es.wikipedia.org/wiki/Concepci%C3%B3n_S%C3%A1nchez-Pedre%C3%B1o" target="_blank" rel="noopener">Concepción Sánchez-Pedreño</a>(1929-2022)</li>



<li><a href="https://es.wikipedia.org/wiki/Maite_Defruc" target="_blank" rel="noopener">Maite Defruc</a> (1947-2021)</li>



<li><a href="https://es.wikipedia.org/wiki/Natalia_Ballester" target="_blank" rel="noopener">Natalia Ballester Company</a> (twentieth century)</li>



<li><a href="https://es.wikipedia.org/wiki/Francisca_Moya" target="_blank" rel="noopener">Francisca Moya del Baño</a> (1942)</li>



<li><a href="https://es.wikipedia.org/wiki/Encarnaci%C3%B3n_Fern%C3%A1ndez_(cantaora)" target="_blank" rel="noopener">Encarnación Fernandez (disambiguation)</a> (1951)</li>



<li><a href="https://es.wikipedia.org/wiki/Gala_Hern%C3%A1ndez" target="_blank" rel="noopener">Gala Hernández López</a> (1993)</li>
</ol>



<hr class="wp-block-separator has-alpha-channel-opacity"/>



<h1 id="gt-colaboran" class="wp-block-heading"><strong>&gt; Collaborate</strong></h1>



<div class="wp-block-columns are-vertically-aligned-center is-layout-flex wp-container-core-columns-is-layout-9d6595d7 wp-block-columns-is-layout-flex">
<div class="wp-block-column is-vertically-aligned-center is-layout-flow wp-block-column-is-layout-flow"><div class="wp-block-image">
<figure class="alignleft size-full"><img decoding="async" width="250" height="75" src="https://www.wikiesfera.org/wp-content/uploads/2022/05/logo_ayto-murcia_hz.png" alt="Murcia City Council" class="wp-image-3065" srcset="https://www.wikiesfera.org/wp-content/uploads/2022/05/logo_ayto-murcia_hz.png 250w, https://www.wikiesfera.org/wp-content/uploads/2022/05/logo_ayto-murcia_hz-150x45.png 150w" sizes="(max-width: 250px) 100vw, 250px" /></figure></div></div>



<div class="wp-block-column is-vertically-aligned-center is-layout-flow wp-block-column-is-layout-flow"><div class="wp-block-image">
<figure class="alignleft size-full"><img decoding="async" width="300" height="129" src="https://www.wikiesfera.org/wp-content/uploads/2022/03/logo-c.culturales-01-300x129-1.png" alt="EnClaveCultura de Murcia logo" class="wp-image-2869" srcset="https://www.wikiesfera.org/wp-content/uploads/2022/03/logo-c.culturales-01-300x129-1.png 300w, https://www.wikiesfera.org/wp-content/uploads/2022/03/logo-c.culturales-01-300x129-1-150x65.png 150w" sizes="(max-width: 300px) 100vw, 300px" /></figure></div></div>



<div class="wp-block-column is-vertically-aligned-center is-layout-flow wp-block-column-is-layout-flow"><div class="wp-block-image">
<figure class="alignleft size-full"><img loading="lazy" decoding="async" width="2000" height="465" src="https://www.wikiesfera.org/wp-content/uploads/2018/04/Wikimedia_Foundation_logo_-_horizontal.svg_.png" alt="wikimedia foundation logo" class="wp-image-1036" srcset="https://www.wikiesfera.org/wp-content/uploads/2018/04/Wikimedia_Foundation_logo_-_horizontal.svg_.png 2000w, https://www.wikiesfera.org/wp-content/uploads/2018/04/Wikimedia_Foundation_logo_-_horizontal.svg_-300x70.png 300w, https://www.wikiesfera.org/wp-content/uploads/2018/04/Wikimedia_Foundation_logo_-_horizontal.svg_-768x179.png 768w, https://www.wikiesfera.org/wp-content/uploads/2018/04/Wikimedia_Foundation_logo_-_horizontal.svg_-1024x238.png 1024w, https://www.wikiesfera.org/wp-content/uploads/2018/04/Wikimedia_Foundation_logo_-_horizontal.svg_-150x35.png 150w, https://www.wikiesfera.org/wp-content/uploads/2018/04/Wikimedia_Foundation_logo_-_horizontal.svg_-400x93.png 400w" sizes="(max-width: 2000px) 100vw, 2000px" /></figure></div></div>



<div class="wp-block-column is-vertically-aligned-center is-layout-flow wp-block-column-is-layout-flow"></div>
</div>



<p></p>
