{"id":1487,"date":"2020-06-29T09:36:23","date_gmt":"2020-06-29T09:36:23","guid":{"rendered":"\/?post_type=portfolio&#038;p=1487"},"modified":"2025-12-23T19:52:55","modified_gmt":"2025-12-23T19:52:55","slug":"editatona-virtual-de-cientificas-lgbt-27j-2020","status":"publish","type":"portfolio","link":"https:\/\/www.wikiesfera.org\/en\/portfolio-item\/editatona-virtual-de-cientificas-lgbt-27j-2020\/","title":{"rendered":"Virtual Editatona of LGBT Scientists #27J 2020"},"content":{"rendered":"<h1 id=\"gt-tematica\" class=\"wp-block-heading\"><strong>&gt; Theme<\/strong><\/h1>\n\n\n\n<h1 id=\"\" class=\"wp-block-heading\"><strong><figure><img fetchpriority=\"high\" decoding=\"async\" class=\"alignright size-medium wp-image-1492\" src=\"\/wp-content\/uploads\/2020\/07\/PrismaWiki3.0-300x263.jpg\" alt=\"\" width=\"300\" height=\"263\" srcset=\"https:\/\/www.wikiesfera.org\/wp-content\/uploads\/2020\/07\/PrismaWiki3.0-300x263.jpg 300w, https:\/\/www.wikiesfera.org\/wp-content\/uploads\/2020\/07\/PrismaWiki3.0-1024x899.jpg 1024w, https:\/\/www.wikiesfera.org\/wp-content\/uploads\/2020\/07\/PrismaWiki3.0-768x674.jpg 768w, https:\/\/www.wikiesfera.org\/wp-content\/uploads\/2020\/07\/PrismaWiki3.0-1536x1349.jpg 1536w, https:\/\/www.wikiesfera.org\/wp-content\/uploads\/2020\/07\/PrismaWiki3.0-2048x1799.jpg 2048w, https:\/\/www.wikiesfera.org\/wp-content\/uploads\/2020\/07\/PrismaWiki3.0-150x132.jpg 150w, https:\/\/www.wikiesfera.org\/wp-content\/uploads\/2020\/07\/PrismaWiki3.0-400x351.jpg 400w\" sizes=\"(max-width: 300px) 100vw, 300px\" \/><\/figure><\/strong><\/h1>\n\n\n\n<p>Last Saturday, June 27, on the occasion of the <a href=\"https:\/\/es.wikipedia.org\/wiki\/D%C3%ADa_Internacional_del_Orgullo_LGBT\" target=\"_blank\" rel=\"noopener noreferrer\">International LGBT Pride Day<\/a>, which takes place every 28 June, we dedicate a day to <strong>scientific<\/strong> to make his absence visible also in Wikipedia and share the need for that to change.<\/p>\n\n\n\n<h1 id=\"gt-expertas\" class=\"wp-block-heading\"><strong>&gt; Experts<\/strong><\/h1>\n\n\n\n<p>As in each editatona, we invite an expert in the subject that we are going to deal with. On this occasion, we have the presence of <strong>Paula del R\u00edo<\/strong> (<a href=\"https:\/\/twitter.com\/hayquehacerla\" target=\"_blank\" rel=\"noopener noreferrer\">@hayquehacerla<\/a>) and <strong>Javier Armentia<\/strong> (<a href=\"https:\/\/twitter.com\/javierarmentia\" target=\"_blank\" rel=\"noopener noreferrer\">@javierarmentia<\/a>) of <strong>PRISMA<\/strong>, Association for Affective-Sexual and Gender Diversity in Science, Technology and Innovation, who told us about the invisibility of the LGBT collective in different contexts.<\/p>\n\n\n\n<p><iframe src=\"https:\/\/www.youtube.com\/embed\/x_DJXOvIPyE\" width=\"560\" height=\"315\" frameborder=\"0\" allowfullscreen=\"allowfullscreen\"><\/iframe><\/p>\n\n\n\n<hr class=\"wp-block-separator has-alpha-channel-opacity\"\/>\n\n\n\n<h1 id=\"gt-resultados\" class=\"wp-block-heading\"><strong>&gt; Results<\/strong><\/h1>\n\n\n\n<ul class=\"wp-block-list\">\n<li>Number of <strong><span style=\"text-decoration: underline;\">PARTICIPANTS<\/span>: 20<\/strong><\/li>\n\n\n\n<li>Number of <strong><span style=\"text-decoration: underline;\">ARTICLES CREATED<\/span>: 10<\/strong><\/li>\n<\/ul>\n\n\n\n<ol class=\"wp-block-list\">\n<li><a href=\"https:\/\/es.wikipedia.org\/wiki\/Alfredo_Corell\" target=\"_blank\" rel=\"noopener noreferrer\">Alfredo Corell Almuzara<\/a>&nbsp;(1963)<\/li>\n\n\n\n<li><a href=\"https:\/\/es.wikipedia.org\/wiki\/Eduardo_L%C3%B3pez_Collazo\" target=\"_blank\" rel=\"noopener noreferrer\">Eduardo L\u00f3pez Collazo<\/a> (1969)<\/li>\n\n\n\n<li><a href=\"https:\/\/es.wikipedia.org\/wiki\/Marina_Echebarr%C3%ADa_S%C3%A1enz\" target=\"_blank\" rel=\"noopener noreferrer\">Marina Echebarr\u00eda S\u00e1enz<\/a> (1970)<\/li>\n\n\n\n<li><a href=\"https:\/\/es.wikipedia.org\/wiki\/Susana_Rodr%C3%ADguez_Navarro\" target=\"_blank\" rel=\"noopener noreferrer\">Susana Rodr\u00edguez Navarro<\/a> (1972)<\/li>\n\n\n\n<li><a href=\"https:\/\/es.wikipedia.org\/wiki\/Manuel_Gonz%C3%A1lez_Garc%C3%ADa_(f%C3%ADsico)\" target=\"_blank\" rel=\"noopener noreferrer\">Manuel Gonz\u00e1lez Garc\u00eda<\/a> (1981)<\/li>\n\n\n\n<li><a href=\"https:\/\/es.wikipedia.org\/wiki\/Francesc_Gasc%C3%B3\" target=\"_blank\" rel=\"noopener noreferrer\">Francesc Gasco<\/a> (1984)<\/li>\n\n\n\n<li><a href=\"https:\/\/es.wikipedia.org\/wiki\/Juani_Bermejo_Vega\" target=\"_blank\" rel=\"noopener noreferrer\">Juani Bermejo Vega<\/a> (1987)<\/li>\n\n\n\n<li><a href=\"https:\/\/es.wikipedia.org\/wiki\/Dania_Guti%C3%A9rrez\" target=\"_blank\" rel=\"noopener noreferrer\">Dania Gutierrez Ruiz<\/a><\/li>\n\n\n\n<li><a href=\"https:\/\/es.wikipedia.org\/wiki\/Esther_Mayoko_Ortega\" target=\"_blank\" rel=\"noopener noreferrer\">Esther Mayoko Ortega<\/a><\/li>\n\n\n\n<li><a href=\"https:\/\/es.wikipedia.org\/wiki\/Gracia_Trujillo\" target=\"_blank\" rel=\"noopener noreferrer\">Gracia Trujillo Barbadillo<\/a><\/li>\n<\/ol>\n\n\n\n<h2 id=\"gtgt-incidencia\" class=\"wp-block-heading\"><strong>&gt;&gt; Incidence<\/strong><\/h2>\n\n\n\n<p>After five years of Wikiesfera's life, we had the bitter experience of having one of the articles we had created deleted. The deletion occurred within hours of the end of the activity when a librarian accepted the request for quick deletion of the biography of <strong>Jos\u00e9 Ignacio Pichardo<\/strong>. The argument given was that of <a href=\"https:\/\/es.wikipedia.org\/wiki\/Wikipedia:Criterios_para_el_borrado_r%C3%A1pido#G3\" target=\"_blank\" rel=\"noopener noreferrer\"><em>Promotional or conflict of interest<\/em><\/a>, although we use the same criteria of relevance that we have been using for years in this working group. Although we have not yet recovered the article, we believe that we will be able to recover it and, finally, publish it without conflicts. However, it is important to note that this type of actions perceived as abusive and unjustified undermine the morale of the volunteers who dedicate time and effort to build Wikipedia.<\/p>\n\n\n\n<p><strong>UPDATE 14\/06\/2021<\/strong><\/p>\n\n\n\n<p>After these months, <strong>we have republished (finally) the article of <a href=\"https:\/\/es.wikipedia.org\/wiki\/Jos%C3%A9_Ignacio_Pichardo\" target=\"_blank\" rel=\"noopener\">Jos\u00e9 Ignacio Pichardo<\/a><\/strong> It is now available for consultation. We are confident that there will be no further attempts to delete it.<\/p>\n\n\n\n<hr class=\"wp-block-separator has-alpha-channel-opacity\"\/>\n\n\n\n<h1 id=\"gt-colaboran\" class=\"wp-block-heading\"><strong>&gt; Collaborate<\/strong><\/h1>\n\n\n\n<div class=\"wp-block-columns is-layout-flex wp-container-core-columns-is-layout-9d6595d7 wp-block-columns-is-layout-flex\">\n<div class=\"wp-block-column is-layout-flow wp-block-column-is-layout-flow\"><div class=\"wp-block-image\">\n<figure class=\"alignleft\"><img decoding=\"async\" width=\"300\" height=\"80\" src=\"\/wp-content\/uploads\/2018\/04\/logo-MLP-2018_transparente-300x80.png\" alt=\"\" class=\"wp-image-1033\" srcset=\"https:\/\/www.wikiesfera.org\/wp-content\/uploads\/2018\/04\/logo-MLP-2018_transparente-300x80.png 300w, https:\/\/www.wikiesfera.org\/wp-content\/uploads\/2018\/04\/logo-MLP-2018_transparente-768x205.png 768w, https:\/\/www.wikiesfera.org\/wp-content\/uploads\/2018\/04\/logo-MLP-2018_transparente-1024x273.png 1024w, https:\/\/www.wikiesfera.org\/wp-content\/uploads\/2018\/04\/logo-MLP-2018_transparente-150x40.png 150w, https:\/\/www.wikiesfera.org\/wp-content\/uploads\/2018\/04\/logo-MLP-2018_transparente-400x107.png 400w\" sizes=\"(max-width: 300px) 100vw, 300px\" \/><\/figure><\/div><\/div>\n\n\n\n<div class=\"wp-block-column is-layout-flow wp-block-column-is-layout-flow\"><div class=\"wp-block-image\">\n<figure class=\"alignleft\"><img decoding=\"async\" width=\"300\" height=\"105\" src=\"\/wp-content\/uploads\/2020\/07\/logo-prisma-300x105.jpg\" alt=\"\" class=\"wp-image-1490\" srcset=\"https:\/\/www.wikiesfera.org\/wp-content\/uploads\/2020\/07\/logo-prisma-300x105.jpg 300w, https:\/\/www.wikiesfera.org\/wp-content\/uploads\/2020\/07\/logo-prisma-150x53.jpg 150w, https:\/\/www.wikiesfera.org\/wp-content\/uploads\/2020\/07\/logo-prisma-400x140.jpg 400w, https:\/\/www.wikiesfera.org\/wp-content\/uploads\/2020\/07\/logo-prisma.jpg 740w\" sizes=\"(max-width: 300px) 100vw, 300px\" \/><\/figure><\/div><\/div>\n\n\n\n<div class=\"wp-block-column is-layout-flow wp-block-column-is-layout-flow\"><div class=\"wp-block-image\">\n<figure class=\"alignleft\"><img loading=\"lazy\" decoding=\"async\" width=\"300\" height=\"70\" src=\"\/wp-content\/uploads\/2018\/04\/Wikimedia_Foundation_logo_-_horizontal.svg_-300x70.png\" alt=\"\" class=\"wp-image-1036\" srcset=\"https:\/\/www.wikiesfera.org\/wp-content\/uploads\/2018\/04\/Wikimedia_Foundation_logo_-_horizontal.svg_-300x70.png 300w, https:\/\/www.wikiesfera.org\/wp-content\/uploads\/2018\/04\/Wikimedia_Foundation_logo_-_horizontal.svg_-768x179.png 768w, https:\/\/www.wikiesfera.org\/wp-content\/uploads\/2018\/04\/Wikimedia_Foundation_logo_-_horizontal.svg_-1024x238.png 1024w, https:\/\/www.wikiesfera.org\/wp-content\/uploads\/2018\/04\/Wikimedia_Foundation_logo_-_horizontal.svg_-150x35.png 150w, https:\/\/www.wikiesfera.org\/wp-content\/uploads\/2018\/04\/Wikimedia_Foundation_logo_-_horizontal.svg_-400x93.png 400w, https:\/\/www.wikiesfera.org\/wp-content\/uploads\/2018\/04\/Wikimedia_Foundation_logo_-_horizontal.svg_.png 2000w\" sizes=\"(max-width: 300px) 100vw, 300px\" \/><\/figure><\/div><\/div>\n\n\n\n<div class=\"wp-block-column is-layout-flow wp-block-column-is-layout-flow\"><\/div>\n<\/div>","protected":false},"excerpt":{"rendered":"<p>&gt; Tem\u00e1tica El pasado s\u00e1bado 27 de junio, con motivo del D\u00eda Internacional del Orgullo LGBT, que se celebra cada 28 de junio, dedicamos una jornada a cient\u00edficas para hacer visible su ausencia tambi\u00e9n en Wikipedia y compartir la necesidad de que eso cambie. &gt; Expertas Como en cada editatona, invitamos a una experta en [&hellip;]<\/p>","protected":false},"author":1,"featured_media":4182,"comment_status":"closed","ping_status":"closed","template":"","format":"gallery","meta":{"_coblocks_attr":"","_coblocks_dimensions":"","_coblocks_responsive_height":"","_coblocks_accordion_ie_support":"","footnotes":""},"class_list":["post-1487","portfolio","type-portfolio","status-publish","format-gallery","has-post-thumbnail","hentry","portfolio_category-158","portfolio_category-editatonas","portfolio_category-genero","portfolio_category-lgbt","portfolio_category-medialab","portfolio_category-stem","portfolio-entry","span_1_of_4 col clr"],"_links":{"self":[{"href":"https:\/\/www.wikiesfera.org\/en\/wp-json\/wp\/v2\/portfolio\/1487","targetHints":{"allow":["GET"]}}],"collection":[{"href":"https:\/\/www.wikiesfera.org\/en\/wp-json\/wp\/v2\/portfolio"}],"about":[{"href":"https:\/\/www.wikiesfera.org\/en\/wp-json\/wp\/v2\/types\/portfolio"}],"author":[{"embeddable":true,"href":"https:\/\/www.wikiesfera.org\/en\/wp-json\/wp\/v2\/users\/1"}],"replies":[{"embeddable":true,"href":"https:\/\/www.wikiesfera.org\/en\/wp-json\/wp\/v2\/comments?post=1487"}],"version-history":[{"count":13,"href":"https:\/\/www.wikiesfera.org\/en\/wp-json\/wp\/v2\/portfolio\/1487\/revisions"}],"predecessor-version":[{"id":10553,"href":"https:\/\/www.wikiesfera.org\/en\/wp-json\/wp\/v2\/portfolio\/1487\/revisions\/10553"}],"wp:featuredmedia":[{"embeddable":true,"href":"https:\/\/www.wikiesfera.org\/en\/wp-json\/wp\/v2\/media\/4182"}],"wp:attachment":[{"href":"https:\/\/www.wikiesfera.org\/en\/wp-json\/wp\/v2\/media?parent=1487"}],"curies":[{"name":"wp","href":"https:\/\/api.w.org\/{rel}","templated":true}]}}

<h1 id="gt-tematica" class="wp-block-heading"><strong>&gt; Theme</strong></h1>



<h1 id="" class="wp-block-heading"><strong><figure><img fetchpriority="high" decoding="async" class="alignright size-medium wp-image-1492" src="/wp-content/uploads/2020/07/PrismaWiki3.0-300x263.jpg" alt="" width="300" height="263" srcset="https://www.wikiesfera.org/wp-content/uploads/2020/07/PrismaWiki3.0-300x263.jpg 300w, https://www.wikiesfera.org/wp-content/uploads/2020/07/PrismaWiki3.0-1024x899.jpg 1024w, https://www.wikiesfera.org/wp-content/uploads/2020/07/PrismaWiki3.0-768x674.jpg 768w, https://www.wikiesfera.org/wp-content/uploads/2020/07/PrismaWiki3.0-1536x1349.jpg 1536w, https://www.wikiesfera.org/wp-content/uploads/2020/07/PrismaWiki3.0-2048x1799.jpg 2048w, https://www.wikiesfera.org/wp-content/uploads/2020/07/PrismaWiki3.0-150x132.jpg 150w, https://www.wikiesfera.org/wp-content/uploads/2020/07/PrismaWiki3.0-400x351.jpg 400w" sizes="(max-width: 300px) 100vw, 300px" /></figure></strong></h1>



<p>Last Saturday, June 27, on the occasion of the <a href="https://es.wikipedia.org/wiki/D%C3%ADa_Internacional_del_Orgullo_LGBT" target="_blank" rel="noopener noreferrer">International LGBT Pride Day</a>, which takes place every 28 June, we dedicate a day to <strong>scientific</strong> to make his absence visible also in Wikipedia and share the need for that to change.</p>



<h1 id="gt-expertas" class="wp-block-heading"><strong>&gt; Experts</strong></h1>



<p>As in each editatona, we invite an expert in the subject that we are going to deal with. On this occasion, we have the presence of <strong>Paula del Río</strong> (<a href="https://twitter.com/hayquehacerla" target="_blank" rel="noopener noreferrer">@hayquehacerla</a>) and <strong>Javier Armentia</strong> (<a href="https://twitter.com/javierarmentia" target="_blank" rel="noopener noreferrer">@javierarmentia</a>) of <strong>PRISMA</strong>, Association for Affective-Sexual and Gender Diversity in Science, Technology and Innovation, who told us about the invisibility of the LGBT collective in different contexts.</p>



<p><iframe src="https://www.youtube.com/embed/x_DJXOvIPyE" width="560" height="315" frameborder="0" allowfullscreen="allowfullscreen"></iframe></p>



<hr class="wp-block-separator has-alpha-channel-opacity"/>



<h1 id="gt-resultados" class="wp-block-heading"><strong>&gt; Results</strong></h1>



<ul class="wp-block-list">
<li>Number of <strong><span style="text-decoration: underline;">PARTICIPANTS</span>: 20</strong></li>



<li>Number of <strong><span style="text-decoration: underline;">ARTICLES CREATED</span>: 10</strong></li>
</ul>



<ol class="wp-block-list">
<li><a href="https://es.wikipedia.org/wiki/Alfredo_Corell" target="_blank" rel="noopener noreferrer">Alfredo Corell Almuzara</a>&nbsp;(1963)</li>



<li><a href="https://es.wikipedia.org/wiki/Eduardo_L%C3%B3pez_Collazo" target="_blank" rel="noopener noreferrer">Eduardo López Collazo</a> (1969)</li>



<li><a href="https://es.wikipedia.org/wiki/Marina_Echebarr%C3%ADa_S%C3%A1enz" target="_blank" rel="noopener noreferrer">Marina Echebarría Sáenz</a> (1970)</li>



<li><a href="https://es.wikipedia.org/wiki/Susana_Rodr%C3%ADguez_Navarro" target="_blank" rel="noopener noreferrer">Susana Rodríguez Navarro</a> (1972)</li>



<li><a href="https://es.wikipedia.org/wiki/Manuel_Gonz%C3%A1lez_Garc%C3%ADa_(f%C3%ADsico)" target="_blank" rel="noopener noreferrer">Manuel González García</a> (1981)</li>



<li><a href="https://es.wikipedia.org/wiki/Francesc_Gasc%C3%B3" target="_blank" rel="noopener noreferrer">Francesc Gasco</a> (1984)</li>



<li><a href="https://es.wikipedia.org/wiki/Juani_Bermejo_Vega" target="_blank" rel="noopener noreferrer">Juani Bermejo Vega</a> (1987)</li>



<li><a href="https://es.wikipedia.org/wiki/Dania_Guti%C3%A9rrez" target="_blank" rel="noopener noreferrer">Dania Gutierrez Ruiz</a></li>



<li><a href="https://es.wikipedia.org/wiki/Esther_Mayoko_Ortega" target="_blank" rel="noopener noreferrer">Esther Mayoko Ortega</a></li>



<li><a href="https://es.wikipedia.org/wiki/Gracia_Trujillo" target="_blank" rel="noopener noreferrer">Gracia Trujillo Barbadillo</a></li>
</ol>



<h2 id="gtgt-incidencia" class="wp-block-heading"><strong>&gt;&gt; Incidence</strong></h2>



<p>After five years of Wikiesfera's life, we had the bitter experience of having one of the articles we had created deleted. The deletion occurred within hours of the end of the activity when a librarian accepted the request for quick deletion of the biography of <strong>José Ignacio Pichardo</strong>. The argument given was that of <a href="https://es.wikipedia.org/wiki/Wikipedia:Criterios_para_el_borrado_r%C3%A1pido#G3" target="_blank" rel="noopener noreferrer"><em>Promotional or conflict of interest</em></a>, although we use the same criteria of relevance that we have been using for years in this working group. Although we have not yet recovered the article, we believe that we will be able to recover it and, finally, publish it without conflicts. However, it is important to note that this type of actions perceived as abusive and unjustified undermine the morale of the volunteers who dedicate time and effort to build Wikipedia.</p>



<p><strong>UPDATE 14/06/2021</strong></p>



<p>After these months, <strong>we have republished (finally) the article of <a href="https://es.wikipedia.org/wiki/Jos%C3%A9_Ignacio_Pichardo" target="_blank" rel="noopener">José Ignacio Pichardo</a></strong> It is now available for consultation. We are confident that there will be no further attempts to delete it.</p>



<hr class="wp-block-separator has-alpha-channel-opacity"/>



<h1 id="gt-colaboran" class="wp-block-heading"><strong>&gt; Collaborate</strong></h1>



<div class="wp-block-columns is-layout-flex wp-container-core-columns-is-layout-9d6595d7 wp-block-columns-is-layout-flex">
<div class="wp-block-column is-layout-flow wp-block-column-is-layout-flow"><div class="wp-block-image">
<figure class="alignleft"><img decoding="async" width="300" height="80" src="/wp-content/uploads/2018/04/logo-MLP-2018_transparente-300x80.png" alt="" class="wp-image-1033" srcset="https://www.wikiesfera.org/wp-content/uploads/2018/04/logo-MLP-2018_transparente-300x80.png 300w, https://www.wikiesfera.org/wp-content/uploads/2018/04/logo-MLP-2018_transparente-768x205.png 768w, https://www.wikiesfera.org/wp-content/uploads/2018/04/logo-MLP-2018_transparente-1024x273.png 1024w, https://www.wikiesfera.org/wp-content/uploads/2018/04/logo-MLP-2018_transparente-150x40.png 150w, https://www.wikiesfera.org/wp-content/uploads/2018/04/logo-MLP-2018_transparente-400x107.png 400w" sizes="(max-width: 300px) 100vw, 300px" /></figure></div></div>



<div class="wp-block-column is-layout-flow wp-block-column-is-layout-flow"><div class="wp-block-image">
<figure class="alignleft"><img decoding="async" width="300" height="105" src="/wp-content/uploads/2020/07/logo-prisma-300x105.jpg" alt="" class="wp-image-1490" srcset="https://www.wikiesfera.org/wp-content/uploads/2020/07/logo-prisma-300x105.jpg 300w, https://www.wikiesfera.org/wp-content/uploads/2020/07/logo-prisma-150x53.jpg 150w, https://www.wikiesfera.org/wp-content/uploads/2020/07/logo-prisma-400x140.jpg 400w, https://www.wikiesfera.org/wp-content/uploads/2020/07/logo-prisma.jpg 740w" sizes="(max-width: 300px) 100vw, 300px" /></figure></div></div>



<div class="wp-block-column is-layout-flow wp-block-column-is-layout-flow"><div class="wp-block-image">
<figure class="alignleft"><img loading="lazy" decoding="async" width="300" height="70" src="/wp-content/uploads/2018/04/Wikimedia_Foundation_logo_-_horizontal.svg_-300x70.png" alt="" class="wp-image-1036" srcset="https://www.wikiesfera.org/wp-content/uploads/2018/04/Wikimedia_Foundation_logo_-_horizontal.svg_-300x70.png 300w, https://www.wikiesfera.org/wp-content/uploads/2018/04/Wikimedia_Foundation_logo_-_horizontal.svg_-768x179.png 768w, https://www.wikiesfera.org/wp-content/uploads/2018/04/Wikimedia_Foundation_logo_-_horizontal.svg_-1024x238.png 1024w, https://www.wikiesfera.org/wp-content/uploads/2018/04/Wikimedia_Foundation_logo_-_horizontal.svg_-150x35.png 150w, https://www.wikiesfera.org/wp-content/uploads/2018/04/Wikimedia_Foundation_logo_-_horizontal.svg_-400x93.png 400w, https://www.wikiesfera.org/wp-content/uploads/2018/04/Wikimedia_Foundation_logo_-_horizontal.svg_.png 2000w" sizes="(max-width: 300px) 100vw, 300px" /></figure></div></div>



<div class="wp-block-column is-layout-flow wp-block-column-is-layout-flow"></div>
</div>

<p>&gt; Temática El pasado sábado 27 de junio, con motivo del Día Internacional del Orgullo LGBT, que se celebra cada 28 de junio, dedicamos una jornada a científicas para hacer visible su ausencia también en Wikipedia y compartir la necesidad de que eso cambie. &gt; Expertas Como en cada editatona, invitamos a una experta en [&hellip;]</p>
