{"id":1350,"date":"2019-11-29T14:28:15","date_gmt":"2019-11-29T14:28:15","guid":{"rendered":"\/?post_type=portfolio&#038;p=1350"},"modified":"2025-12-23T20:07:54","modified_gmt":"2025-12-23T20:07:54","slug":"editatona-de-mujeres-stem-28n","status":"publish","type":"portfolio","link":"https:\/\/www.wikiesfera.org\/en\/portfolio-item\/editatona-de-mujeres-stem-28n\/","title":{"rendered":"STEM Women's Editatone #28N 2019"},"content":{"rendered":"<h1 id=\"gt-tematica\" class=\"wp-block-heading\"><strong>&gt; Theme<\/strong><\/h1>\n\n\n\n<p>Last Thursday, November 28, within the week in which the <strong><a href=\"https:\/\/es.wikipedia.org\/wiki\/D%C3%ADa_Internacional_de_la_Eliminaci%C3%B3n_de_la_Violencia_contra_la_Mujer\" target=\"_blank\" rel=\"noopener noreferrer\">International Day for the Elimination of Violence against Women<\/a><\/strong>, at the Centro Polivalente Abogados de Atocha in Torrej\u00f3n de Ardoz, the <a href=\"https:\/\/asviudas.blogspot.com\/\" target=\"_blank\" rel=\"noopener noreferrer\"><strong>Association of Women Widows of Torrej\u00f3n<\/strong><\/a>&nbsp;organized an editatona dedicated to women in science, technology, engineering and mathematics (STEM) to make visible the absence of content related to them in Wikipedia.<\/p>\n\n\n\n<hr class=\"wp-block-separator has-alpha-channel-opacity\"\/>\n\n\n\n<h1 id=\"gt-resultados\" class=\"wp-block-heading\"><strong>&gt; Results<\/strong><\/h1>\n\n\n\n<ul class=\"wp-block-list\">\n<li>Number of <strong><span style=\"text-decoration: underline;\">PARTICIPANTS:<\/span> 11<\/strong><\/li>\n\n\n\n<li>Number of <strong><span style=\"text-decoration: underline;\">TRANSLATED ARTICLES:<\/span> 11<\/strong><\/li>\n<\/ul>\n\n\n\n<ol class=\"wp-block-list\">\n<li><a href=\"https:\/\/es.wikipedia.org\/wiki\/Florence_Cushman\" target=\"_blank\" rel=\"noopener noreferrer\">Florence Cushman<\/a> (1860\u20131940)<\/li>\n\n\n\n<li><a href=\"https:\/\/es.wikipedia.org\/wiki\/Suzan_Rose_Benedict\" target=\"_blank\" rel=\"noopener noreferrer\">Suzan Rose Benedict<\/a> (1873\u20131942)<\/li>\n\n\n\n<li><a href=\"https:\/\/es.wikipedia.org\/wiki\/Evelyn_Fix\" target=\"_blank\" rel=\"noopener noreferrer\">Evelyn Fix<\/a> (1904\u20131965)<\/li>\n\n\n\n<li><a href=\"https:\/\/es.wikipedia.org\/wiki\/Maria-Pia_Geppert\" target=\"_blank\" rel=\"noopener noreferrer\">Maria - Pia Geppert<\/a> (1907\u20131997)<\/li>\n\n\n\n<li><a href=\"https:\/\/es.wikipedia.org\/wiki\/Izzet_Orujova\" target=\"_blank\" rel=\"noopener noreferrer\">Izzet Orujova<\/a> (1909\u20131983)<\/li>\n\n\n\n<li><a href=\"https:\/\/es.wikipedia.org\/wiki\/Ursula_Marvin\" target=\"_blank\" rel=\"noopener noreferrer\">Ursula Marvin<\/a> (1921\u20132018)<\/li>\n\n\n\n<li><a href=\"https:\/\/es.wikipedia.org\/wiki\/Marguerite_S._Chang\" target=\"_blank\" rel=\"noopener noreferrer\">Marguerite S. Chang<\/a> (1923\u20132012)<\/li>\n\n\n\n<li><a href=\"https:\/\/es.wikipedia.org\/wiki\/DeAndrea_Salvador\" target=\"_blank\" rel=\"noopener noreferrer\">DeAndrea Salvador<\/a><\/li>\n\n\n\n<li><a href=\"https:\/\/es.wikipedia.org\/wiki\/Dorothy_Yeboah-Manu\" target=\"_blank\" rel=\"noopener noreferrer\">Dorothy Yeboah-Manu<\/a><\/li>\n\n\n\n<li><a href=\"https:\/\/es.wikipedia.org\/wiki\/Jane_Burston\" target=\"_blank\" rel=\"noopener noreferrer\">Jane Burston<\/a><\/li>\n\n\n\n<li><a href=\"https:\/\/es.wikipedia.org\/wiki\/Zodwa_Dlamini\" target=\"_blank\" rel=\"noopener noreferrer\">Zodwa Dlamini<\/a><\/li>\n<\/ol>\n\n\n\n<p>Thanks to <strong>Encarna, Merche, Antonina, Luisa, Neli, Gracia, Celia, Angela, Eloisa, Pilar, Luisa and Alfonsa<\/strong> for making all these amazing women visible on Wikipedia.<\/p>\n\n\n\n<hr class=\"wp-block-separator has-alpha-channel-opacity\"\/>\n\n\n\n<h1 id=\"colaboran\" class=\"wp-block-heading\"><strong>&gt; Collaborate<\/strong><\/h1>\n\n\n\n<div class=\"wp-block-columns is-layout-flex wp-container-core-columns-is-layout-9d6595d7 wp-block-columns-is-layout-flex\">\n<div class=\"wp-block-column is-layout-flow wp-block-column-is-layout-flow\"><div class=\"wp-block-image\">\n<figure class=\"alignleft\"><img decoding=\"async\" width=\"300\" height=\"70\" src=\"\/wp-content\/uploads\/2018\/04\/Wikimedia_Foundation_logo_-_horizontal.svg_-300x70.png\" alt=\"\" class=\"wp-image-1036\" srcset=\"https:\/\/www.wikiesfera.org\/wp-content\/uploads\/2018\/04\/Wikimedia_Foundation_logo_-_horizontal.svg_-300x70.png 300w, https:\/\/www.wikiesfera.org\/wp-content\/uploads\/2018\/04\/Wikimedia_Foundation_logo_-_horizontal.svg_-768x179.png 768w, https:\/\/www.wikiesfera.org\/wp-content\/uploads\/2018\/04\/Wikimedia_Foundation_logo_-_horizontal.svg_-1024x238.png 1024w, https:\/\/www.wikiesfera.org\/wp-content\/uploads\/2018\/04\/Wikimedia_Foundation_logo_-_horizontal.svg_-150x35.png 150w, https:\/\/www.wikiesfera.org\/wp-content\/uploads\/2018\/04\/Wikimedia_Foundation_logo_-_horizontal.svg_-400x93.png 400w, https:\/\/www.wikiesfera.org\/wp-content\/uploads\/2018\/04\/Wikimedia_Foundation_logo_-_horizontal.svg_.png 2000w\" sizes=\"(max-width: 300px) 100vw, 300px\" \/><\/figure><\/div><\/div>\n\n\n\n<div class=\"wp-block-column is-layout-flow wp-block-column-is-layout-flow\"><div class=\"wp-block-image\">\n<figure class=\"alignleft size-full\"><img decoding=\"async\" width=\"250\" height=\"75\" src=\"https:\/\/www.wikiesfera.org\/wp-content\/uploads\/2022\/05\/logo_aso-viudas-torrejon_hz.jpg\" alt=\"\" class=\"wp-image-3076\" srcset=\"https:\/\/www.wikiesfera.org\/wp-content\/uploads\/2022\/05\/logo_aso-viudas-torrejon_hz.jpg 250w, https:\/\/www.wikiesfera.org\/wp-content\/uploads\/2022\/05\/logo_aso-viudas-torrejon_hz-150x45.jpg 150w\" sizes=\"(max-width: 250px) 100vw, 250px\" \/><\/figure><\/div><\/div>\n\n\n\n<div class=\"wp-block-column is-layout-flow wp-block-column-is-layout-flow\"><\/div>\n\n\n\n<div class=\"wp-block-column is-layout-flow wp-block-column-is-layout-flow\"><\/div>\n<\/div>\n\n\n\n<p><\/p>","protected":false},"excerpt":{"rendered":"<p>&gt; Tem\u00e1tica El pasado jueves 28 de noviembre, dentro de la semana en la que se celebra el D\u00eda Internacional de la Eliminaci\u00f3n de la Violencia contra la Mujer, en el Centro Polivalente Abogados de Atocha de Torrej\u00f3n de Ardoz, la Asociaci\u00f3n de Mujeres Viudas de Torrej\u00f3n&nbsp;organiz\u00f3 una editatona dedicada a mujeres de ciencia, tecnolog\u00eda, [&hellip;]<\/p>","protected":false},"author":1,"featured_media":1357,"comment_status":"closed","ping_status":"closed","template":"","format":"gallery","meta":{"_coblocks_attr":"","_coblocks_dimensions":"","_coblocks_responsive_height":"","_coblocks_accordion_ie_support":"","footnotes":""},"class_list":["post-1350","portfolio","type-portfolio","status-publish","format-gallery","has-post-thumbnail","hentry","portfolio_category-157","portfolio_category-editatonas","portfolio_category-genero","portfolio_category-stem","portfolio-entry","span_1_of_4 col clr"],"_links":{"self":[{"href":"https:\/\/www.wikiesfera.org\/en\/wp-json\/wp\/v2\/portfolio\/1350","targetHints":{"allow":["GET"]}}],"collection":[{"href":"https:\/\/www.wikiesfera.org\/en\/wp-json\/wp\/v2\/portfolio"}],"about":[{"href":"https:\/\/www.wikiesfera.org\/en\/wp-json\/wp\/v2\/types\/portfolio"}],"author":[{"embeddable":true,"href":"https:\/\/www.wikiesfera.org\/en\/wp-json\/wp\/v2\/users\/1"}],"replies":[{"embeddable":true,"href":"https:\/\/www.wikiesfera.org\/en\/wp-json\/wp\/v2\/comments?post=1350"}],"version-history":[{"count":5,"href":"https:\/\/www.wikiesfera.org\/en\/wp-json\/wp\/v2\/portfolio\/1350\/revisions"}],"predecessor-version":[{"id":10565,"href":"https:\/\/www.wikiesfera.org\/en\/wp-json\/wp\/v2\/portfolio\/1350\/revisions\/10565"}],"wp:featuredmedia":[{"embeddable":true,"href":"https:\/\/www.wikiesfera.org\/en\/wp-json\/wp\/v2\/media\/1357"}],"wp:attachment":[{"href":"https:\/\/www.wikiesfera.org\/en\/wp-json\/wp\/v2\/media?parent=1350"}],"curies":[{"name":"wp","href":"https:\/\/api.w.org\/{rel}","templated":true}]}}

<h1 id="gt-tematica" class="wp-block-heading"><strong>&gt; Theme</strong></h1>



<p>Last Thursday, November 28, within the week in which the <strong><a href="https://es.wikipedia.org/wiki/D%C3%ADa_Internacional_de_la_Eliminaci%C3%B3n_de_la_Violencia_contra_la_Mujer" target="_blank" rel="noopener noreferrer">International Day for the Elimination of Violence against Women</a></strong>, at the Centro Polivalente Abogados de Atocha in Torrejón de Ardoz, the <a href="https://asviudas.blogspot.com/" target="_blank" rel="noopener noreferrer"><strong>Association of Women Widows of Torrejón</strong></a>&nbsp;organized an editatona dedicated to women in science, technology, engineering and mathematics (STEM) to make visible the absence of content related to them in Wikipedia.</p>



<hr class="wp-block-separator has-alpha-channel-opacity"/>



<h1 id="gt-resultados" class="wp-block-heading"><strong>&gt; Results</strong></h1>



<ul class="wp-block-list">
<li>Number of <strong><span style="text-decoration: underline;">PARTICIPANTS:</span> 11</strong></li>



<li>Number of <strong><span style="text-decoration: underline;">TRANSLATED ARTICLES:</span> 11</strong></li>
</ul>



<ol class="wp-block-list">
<li><a href="https://es.wikipedia.org/wiki/Florence_Cushman" target="_blank" rel="noopener noreferrer">Florence Cushman</a> (1860–1940)</li>



<li><a href="https://es.wikipedia.org/wiki/Suzan_Rose_Benedict" target="_blank" rel="noopener noreferrer">Suzan Rose Benedict</a> (1873–1942)</li>



<li><a href="https://es.wikipedia.org/wiki/Evelyn_Fix" target="_blank" rel="noopener noreferrer">Evelyn Fix</a> (1904–1965)</li>



<li><a href="https://es.wikipedia.org/wiki/Maria-Pia_Geppert" target="_blank" rel="noopener noreferrer">Maria - Pia Geppert</a> (1907–1997)</li>



<li><a href="https://es.wikipedia.org/wiki/Izzet_Orujova" target="_blank" rel="noopener noreferrer">Izzet Orujova</a> (1909–1983)</li>



<li><a href="https://es.wikipedia.org/wiki/Ursula_Marvin" target="_blank" rel="noopener noreferrer">Ursula Marvin</a> (1921–2018)</li>



<li><a href="https://es.wikipedia.org/wiki/Marguerite_S._Chang" target="_blank" rel="noopener noreferrer">Marguerite S. Chang</a> (1923–2012)</li>



<li><a href="https://es.wikipedia.org/wiki/DeAndrea_Salvador" target="_blank" rel="noopener noreferrer">DeAndrea Salvador</a></li>



<li><a href="https://es.wikipedia.org/wiki/Dorothy_Yeboah-Manu" target="_blank" rel="noopener noreferrer">Dorothy Yeboah-Manu</a></li>



<li><a href="https://es.wikipedia.org/wiki/Jane_Burston" target="_blank" rel="noopener noreferrer">Jane Burston</a></li>



<li><a href="https://es.wikipedia.org/wiki/Zodwa_Dlamini" target="_blank" rel="noopener noreferrer">Zodwa Dlamini</a></li>
</ol>



<p>Thanks to <strong>Encarna, Merche, Antonina, Luisa, Neli, Gracia, Celia, Angela, Eloisa, Pilar, Luisa and Alfonsa</strong> for making all these amazing women visible on Wikipedia.</p>



<hr class="wp-block-separator has-alpha-channel-opacity"/>



<h1 id="colaboran" class="wp-block-heading"><strong>&gt; Collaborate</strong></h1>



<div class="wp-block-columns is-layout-flex wp-container-core-columns-is-layout-9d6595d7 wp-block-columns-is-layout-flex">
<div class="wp-block-column is-layout-flow wp-block-column-is-layout-flow"><div class="wp-block-image">
<figure class="alignleft"><img decoding="async" width="300" height="70" src="/wp-content/uploads/2018/04/Wikimedia_Foundation_logo_-_horizontal.svg_-300x70.png" alt="" class="wp-image-1036" srcset="https://www.wikiesfera.org/wp-content/uploads/2018/04/Wikimedia_Foundation_logo_-_horizontal.svg_-300x70.png 300w, https://www.wikiesfera.org/wp-content/uploads/2018/04/Wikimedia_Foundation_logo_-_horizontal.svg_-768x179.png 768w, https://www.wikiesfera.org/wp-content/uploads/2018/04/Wikimedia_Foundation_logo_-_horizontal.svg_-1024x238.png 1024w, https://www.wikiesfera.org/wp-content/uploads/2018/04/Wikimedia_Foundation_logo_-_horizontal.svg_-150x35.png 150w, https://www.wikiesfera.org/wp-content/uploads/2018/04/Wikimedia_Foundation_logo_-_horizontal.svg_-400x93.png 400w, https://www.wikiesfera.org/wp-content/uploads/2018/04/Wikimedia_Foundation_logo_-_horizontal.svg_.png 2000w" sizes="(max-width: 300px) 100vw, 300px" /></figure></div></div>



<div class="wp-block-column is-layout-flow wp-block-column-is-layout-flow"><div class="wp-block-image">
<figure class="alignleft size-full"><img decoding="async" width="250" height="75" src="https://www.wikiesfera.org/wp-content/uploads/2022/05/logo_aso-viudas-torrejon_hz.jpg" alt="" class="wp-image-3076" srcset="https://www.wikiesfera.org/wp-content/uploads/2022/05/logo_aso-viudas-torrejon_hz.jpg 250w, https://www.wikiesfera.org/wp-content/uploads/2022/05/logo_aso-viudas-torrejon_hz-150x45.jpg 150w" sizes="(max-width: 250px) 100vw, 250px" /></figure></div></div>



<div class="wp-block-column is-layout-flow wp-block-column-is-layout-flow"></div>



<div class="wp-block-column is-layout-flow wp-block-column-is-layout-flow"></div>
</div>



<p></p>

<p>&gt; Temática El pasado jueves 28 de noviembre, dentro de la semana en la que se celebra el Día Internacional de la Eliminación de la Violencia contra la Mujer, en el Centro Polivalente Abogados de Atocha de Torrejón de Ardoz, la Asociación de Mujeres Viudas de Torrejón&nbsp;organizó una editatona dedicada a mujeres de ciencia, tecnología, [&hellip;]</p>
