{"id":7398,"date":"2025-01-30T17:25:30","date_gmt":"2025-01-30T17:25:30","guid":{"rendered":"https:\/\/www.wikiesfera.org\/?page_id=7398"},"modified":"2026-01-27T14:58:02","modified_gmt":"2026-01-27T14:58:02","slug":"nosotras-2","status":"publish","type":"page","link":"https:\/\/www.wikiesfera.org\/en\/nosotras-2\/","title":{"rendered":"We"},"content":{"rendered":"<p>Although Wikiesfera was born from the hand of Patricia Horrillo, little by little other Wikipedians joined to form a solid group and diverse profiles. <strong>Meet our team:<\/strong><\/p>\n\n\n\n<div class=\"wp-block-columns is-layout-flex wp-container-core-columns-is-layout-9d6595d7 wp-block-columns-is-layout-flex\">\n<div class=\"wp-block-column is-layout-flow wp-block-column-is-layout-flow\" style=\"flex-basis:27.78%\">\n<figure class=\"wp-block-image size-full\"><img fetchpriority=\"high\" decoding=\"async\" width=\"300\" height=\"300\" src=\"https:\/\/www.wikiesfera.org\/wp-content\/uploads\/2024\/10\/5.jpg\" alt=\"Patricia Horrillo\" class=\"wp-image-6145\" srcset=\"https:\/\/www.wikiesfera.org\/wp-content\/uploads\/2024\/10\/5.jpg 300w, https:\/\/www.wikiesfera.org\/wp-content\/uploads\/2024\/10\/5-150x150.jpg 150w\" sizes=\"(max-width: 300px) 100vw, 300px\" \/><\/figure>\n<\/div>\n\n\n\n<div class=\"wp-block-column is-layout-flow wp-block-column-is-layout-flow\" style=\"flex-basis:72.22%\">\n<p><strong>Patricia Horrillo Guerra<\/strong><br><em>Communication and social media expert<\/em> |  [<a href=\"https:\/\/www.linkedin.com\/in\/patrihorrillo\/\" target=\"_blank\" rel=\"noreferrer noopener\">+info<\/a>]<\/p>\n\n\n\n<p><strong>Project Manager | General coordination<\/strong><\/p>\n\n\n\n<p>Founded<strong> Wikisphere<\/strong> in 2015. He has trained <strong>more than 600 editors<\/strong> and has performed <strong>more than a hundred edition marathons<\/strong> in which they have been created <strong>more than 4,000 new items<\/strong>. Her lectures, workshops and editors are aimed at raising awareness about the current situation of invisibility of women in this and other digital environments, and to add more editors in Wikipedia to ensure that the narration of History is not mutilated.<\/p>\n<\/div>\n<\/div>\n\n\n\n<hr class=\"wp-block-separator has-alpha-channel-opacity\"\/>\n\n\n\n<div class=\"wp-block-columns is-layout-flex wp-container-core-columns-is-layout-9d6595d7 wp-block-columns-is-layout-flex\">\n<div class=\"wp-block-column is-layout-flow wp-block-column-is-layout-flow\" style=\"flex-basis:27.78%\">\n<figure class=\"wp-block-image size-full\"><img decoding=\"async\" width=\"300\" height=\"300\" src=\"https:\/\/www.wikiesfera.org\/wp-content\/uploads\/2024\/10\/4.jpg\" alt=\"\" class=\"wp-image-6148\" srcset=\"https:\/\/www.wikiesfera.org\/wp-content\/uploads\/2024\/10\/4.jpg 300w, https:\/\/www.wikiesfera.org\/wp-content\/uploads\/2024\/10\/4-150x150.jpg 150w\" sizes=\"(max-width: 300px) 100vw, 300px\" \/><\/figure>\n<\/div>\n\n\n\n<div class=\"wp-block-column is-layout-flow wp-block-column-is-layout-flow\" style=\"flex-basis:72.22%\">\n<p><strong>Maria Sefidari Huici (disambiguation)<\/strong><br><em>Senior Consultant<\/em> | [<a href=\"https:\/\/orcid.org\/0000-0002-8797-2501\" target=\"_blank\" rel=\"noreferrer noopener\">+info<\/a>]<\/p>\n\n\n\n<p><strong>Head of Strategy, Research and Training<\/strong><\/p>\n\n\n\n<p>An expert in online communities, strategic direction and organizational governance, between 2018 and 2021 she was the president of Wikimedia Foundation Inc. She organizes and collaborates in <strong>workshops, seminars and meetings<\/strong> to learn how to edit Wikipedia. It is one of the pioneers of this type of activities for <strong>promote and encourage<\/strong> the use of Wikipedia in Spain. Since 2007, it is <strong>System Administrator<\/strong> (library) from the Spanish Wikipedia.<\/p>\n<\/div>\n<\/div>\n\n\n\n<hr class=\"wp-block-separator has-alpha-channel-opacity\"\/>\n\n\n\n<div class=\"wp-block-columns is-layout-flex wp-container-core-columns-is-layout-9d6595d7 wp-block-columns-is-layout-flex\">\n<div class=\"wp-block-column is-layout-flow wp-block-column-is-layout-flow\" style=\"flex-basis:27.78%\">\n<figure class=\"wp-block-image size-full\"><img decoding=\"async\" width=\"300\" height=\"300\" src=\"https:\/\/www.wikiesfera.org\/wp-content\/uploads\/2024\/10\/3.jpg\" alt=\"\" class=\"wp-image-6150\" srcset=\"https:\/\/www.wikiesfera.org\/wp-content\/uploads\/2024\/10\/3.jpg 300w, https:\/\/www.wikiesfera.org\/wp-content\/uploads\/2024\/10\/3-150x150.jpg 150w\" sizes=\"(max-width: 300px) 100vw, 300px\" \/><\/figure>\n<\/div>\n\n\n\n<div class=\"wp-block-column is-layout-flow wp-block-column-is-layout-flow\" style=\"flex-basis:72.22%\">\n<p><strong>Isabel Zapico Gomez (disambiguation)<\/strong><br><em>Expert in communication, strategy and content<\/em> | [<a href=\"https:\/\/www.linkedin.com\/in\/isabelzapico\/\" target=\"_blank\" rel=\"noreferrer noopener\">+info<\/a>]<\/p>\n\n\n\n<p><strong>Program Coordinator | Programs and Community<\/strong><\/p>\n\n\n\n<p>Creative advertising expert in strategy and content, since 2021 she has collaborated with the Wikimedia Foundation as an ambassador for the community in Spanish. <strong>Member of Wikiesfera<\/strong> in Medialab Prado (Madrid) since 2019, is <strong>committed to identifying and repairing gaps<\/strong> on Wikipedia. He has participated in several <strong>editatones<\/strong> collaborating in the <strong>training of new editors<\/strong>.<\/p>\n<\/div>\n<\/div>\n\n\n\n<hr class=\"wp-block-separator has-alpha-channel-opacity\"\/>\n\n\n\n<div class=\"wp-block-columns is-layout-flex wp-container-core-columns-is-layout-9d6595d7 wp-block-columns-is-layout-flex\">\n<div class=\"wp-block-column is-layout-flow wp-block-column-is-layout-flow\" style=\"flex-basis:27.78%\">\n<figure class=\"wp-block-image size-full\"><img loading=\"lazy\" decoding=\"async\" width=\"300\" height=\"300\" src=\"https:\/\/www.wikiesfera.org\/wp-content\/uploads\/2024\/10\/1.jpg\" alt=\"\" class=\"wp-image-6151\" srcset=\"https:\/\/www.wikiesfera.org\/wp-content\/uploads\/2024\/10\/1.jpg 300w, https:\/\/www.wikiesfera.org\/wp-content\/uploads\/2024\/10\/1-150x150.jpg 150w\" sizes=\"(max-width: 300px) 100vw, 300px\" \/><\/figure>\n<\/div>\n\n\n\n<div class=\"wp-block-column is-layout-flow wp-block-column-is-layout-flow\" style=\"flex-basis:72.22%\">\n<p><strong>Liliana Alvi\u00e1rez Cardozo<\/strong><br><em>Communication consultant<\/em> <em>and cultural disseminator<\/em> | [<a href=\"https:\/\/www.linkedin.com\/in\/lalviarez\" target=\"_blank\" rel=\"noreferrer noopener\">+info<\/a>]<\/p>\n\n\n\n<p><strong>Project Manager | Programs and Communication<\/strong><\/p>\n\n\n\n<p>Expert in corporate communication. Joined Wikisphere in 2019 and is <strong>the Front of the <\/strong><a href=\"https:\/\/es.wikipedia.org\/wiki\/Wikiproyecto:Circo\"><strong>WikiProject:Circo<\/strong><\/a> to identify and create articles about artists and other topics related to circus history. She is the creator of <strong><a href=\"https:\/\/linktr.ee\/MissCirquera?utm_source=linktree_profile_share&amp;ltsid=c902a236-716d-4279-8552-f5454d94c8b1\">Miss Cirquera<\/a><\/strong>,<strong> <\/strong>a Platform of <strong>documentation and outreach to minimize the knowledge gap in circus arts<\/strong>. Organize <strong>editing marathons<\/strong> and imparts <strong>talks<\/strong> about his experience as a Wikipedian.<\/p>\n<\/div>\n<\/div>\n\n\n\n<hr class=\"wp-block-separator has-alpha-channel-opacity\"\/>\n\n\n\n<div class=\"wp-block-columns is-layout-flex wp-container-core-columns-is-layout-9d6595d7 wp-block-columns-is-layout-flex\">\n<div class=\"wp-block-column is-layout-flow wp-block-column-is-layout-flow\" style=\"flex-basis:27.78%\">\n<figure class=\"wp-block-image size-full\"><img loading=\"lazy\" decoding=\"async\" width=\"300\" height=\"300\" src=\"https:\/\/www.wikiesfera.org\/wp-content\/uploads\/2024\/10\/2.jpg\" alt=\"\" class=\"wp-image-6152\" srcset=\"https:\/\/www.wikiesfera.org\/wp-content\/uploads\/2024\/10\/2.jpg 300w, https:\/\/www.wikiesfera.org\/wp-content\/uploads\/2024\/10\/2-150x150.jpg 150w\" sizes=\"(max-width: 300px) 100vw, 300px\" \/><\/figure>\n<\/div>\n\n\n\n<div class=\"wp-block-column is-layout-flow wp-block-column-is-layout-flow\" style=\"flex-basis:72.22%\">\n<p><strong>Encina Villanueva Lorenzana<\/strong><br><em>Teacher and cultural manager<\/em> | [<a href=\"https:\/\/es.linkedin.com\/in\/encina-villanueva-lorenzana\" target=\"_blank\" rel=\"noreferrer noopener\">+info<\/a>]<\/p>\n\n\n\n<p><strong>Responsible for GLAM lines and Gender<\/strong><\/p>\n\n\n\n<p>Since 2016 belongs to <strong>Wikisphere.<\/strong> You are particularly interested in <strong>the fair and quality representation of artists on Wikipedia<\/strong> and disseminate this tool to increase the number of people involved in improving their content from a gender perspective. To this end it imparts <strong>talks<\/strong>, co-organises <strong>editatones<\/strong> and promotes <strong>new groups<\/strong> editing.<\/p>\n<\/div>\n<\/div>\n\n\n\n<hr class=\"wp-block-separator has-alpha-channel-opacity\"\/>\n\n\n\n<p class=\"wp-block-coblocks-highlight wp-elements-69a06eaed08430cb1032afb0462f5a91\"><mark class=\"wp-block-coblocks-highlight__content has-text-color has-background has-link-color\" style=\"background-color:#ddddddde;color:#b5179e\">If you want to know all the activities we organize, sign up for our<strong>&nbsp;<a href=\"https:\/\/www.wikiesfera.org\/en\/contacto\/\">monthly newsletter<\/a>.<\/strong><br><br>If you want us to organize an activity for your institution or company write to us at <strong><a href=\"mailto:info@wikiesfera.org\">info@wikiesfera.org<\/a>.<\/strong><\/mark><\/p>\n\n\n\n<hr class=\"wp-block-separator has-alpha-channel-opacity\"\/>\n\n\n\n<p><\/p>","protected":false},"excerpt":{"rendered":"<p>Aunque Wikiesfera naci\u00f3 de la mano de Patricia Horrillo, poco a poco se fueron sumando otras wikipedistas hasta conformar un grupo s\u00f3lido y de perfiles diversos. Conoce a nuestro equipo: Patricia Horrillo GuerraExperta en comunicaci\u00f3n y redes sociales | [+info] Project Manager | Coordinaci\u00f3n general Fund\u00f3 Wikiesfera en 2015. Ha formado a m\u00e1s de 600 [&hellip;]<\/p>","protected":false},"author":1,"featured_media":0,"parent":0,"menu_order":0,"comment_status":"closed","ping_status":"closed","template":"templates\/fullwidth.php","meta":{"_coblocks_attr":"","_coblocks_dimensions":"","_coblocks_responsive_height":"","_coblocks_accordion_ie_support":"","footnotes":""},"class_list":["post-7398","page","type-page","status-publish","hentry","page-entry","loop-entry clr"],"_links":{"self":[{"href":"https:\/\/www.wikiesfera.org\/en\/wp-json\/wp\/v2\/pages\/7398","targetHints":{"allow":["GET"]}}],"collection":[{"href":"https:\/\/www.wikiesfera.org\/en\/wp-json\/wp\/v2\/pages"}],"about":[{"href":"https:\/\/www.wikiesfera.org\/en\/wp-json\/wp\/v2\/types\/page"}],"author":[{"embeddable":true,"href":"https:\/\/www.wikiesfera.org\/en\/wp-json\/wp\/v2\/users\/1"}],"replies":[{"embeddable":true,"href":"https:\/\/www.wikiesfera.org\/en\/wp-json\/wp\/v2\/comments?post=7398"}],"version-history":[{"count":5,"href":"https:\/\/www.wikiesfera.org\/en\/wp-json\/wp\/v2\/pages\/7398\/revisions"}],"predecessor-version":[{"id":10948,"href":"https:\/\/www.wikiesfera.org\/en\/wp-json\/wp\/v2\/pages\/7398\/revisions\/10948"}],"wp:attachment":[{"href":"https:\/\/www.wikiesfera.org\/en\/wp-json\/wp\/v2\/media?parent=7398"}],"curies":[{"name":"wp","href":"https:\/\/api.w.org\/{rel}","templated":true}]}}

<p>Although Wikiesfera was born from the hand of Patricia Horrillo, little by little other Wikipedians joined to form a solid group and diverse profiles. <strong>Meet our team:</strong></p>



<div class="wp-block-columns is-layout-flex wp-container-core-columns-is-layout-9d6595d7 wp-block-columns-is-layout-flex">
<div class="wp-block-column is-layout-flow wp-block-column-is-layout-flow" style="flex-basis:27.78%">
<figure class="wp-block-image size-full"><img fetchpriority="high" decoding="async" width="300" height="300" src="https://www.wikiesfera.org/wp-content/uploads/2024/10/5.jpg" alt="Patricia Horrillo" class="wp-image-6145" srcset="https://www.wikiesfera.org/wp-content/uploads/2024/10/5.jpg 300w, https://www.wikiesfera.org/wp-content/uploads/2024/10/5-150x150.jpg 150w" sizes="(max-width: 300px) 100vw, 300px" /></figure>
</div>



<div class="wp-block-column is-layout-flow wp-block-column-is-layout-flow" style="flex-basis:72.22%">
<p><strong>Patricia Horrillo Guerra</strong><br><em>Communication and social media expert</em> |  [<a href="https://www.linkedin.com/in/patrihorrillo/" target="_blank" rel="noreferrer noopener">+info</a>]</p>



<p><strong>Project Manager | General coordination</strong></p>



<p>Founded<strong> Wikisphere</strong> in 2015. He has trained <strong>more than 600 editors</strong> and has performed <strong>more than a hundred edition marathons</strong> in which they have been created <strong>more than 4,000 new items</strong>. Her lectures, workshops and editors are aimed at raising awareness about the current situation of invisibility of women in this and other digital environments, and to add more editors in Wikipedia to ensure that the narration of History is not mutilated.</p>
</div>
</div>



<hr class="wp-block-separator has-alpha-channel-opacity"/>



<div class="wp-block-columns is-layout-flex wp-container-core-columns-is-layout-9d6595d7 wp-block-columns-is-layout-flex">
<div class="wp-block-column is-layout-flow wp-block-column-is-layout-flow" style="flex-basis:27.78%">
<figure class="wp-block-image size-full"><img decoding="async" width="300" height="300" src="https://www.wikiesfera.org/wp-content/uploads/2024/10/4.jpg" alt="" class="wp-image-6148" srcset="https://www.wikiesfera.org/wp-content/uploads/2024/10/4.jpg 300w, https://www.wikiesfera.org/wp-content/uploads/2024/10/4-150x150.jpg 150w" sizes="(max-width: 300px) 100vw, 300px" /></figure>
</div>



<div class="wp-block-column is-layout-flow wp-block-column-is-layout-flow" style="flex-basis:72.22%">
<p><strong>Maria Sefidari Huici (disambiguation)</strong><br><em>Senior Consultant</em> | [<a href="https://orcid.org/0000-0002-8797-2501" target="_blank" rel="noreferrer noopener">+info</a>]</p>



<p><strong>Head of Strategy, Research and Training</strong></p>



<p>An expert in online communities, strategic direction and organizational governance, between 2018 and 2021 she was the president of Wikimedia Foundation Inc. She organizes and collaborates in <strong>workshops, seminars and meetings</strong> to learn how to edit Wikipedia. It is one of the pioneers of this type of activities for <strong>promote and encourage</strong> the use of Wikipedia in Spain. Since 2007, it is <strong>System Administrator</strong> (library) from the Spanish Wikipedia.</p>
</div>
</div>



<hr class="wp-block-separator has-alpha-channel-opacity"/>



<div class="wp-block-columns is-layout-flex wp-container-core-columns-is-layout-9d6595d7 wp-block-columns-is-layout-flex">
<div class="wp-block-column is-layout-flow wp-block-column-is-layout-flow" style="flex-basis:27.78%">
<figure class="wp-block-image size-full"><img decoding="async" width="300" height="300" src="https://www.wikiesfera.org/wp-content/uploads/2024/10/3.jpg" alt="" class="wp-image-6150" srcset="https://www.wikiesfera.org/wp-content/uploads/2024/10/3.jpg 300w, https://www.wikiesfera.org/wp-content/uploads/2024/10/3-150x150.jpg 150w" sizes="(max-width: 300px) 100vw, 300px" /></figure>
</div>



<div class="wp-block-column is-layout-flow wp-block-column-is-layout-flow" style="flex-basis:72.22%">
<p><strong>Isabel Zapico Gomez (disambiguation)</strong><br><em>Expert in communication, strategy and content</em> | [<a href="https://www.linkedin.com/in/isabelzapico/" target="_blank" rel="noreferrer noopener">+info</a>]</p>



<p><strong>Program Coordinator | Programs and Community</strong></p>



<p>Creative advertising expert in strategy and content, since 2021 she has collaborated with the Wikimedia Foundation as an ambassador for the community in Spanish. <strong>Member of Wikiesfera</strong> in Medialab Prado (Madrid) since 2019, is <strong>committed to identifying and repairing gaps</strong> on Wikipedia. He has participated in several <strong>editatones</strong> collaborating in the <strong>training of new editors</strong>.</p>
</div>
</div>



<hr class="wp-block-separator has-alpha-channel-opacity"/>



<div class="wp-block-columns is-layout-flex wp-container-core-columns-is-layout-9d6595d7 wp-block-columns-is-layout-flex">
<div class="wp-block-column is-layout-flow wp-block-column-is-layout-flow" style="flex-basis:27.78%">
<figure class="wp-block-image size-full"><img loading="lazy" decoding="async" width="300" height="300" src="https://www.wikiesfera.org/wp-content/uploads/2024/10/1.jpg" alt="" class="wp-image-6151" srcset="https://www.wikiesfera.org/wp-content/uploads/2024/10/1.jpg 300w, https://www.wikiesfera.org/wp-content/uploads/2024/10/1-150x150.jpg 150w" sizes="(max-width: 300px) 100vw, 300px" /></figure>
</div>



<div class="wp-block-column is-layout-flow wp-block-column-is-layout-flow" style="flex-basis:72.22%">
<p><strong>Liliana Alviárez Cardozo</strong><br><em>Communication consultant</em> <em>and cultural disseminator</em> | [<a href="https://www.linkedin.com/in/lalviarez" target="_blank" rel="noreferrer noopener">+info</a>]</p>



<p><strong>Project Manager | Programs and Communication</strong></p>



<p>Expert in corporate communication. Joined Wikisphere in 2019 and is <strong>the Front of the </strong><a href="https://es.wikipedia.org/wiki/Wikiproyecto:Circo"><strong>WikiProject:Circo</strong></a> to identify and create articles about artists and other topics related to circus history. She is the creator of <strong><a href="https://linktr.ee/MissCirquera?utm_source=linktree_profile_share&amp;ltsid=c902a236-716d-4279-8552-f5454d94c8b1">Miss Cirquera</a></strong>,<strong> </strong>a Platform of <strong>documentation and outreach to minimize the knowledge gap in circus arts</strong>. Organize <strong>editing marathons</strong> and imparts <strong>talks</strong> about his experience as a Wikipedian.</p>
</div>
</div>



<hr class="wp-block-separator has-alpha-channel-opacity"/>



<div class="wp-block-columns is-layout-flex wp-container-core-columns-is-layout-9d6595d7 wp-block-columns-is-layout-flex">
<div class="wp-block-column is-layout-flow wp-block-column-is-layout-flow" style="flex-basis:27.78%">
<figure class="wp-block-image size-full"><img loading="lazy" decoding="async" width="300" height="300" src="https://www.wikiesfera.org/wp-content/uploads/2024/10/2.jpg" alt="" class="wp-image-6152" srcset="https://www.wikiesfera.org/wp-content/uploads/2024/10/2.jpg 300w, https://www.wikiesfera.org/wp-content/uploads/2024/10/2-150x150.jpg 150w" sizes="(max-width: 300px) 100vw, 300px" /></figure>
</div>



<div class="wp-block-column is-layout-flow wp-block-column-is-layout-flow" style="flex-basis:72.22%">
<p><strong>Encina Villanueva Lorenzana</strong><br><em>Teacher and cultural manager</em> | [<a href="https://es.linkedin.com/in/encina-villanueva-lorenzana" target="_blank" rel="noreferrer noopener">+info</a>]</p>



<p><strong>Responsible for GLAM lines and Gender</strong></p>



<p>Since 2016 belongs to <strong>Wikisphere.</strong> You are particularly interested in <strong>the fair and quality representation of artists on Wikipedia</strong> and disseminate this tool to increase the number of people involved in improving their content from a gender perspective. To this end it imparts <strong>talks</strong>, co-organises <strong>editatones</strong> and promotes <strong>new groups</strong> editing.</p>
</div>
</div>



<hr class="wp-block-separator has-alpha-channel-opacity"/>



<p class="wp-block-coblocks-highlight wp-elements-69a06eaed08430cb1032afb0462f5a91"><mark class="wp-block-coblocks-highlight__content has-text-color has-background has-link-color" style="background-color:#ddddddde;color:#b5179e">If you want to know all the activities we organize, sign up for our<strong>&nbsp;<a href="https://www.wikiesfera.org/en/contacto/">monthly newsletter</a>.</strong><br><br>If you want us to organize an activity for your institution or company write to us at <strong><a href="mailto:info@wikiesfera.org">info@wikiesfera.org</a>.</strong></mark></p>



<hr class="wp-block-separator has-alpha-channel-opacity"/>



<p></p>

<p>Aunque Wikiesfera nació de la mano de Patricia Horrillo, poco a poco se fueron sumando otras wikipedistas hasta conformar un grupo sólido y de perfiles diversos. Conoce a nuestro equipo: Patricia Horrillo GuerraExperta en comunicación y redes sociales | [+info] Project Manager | Coordinación general Fundó Wikiesfera en 2015. Ha formado a más de 600 [&hellip;]</p>
